399
CDUS43 KPAH 020628
CLIEVV


CLIMATE REPORT
NATIONAL WEATHER SERVICE PADUCAH KY
1226 AM CST FRI DEC 2 2016

...................................

...THE EVANSVILLE IN CLIMATE SUMMARY FOR DECEMBER 1 2016...

CLIMATE NORMAL PERIOD 1981 TO 2010
CLIMATE RECORD PERIOD 1896 TO 2016

WEATHER ITEM   OBSERVED TIME   RECORD YEAR NORMAL DEPARTURE LAST
                VALUE   (LST)  VALUE       VALUE  FROM      YEAR
                                                  NORMAL
..................................................................
TEMPERATURE (F)
 YESTERDAY
  MAXIMUM         47    257 PM  68    1982  49     -2       52
                                      1970
                                      1941
  MINIMUM         30   1159 PM  12    1964  31     -1       35
  AVERAGE         39                        40     -1       44

PRECIPITATION (IN)
  YESTERDAY        0.00          1.12 1986   0.13  -0.13     0.04
  MONTH TO DATE    0.00                      0.13  -0.13     0.04
  SINCE DEC 1      0.00                      0.13  -0.13     0.04
  SINCE JAN 1     45.66                     41.68   3.98    46.78

SNOWFALL (IN)
  YESTERDAY        0.0           4.3  1952   0.0    0.0      0.0
  MONTH TO DATE    0.0                       0.0    0.0      0.0
  SINCE DEC 1      0.0                       0.0    0.0      0.0
  SINCE JUL 1      0.0                       0.3   -0.3      0.0
  SNOW DEPTH       0

DEGREE DAYS
 HEATING
  YESTERDAY       26                        25      1       21
  MONTH TO DATE   26                        25      1       21
  SINCE DEC 1     26                        25      1       21
  SINCE JUL 1    556                       886   -330      630

 COOLING
  YESTERDAY        0                         0      0        0
  MONTH TO DATE    0                         0      0        0
  SINCE DEC 1      0                         0      0        0
  SINCE JAN 1   1775                      1397    378     1576
..................................................................

WIND (MPH)
  HIGHEST WIND SPEED    16   HIGHEST WIND DIRECTION     W (270)
  HIGHEST GUST SPEED    22   HIGHEST GUST DIRECTION     W (250)
  AVERAGE WIND SPEED     6.1

SKY COVER
  AVERAGE SKY COVER 0.2

WEATHER CONDITIONS
 THE FOLLOWING WEATHER WAS RECORDED YESTERDAY.
  NO SIGNIFICANT WEATHER WAS OBSERVED.

RELATIVE HUMIDITY (PERCENT)
 HIGHEST    82
 LOWEST     49
 AVERAGE    66
..........................................................

THE EVANSVILLE IN CLIMATE NORMALS FOR TODAY
                         NORMAL    RECORD    YEAR
 MAXIMUM TEMPERATURE (F)   48        77      1982
 MINIMUM TEMPERATURE (F)   31         7      1929

SUNRISE AND SUNSET
DECEMBER  2 2016......SUNRISE   649 AM CST   SUNSET   431 PM CST
DECEMBER  3 2016......SUNRISE   650 AM CST   SUNSET   430 PM CST

-  INDICATES NEGATIVE NUMBERS.
R  INDICATES RECORD WAS SET OR TIED.
MM INDICATES DATA IS MISSING.
T  INDICATES TRACE AMOUNT.

$$
