000
CDUS43 KPAH 240633
CLIEVV


CLIMATE REPORT
NATIONAL WEATHER SERVICE PADUCAH KY
129 AM CDT TUE MAY 24 2016


...................................

...THE EVANSVILLE IN CLIMATE SUMMARY FOR MAY 23 2016...

CLIMATE NORMAL PERIOD 1981 TO 2010
CLIMATE RECORD PERIOD 1896 TO 2016


WEATHER ITEM   OBSERVED TIME   RECORD YEAR NORMAL DEPARTURE LAST
                VALUE   (LST)  VALUE       VALUE  FROM      YEAR
                                                  NORMAL
..................................................................
TEMPERATURE (F)
 YESTERDAY
  MAXIMUM         81    411 PM  95    1975  79      2       79
  MINIMUM         52    434 AM  34    1963  57     -5       58
  AVERAGE         67                        68     -1       69

PRECIPITATION (IN)
  YESTERDAY        0.00          2.07 1915   0.17  -0.17     0.00
  MONTH TO DATE    3.75                      3.99  -0.24     2.43
  SINCE MAR 1     15.11                     12.60   2.51    15.90
  SINCE JAN 1     21.45                     18.87   2.58    21.43

SNOWFALL (IN)
  YESTERDAY        0.0                       0.0    0.0      0.0
  MONTH TO DATE    0.0                       0.0    0.0      0.0
  SINCE MAR 1      T                         1.1   -1.1      8.5
  SINCE JUL 1     14.2                      11.8    2.4     18.5
  SNOW DEPTH       0

DEGREE DAYS
 HEATING
  YESTERDAY        0                         2     -2        0
  MONTH TO DATE  114                        76     38       52
  SINCE MAR 1    760                       957   -197      867
  SINCE JUL 1   3578                      4531   -953     4703

 COOLING
  YESTERDAY        2                         5     -3        4
  MONTH TO DATE   17                        64    -47      103
  SINCE MAR 1     39                        91    -52      131
  SINCE JAN 1     39                        91    -52      131
..................................................................


WIND (MPH)
  HIGHEST WIND SPEED    13   HIGHEST WIND DIRECTION     E (90)
  HIGHEST GUST SPEED    17   HIGHEST GUST DIRECTION     E (90)
  AVERAGE WIND SPEED     3.1


SKY COVER
  AVERAGE SKY COVER 0.0


WEATHER CONDITIONS
 THE FOLLOWING WEATHER WAS RECORDED YESTERDAY.
  NO SIGNIFICANT WEATHER WAS OBSERVED.


RELATIVE HUMIDITY (PERCENT)
 HIGHEST    89
 LOWEST     26
 AVERAGE    58

..........................................................


THE EVANSVILLE IN CLIMATE NORMALS FOR TODAY
                         NORMAL    RECORD    YEAR
 MAXIMUM TEMPERATURE (F)   79        93      1939
                                             1921
 MINIMUM TEMPERATURE (F)   57        39      1963


SUNRISE AND SUNSET
MAY 24 2016...........SUNRISE   533 AM CDT   SUNSET   802 PM CDT
MAY 25 2016...........SUNRISE   532 AM CDT   SUNSET   802 PM CDT


-  INDICATES NEGATIVE NUMBERS.
R  INDICATES RECORD WAS SET OR TIED.
MM INDICATES DATA IS MISSING.
T  INDICATES TRACE AMOUNT.




$$
