000
CDUS43 KPAH 210639
CLIEVV


CLIMATE REPORT
NATIONAL WEATHER SERVICE PADUCAH KY
138 AM CDT MON JUL 21 2014


...................................

...THE EVANSVILLE IN CLIMATE SUMMARY FOR JULY 20 2014...

CLIMATE NORMAL PERIOD 1981 TO 2010
CLIMATE RECORD PERIOD 1896 TO 2014


WEATHER ITEM   OBSERVED TIME   RECORD YEAR NORMAL DEPARTURE LAST
                VALUE   (LST)  VALUE       VALUE  FROM      YEAR
                                                  NORMAL
..................................................................
TEMPERATURE (F)
 YESTERDAY
  MAXIMUM         85    253 PM 103    1930  89     -4       91
  MINIMUM         63    439 AM  53    1947  68     -5       72
  AVERAGE         74                        78     -4       82

PRECIPITATION (IN)
  YESTERDAY        0.00          2.61 1916   0.12  -0.12     0.09
  MONTH TO DATE    3.66                      2.62   1.04     0.51
  SINCE JUN 1      7.53                      6.40   1.13     8.06
  SINCE JAN 1     29.02                     26.64   2.38    30.61

SNOWFALL (IN)
  YESTERDAY        0.0          MM      MM   0.0    0.0      0.0
  MONTH TO DATE    0.0                       0.0    0.0      0.0
  SINCE JUN 1      0.0                       0.0    0.0      0.0
  SINCE JUL 1      0.0                       0.0    0.0      0.0
  SNOW DEPTH       0

DEGREE DAYS
 HEATING
  YESTERDAY        0                         0      0        0
  MONTH TO DATE    0                         0      0        0
  SINCE JUN 1      0                         6     -6        1
  SINCE JUL 1      0                         0      0        0

 COOLING
  YESTERDAY        9                        13     -4       17
  MONTH TO DATE  192                       260    -68      257
  SINCE JUN 1    554                       558     -4      553
  SINCE JAN 1    765                       693     72      724
..................................................................


WIND (MPH)
  HIGHEST WIND SPEED     9   HIGHEST WIND DIRECTION     N (360)
  HIGHEST GUST SPEED    11   HIGHEST GUST DIRECTION     W (270)
  AVERAGE WIND SPEED     3.5


SKY COVER
  AVERAGE SKY COVER 0.4


WEATHER CONDITIONS
 THE FOLLOWING WEATHER WAS RECORDED YESTERDAY.
  NO SIGNIFICANT WEATHER WAS OBSERVED.


RELATIVE HUMIDITY (PERCENT)
 HIGHEST    93
 LOWEST     47
 AVERAGE    70

..........................................................


THE EVANSVILLE IN CLIMATE NORMALS FOR TODAY
                         NORMAL    RECORD    YEAR
 MAXIMUM TEMPERATURE (F)   88       103      1930
                                             1901
 MINIMUM TEMPERATURE (F)   68        52      1944


SUNRISE AND SUNSET
JULY 21 2014..........SUNRISE   544 AM CDT   SUNSET   809 PM CDT
JULY 22 2014..........SUNRISE   545 AM CDT   SUNSET   808 PM CDT


-  INDICATES NEGATIVE NUMBERS.
R  INDICATES RECORD WAS SET OR TIED.
MM INDICATES DATA IS MISSING.
T  INDICATES TRACE AMOUNT.




$$
