000
CDUS43 KPAH 190645
CLIEVV


CLIMATE REPORT
NATIONAL WEATHER SERVICE PADUCAH KY
1245 AM CST SUN NOV 19 2017


...................................

...THE EVANSVILLE IN CLIMATE SUMMARY FOR NOVEMBER 18 2017...

CLIMATE NORMAL PERIOD 1981 TO 2010
CLIMATE RECORD PERIOD 1896 TO 2017


WEATHER ITEM   OBSERVED TIME   RECORD YEAR NORMAL DEPARTURE LAST
                VALUE   (LST)  VALUE       VALUE  FROM      YEAR
                                                  NORMAL
..................................................................
TEMPERATURE (F)
 YESTERDAY
  MAXIMUM         68    108 PM  78    2016  55     13       78
  MINIMUM         39    724 PM   9    2014  36      3       45
  AVERAGE         54                        45      9       62

PRECIPITATION (IN)
  YESTERDAY        0.39          3.52 1921   0.16   0.23     0.61
  MONTH TO DATE    1.68                      2.50  -0.82     0.70
  SINCE SEP 1      8.63                      8.80  -0.17     5.20
  SINCE JAN 1     41.04                     39.72   1.32    43.66

SNOWFALL (IN)
  YESTERDAY       MM             T    1984   0.0   MM        0.0
  MONTH TO DATE    0.0                       0.0    0.0      0.0
  SINCE SEP 1      0.0                       0.2   -0.2      0.0
  SINCE JUL 1      0.0                       0.2   -0.2      0.0
  SNOW DEPTH       0

DEGREE DAYS
 HEATING
  YESTERDAY       11                        20     -9        3
  MONTH TO DATE  289                       289      0      174
  SINCE SEP 1    523                       591    -68      282
  SINCE JUL 1    523                       592    -69      282

 COOLING
  YESTERDAY        0                         0      0        0
  MONTH TO DATE    2                         0      2       11
  SINCE SEP 1    277                       196     81      389
  SINCE JAN 1   1567                      1395    172     1775
..................................................................


WIND (MPH)
  HIGHEST WIND SPEED    29   HIGHEST WIND DIRECTION    NW (310)
  HIGHEST GUST SPEED    38   HIGHEST GUST DIRECTION    NW (310)
  AVERAGE WIND SPEED    16.3


SKY COVER
  AVERAGE SKY COVER 1.0


WEATHER CONDITIONS
 THE FOLLOWING WEATHER WAS RECORDED YESTERDAY.
  THUNDERSTORM
  HEAVY RAIN
  RAIN
  LIGHT RAIN
  FOG


RELATIVE HUMIDITY (PERCENT)
 HIGHEST    96
 LOWEST     55
 AVERAGE    76

..........................................................


THE EVANSVILLE IN CLIMATE NORMALS FOR TODAY
                         NORMAL    RECORD    YEAR
 MAXIMUM TEMPERATURE (F)   55        81      1930
 MINIMUM TEMPERATURE (F)   35        14      1914


SUNRISE AND SUNSET
NOVEMBER 19 2017......SUNRISE   635 AM CST   SUNSET   435 PM CST
NOVEMBER 20 2017......SUNRISE   637 AM CST   SUNSET   435 PM CST


-  INDICATES NEGATIVE NUMBERS.
R  INDICATES RECORD WAS SET OR TIED.
MM INDICATES DATA IS MISSING.
T  INDICATES TRACE AMOUNT.




$$
