587
CDUS43 KPAH 200628
CLIEVV


CLIMATE REPORT
NATIONAL WEATHER SERVICE PADUCAH KY
126 AM CDT TUE JUN 20 2017


...................................

...THE EVANSVILLE IN CLIMATE SUMMARY FOR JUNE 19 2017...

CLIMATE NORMAL PERIOD 1981 TO 2010
CLIMATE RECORD PERIOD 1896 TO 2017


WEATHER ITEM   OBSERVED TIME   RECORD YEAR NORMAL DEPARTURE LAST
                VALUE   (LST)  VALUE       VALUE  FROM      YEAR
                                                  NORMAL
..................................................................
TEMPERATURE (F)
 YESTERDAY
  MAXIMUM         86    305 PM  99    1953  87     -1       88
                                      1913
  MINIMUM         63    450 AM  50    1965  65     -2       70
  AVERAGE         75                        76     -1       79

PRECIPITATION (IN)
  YESTERDAY        0.00          3.65 2015   0.12  -0.12     0.00
  MONTH TO DATE    1.60                      2.54  -0.94     1.39
  SINCE JUN 1      1.60                      2.54  -0.94     1.39
  SINCE JAN 1     22.60                     22.78  -0.18    23.14

SNOWFALL (IN)
  YESTERDAY        0.0           T    1994   0.0    0.0      0.0
  MONTH TO DATE    0.0                       0.0    0.0      0.0
  SINCE JUN 1      0.0                       0.0    0.0      0.0
  SINCE JUL 1      1.4                      11.8  -10.4     14.2
  SNOW DEPTH       0

DEGREE DAYS
 HEATING
  YESTERDAY        0                         0      0        0
  MONTH TO DATE    0                         4     -4        0
  SINCE JUN 1      0                         4     -4        0
  SINCE JUL 1   3392                      4545  -1153     3578

 COOLING
  YESTERDAY       10                        11     -1       14
  MONTH TO DATE  212                       166     46      213
  SINCE JUN 1    212                       166     46      213
  SINCE JAN 1    437                       301    136      318
..................................................................


WIND (MPH)
  HIGHEST WIND SPEED    16   HIGHEST WIND DIRECTION     W (280)
  HIGHEST GUST SPEED    24   HIGHEST GUST DIRECTION     W (260)
  AVERAGE WIND SPEED     6.7


SKY COVER
  AVERAGE SKY COVER 0.2


WEATHER CONDITIONS
 THE FOLLOWING WEATHER WAS RECORDED YESTERDAY.
  NO SIGNIFICANT WEATHER WAS OBSERVED.


RELATIVE HUMIDITY (PERCENT)
 HIGHEST    87
 LOWEST     32
 AVERAGE    60

..........................................................


THE EVANSVILLE IN CLIMATE NORMALS FOR TODAY
                         NORMAL    RECORD    YEAR
 MAXIMUM TEMPERATURE (F)   87       101      1953
 MINIMUM TEMPERATURE (F)   65        48      1980


SUNRISE AND SUNSET
JUNE 20 2017..........SUNRISE   527 AM CDT   SUNSET   816 PM CDT
JUNE 21 2017..........SUNRISE   528 AM CDT   SUNSET   816 PM CDT


-  INDICATES NEGATIVE NUMBERS.
R  INDICATES RECORD WAS SET OR TIED.
MM INDICATES DATA IS MISSING.
T  INDICATES TRACE AMOUNT.




$$
