000
CDUS43 KPAH 220657
CLIEVV


CLIMATE REPORT
NATIONAL WEATHER SERVICE PADUCAH KY
152 AM CDT SAT APR 22 2017


...................................

...THE EVANSVILLE IN CLIMATE SUMMARY FOR APRIL 21 2017...

CLIMATE NORMAL PERIOD 1981 TO 2010
CLIMATE RECORD PERIOD 1896 TO 2017


WEATHER ITEM   OBSERVED TIME   RECORD YEAR NORMAL DEPARTURE LAST
                VALUE   (LST)  VALUE       VALUE  FROM      YEAR
                                                  NORMAL
..................................................................
TEMPERATURE (F)
 YESTERDAY
  MAXIMUM         65   1202 AM  87    1987  70     -5       69
  MINIMUM         50   1159 PM  31    1904  46      4       56
  AVERAGE         58                        58      0       63

PRECIPITATION (IN)
  YESTERDAY        1.00          3.41 1928   0.15   0.85     1.07
  MONTH TO DATE    3.03                      2.93   0.10     2.54
  SINCE MAR 1      6.88                      7.17  -0.29     8.41
  SINCE JAN 1     10.15                     13.44  -3.29    14.75

SNOWFALL (IN)
  YESTERDAY        0.0           0.0  2002   0.0    0.0      0.0
                                      2001
  MONTH TO DATE    0.0                       0.1   -0.1      0.0
  SINCE MAR 1      1.0                       1.1   -0.1       T
  SINCE JUL 1      1.4                      11.8  -10.4     14.2
  SNOW DEPTH       0

DEGREE DAYS
 HEATING
  YESTERDAY        7                         8     -1        2
  MONTH TO DATE   92                       230   -138      218
  SINCE MAR 1    590                       822   -232      623
  SINCE JUL 1   3289                      4396  -1107     3441

 COOLING
  YESTERDAY        0                         1     -1        0
  MONTH TO DATE   48                        13     35        9
  SINCE MAR 1     53                        16     37       10
  SINCE JAN 1     53                        16     37       10
..................................................................


WIND (MPH)
  HIGHEST WIND SPEED    15   HIGHEST WIND DIRECTION    NE (30)
  HIGHEST GUST SPEED    22   HIGHEST GUST DIRECTION     N (10)
  AVERAGE WIND SPEED     7.4


SKY COVER
  AVERAGE SKY COVER 0.9


WEATHER CONDITIONS
 THE FOLLOWING WEATHER WAS RECORDED YESTERDAY.
  THUNDERSTORM
  HEAVY RAIN
  RAIN
  LIGHT RAIN
  FOG
  HAZE


RELATIVE HUMIDITY (PERCENT)
 HIGHEST    89
 LOWEST     60
 AVERAGE    75

..........................................................


THE EVANSVILLE IN CLIMATE NORMALS FOR TODAY
                         NORMAL    RECORD    YEAR
 MAXIMUM TEMPERATURE (F)   70        87      1965
 MINIMUM TEMPERATURE (F)   47        32      1978
                                             1936


SUNRISE AND SUNSET
APRIL 22 2017.........SUNRISE   605 AM CDT   SUNSET   733 PM CDT
APRIL 23 2017.........SUNRISE   603 AM CDT   SUNSET   734 PM CDT


-  INDICATES NEGATIVE NUMBERS.
R  INDICATES RECORD WAS SET OR TIED.
MM INDICATES DATA IS MISSING.
T  INDICATES TRACE AMOUNT.




$$
