000
CDUS43 KPAH 272303
CLIEVV


CLIMATE REPORT
NATIONAL WEATHER SERVICE PADUCAH KY
503 PM CST TUE JAN 27 2015


...................................

...THE EVANSVILLE IN CLIMATE SUMMARY FOR JANUARY 27 2015...
VALID TODAY AS OF 0500 PM LOCAL TIME.

CLIMATE NORMAL PERIOD 1981 TO 2010
CLIMATE RECORD PERIOD 1896 TO 2015


WEATHER ITEM   OBSERVED TIME   RECORD YEAR NORMAL DEPARTURE LAST
                VALUE   (LST)  VALUE       VALUE  FROM      YEAR
                                                  NORMAL
..................................................................
TEMPERATURE (F)
 TODAY
  MAXIMUM         36    331 PM  68    1944  42     -6       36
  MINIMUM         32    454 AM -15    1963  24      8        7
  AVERAGE         34                        33      1       22

PRECIPITATION (IN)
  TODAY            T             1.43 2009   0.11  -0.11     0.00
  MONTH TO DATE    2.95                      2.67   0.28     1.67
  SINCE DEC 1      6.38                      6.43  -0.05     9.00
  SINCE JAN 1      2.95                      2.67   0.28     1.67

SNOWFALL (IN)
  TODAY            0.0                                       0.0
  MONTH TO DATE    0.2                                       0.6
  SINCE JUL 1      2.6                                       7.8
  SNOW DEPTH       0

..................................................................


WIND (MPH)
  HIGHEST WIND SPEED    10   HIGHEST WIND DIRECTION    NE (30)
  HIGHEST GUST SPEED    13   HIGHEST GUST DIRECTION     N (20)




..........................................................


THE EVANSVILLE IN CLIMATE NORMALS FOR TOMORROW
                         NORMAL    RECORD    YEAR
 MAXIMUM TEMPERATURE (F)   42        69      1970
 MINIMUM TEMPERATURE (F)   24       -18      1963


SUNRISE AND SUNSET
JANUARY 27 2015.......SUNRISE   659 AM CST   SUNSET   507 PM CST
JANUARY 28 2015.......SUNRISE   658 AM CST   SUNSET   508 PM CST


-  INDICATES NEGATIVE NUMBERS.
R  INDICATES RECORD WAS SET OR TIED.
MM INDICATES DATA IS MISSING.
T  INDICATES TRACE AMOUNT.




$$
