000
CDUS43 KPAH 270635
CLIEVV


CLIMATE REPORT
NATIONAL WEATHER SERVICE PADUCAH KY
128 AM CDT SAT SEP 27 2014


...................................

...THE EVANSVILLE IN CLIMATE SUMMARY FOR SEPTEMBER 26 2014...

CLIMATE NORMAL PERIOD 1981 TO 2010
CLIMATE RECORD PERIOD 1896 TO 2014


WEATHER ITEM   OBSERVED TIME   RECORD YEAR NORMAL DEPARTURE LAST
                VALUE   (LST)  VALUE       VALUE  FROM      YEAR
                                                  NORMAL
..................................................................
TEMPERATURE (F)
 YESTERDAY
  MAXIMUM         85    225 PM  94    1897  77      8       84
  MINIMUM         55    545 AM  37    2001  52      3       58
  AVERAGE         70                        65      5       71

PRECIPITATION (IN)
  YESTERDAY        0.00          1.64 2002   0.11  -0.11     0.00
  MONTH TO DATE    2.55                      2.63  -0.08     2.25
  SINCE SEP 1      2.55                      2.63  -0.08     2.25
  SINCE JAN 1     36.73                     33.55   3.18    37.58

SNOWFALL (IN)
  YESTERDAY        0.0                       0.0    0.0      0.0
  MONTH TO DATE    0.0                       0.0    0.0      0.0
  SINCE SEP 1      0.0                       0.0    0.0      0.0
  SINCE JUL 1      0.0                       0.0    0.0      0.0
  SNOW DEPTH       0

DEGREE DAYS
 HEATING
  YESTERDAY        0                         3     -3        0
  MONTH TO DATE   36                        29      7       10
  SINCE SEP 1     36                        29      7       10
  SINCE JUL 1     36                        30      6       10

 COOLING
  YESTERDAY        5                         3      2        6
  MONTH TO DATE  131                       156    -25      200
  SINCE SEP 1    131                       156    -25      200
  SINCE JAN 1   1411                      1355     56     1392
..................................................................


WIND (MPH)
  HIGHEST WIND SPEED    10   HIGHEST WIND DIRECTION     E (70)
  HIGHEST GUST SPEED    17   HIGHEST GUST DIRECTION    NE (40)
  AVERAGE WIND SPEED     3.1


SKY COVER
  AVERAGE SKY COVER 0.0


WEATHER CONDITIONS
 THE FOLLOWING WEATHER WAS RECORDED YESTERDAY.
  NO SIGNIFICANT WEATHER WAS OBSERVED.


RELATIVE HUMIDITY (PERCENT)
 HIGHEST    93
 LOWEST     40
 AVERAGE    67

..........................................................


THE EVANSVILLE IN CLIMATE NORMALS FOR TODAY
                         NORMAL    RECORD    YEAR
 MAXIMUM TEMPERATURE (F)   77        94      1998
 MINIMUM TEMPERATURE (F)   52        34      1942


SUNRISE AND SUNSET
SEPTEMBER 27 2014.....SUNRISE   642 AM CDT   SUNSET   639 PM CDT
SEPTEMBER 28 2014.....SUNRISE   643 AM CDT   SUNSET   638 PM CDT


-  INDICATES NEGATIVE NUMBERS.
R  INDICATES RECORD WAS SET OR TIED.
MM INDICATES DATA IS MISSING.
T  INDICATES TRACE AMOUNT.




$$
