000
CDUS43 KPAH 220630
CLIEVV


CLIMATE REPORT
NATIONAL WEATHER SERVICE PADUCAH KY
126 AM CDT THU JUN 22 2017


...................................

...THE EVANSVILLE IN CLIMATE SUMMARY FOR JUNE 21 2017...

CLIMATE NORMAL PERIOD 1981 TO 2010
CLIMATE RECORD PERIOD 1896 TO 2017


WEATHER ITEM   OBSERVED TIME   RECORD YEAR NORMAL DEPARTURE LAST
                VALUE   (LST)  VALUE       VALUE  FROM      YEAR
                                                  NORMAL
..................................................................
TEMPERATURE (F)
 YESTERDAY
  MAXIMUM         92    151 PM  99    1988  87      5       92
                                      1933
  MINIMUM         69    509 AM  46    1992  66      3       75
  AVERAGE         81                        76      5       84

PRECIPITATION (IN)
  YESTERDAY        0.00          3.39 1934   0.12  -0.12      T
  MONTH TO DATE    1.60                      2.78  -1.18     1.39
  SINCE JUN 1      1.60                      2.78  -1.18     1.39
  SINCE JAN 1     22.60                     23.02  -0.42    23.14

SNOWFALL (IN)
  YESTERDAY        0.0          MM      MM   0.0    0.0      0.0
  MONTH TO DATE    0.0                       0.0    0.0      0.0
  SINCE JUN 1      0.0                       0.0    0.0      0.0
  SINCE JUL 1      1.4                      11.8  -10.4     14.2
  SNOW DEPTH       0

DEGREE DAYS
 HEATING
  YESTERDAY        0                         0      0        0
  MONTH TO DATE    0                         4     -4        0
  SINCE JUN 1      0                         4     -4        0
  SINCE JUL 1   3392                      4545  -1153     3578

 COOLING
  YESTERDAY       16                        11      5       19
  MONTH TO DATE  240                       188     52      250
  SINCE JUN 1    240                       188     52      250
  SINCE JAN 1    465                       323    142      355
..................................................................


WIND (MPH)
  HIGHEST WIND SPEED    20   HIGHEST WIND DIRECTION    SW (210)
  HIGHEST GUST SPEED    23   HIGHEST GUST DIRECTION    SW (210)
  AVERAGE WIND SPEED     8.6


SKY COVER
  AVERAGE SKY COVER 0.2


WEATHER CONDITIONS
 THE FOLLOWING WEATHER WAS RECORDED YESTERDAY.
  NO SIGNIFICANT WEATHER WAS OBSERVED.


RELATIVE HUMIDITY (PERCENT)
 HIGHEST    78
 LOWEST     38
 AVERAGE    58

..........................................................


THE EVANSVILLE IN CLIMATE NORMALS FOR TODAY
                         NORMAL    RECORD    YEAR
 MAXIMUM TEMPERATURE (F)   87       100      1988
 MINIMUM TEMPERATURE (F)   66        45      1963


SUNRISE AND SUNSET
JUNE 22 2017..........SUNRISE   528 AM CDT   SUNSET   816 PM CDT
JUNE 23 2017..........SUNRISE   528 AM CDT   SUNSET   817 PM CDT


-  INDICATES NEGATIVE NUMBERS.
R  INDICATES RECORD WAS SET OR TIED.
MM INDICATES DATA IS MISSING.
T  INDICATES TRACE AMOUNT.




$$
