000
CDUS43 KPAH 080636
CLIEVV


CLIMATE REPORT
NATIONAL WEATHER SERVICE PADUCAH KY
132 AM CDT TUE JUL 8 2014


...................................

...THE EVANSVILLE IN CLIMATE SUMMARY FOR JULY 7 2014...

CLIMATE NORMAL PERIOD 1981 TO 2010
CLIMATE RECORD PERIOD 1896 TO 2014


WEATHER ITEM   OBSERVED TIME   RECORD YEAR NORMAL DEPARTURE LAST
                VALUE   (LST)  VALUE       VALUE  FROM      YEAR
                                                  NORMAL
..................................................................
TEMPERATURE (F)
 YESTERDAY
  MAXIMUM         90    132 PM 106    1936  89      1       87
  MINIMUM         70    513 AM  52    1983  68      2       66
                                      1972
  AVERAGE         80                        78      2       77

PRECIPITATION (IN)
  YESTERDAY        0.02          2.70 2011   0.13  -0.11     0.00
  MONTH TO DATE    2.24                      0.91   1.33     0.35
  SINCE JUN 1      6.11                      4.69   1.42     7.90
  SINCE JAN 1     27.60                     24.93   2.67    30.45

SNOWFALL (IN)
  YESTERDAY        0.0                       0.0    0.0      0.0
  MONTH TO DATE    0.0                       0.0    0.0      0.0
  SINCE JUN 1      0.0                       0.0    0.0      0.0
  SINCE JUL 1      0.0                       0.0    0.0      0.0
  SNOW DEPTH       0

DEGREE DAYS
 HEATING
  YESTERDAY        0                         0      0        0
  MONTH TO DATE    0                         0      0        0
  SINCE JUN 1      0                         6     -6        1
  SINCE JUL 1      0                         0      0        0

 COOLING
  YESTERDAY       15                        13      2       12
  MONTH TO DATE   64                        91    -27       55
  SINCE JUN 1    426                       389     37      351
  SINCE JAN 1    637                       524    113      522
..................................................................


WIND (MPH)
  HIGHEST WIND SPEED    41   HIGHEST WIND DIRECTION     W (250)
  HIGHEST GUST SPEED    57   HIGHEST GUST DIRECTION     W (250)
  AVERAGE WIND SPEED    13.1


SKY COVER
  AVERAGE SKY COVER 0.3


WEATHER CONDITIONS
 THE FOLLOWING WEATHER WAS RECORDED YESTERDAY.
  THUNDERSTORM
  LIGHT RAIN


RELATIVE HUMIDITY (PERCENT)
 HIGHEST    87
 LOWEST     52
 AVERAGE    70

..........................................................


THE EVANSVILLE IN CLIMATE NORMALS FOR TODAY
                         NORMAL    RECORD    YEAR
 MAXIMUM TEMPERATURE (F)   89       103      1936
 MINIMUM TEMPERATURE (F)   68        53      1983


SUNRISE AND SUNSET
JULY  8 2014..........SUNRISE   535 AM CDT   SUNSET   815 PM CDT
JULY  9 2014..........SUNRISE   535 AM CDT   SUNSET   815 PM CDT


-  INDICATES NEGATIVE NUMBERS.
R  INDICATES RECORD WAS SET OR TIED.
MM INDICATES DATA IS MISSING.
T  INDICATES TRACE AMOUNT.




$$
