000
CDUS43 KPAH 270636
CLIEVV


CLIMATE REPORT
NATIONAL WEATHER SERVICE PADUCAH KY
133 AM CDT MON JUL 27 2015


...................................

...THE EVANSVILLE IN CLIMATE SUMMARY FOR JULY 26 2015...

CLIMATE NORMAL PERIOD 1981 TO 2010
CLIMATE RECORD PERIOD 1896 TO 2015


WEATHER ITEM   OBSERVED TIME   RECORD YEAR NORMAL DEPARTURE LAST
                VALUE   (LST)  VALUE       VALUE  FROM      YEAR
                                                  NORMAL
..................................................................
TEMPERATURE (F)
 YESTERDAY
  MAXIMUM         87    452 PM 108    1930  88     -1       94
  MINIMUM         72    213 AM  53    1962  67      5       64
  AVERAGE         80                        78      2       79

PRECIPITATION (IN)
  YESTERDAY        0.11          1.42 1933   0.12  -0.01     0.35
  MONTH TO DATE    4.20                      3.36   0.84     4.02
  SINCE JUN 1     11.59                      7.14   4.45     7.89
  SINCE JAN 1     34.03                     27.38   6.65    29.38

SNOWFALL (IN)
  YESTERDAY        0.0                       0.0    0.0      0.0
  MONTH TO DATE    0.0                       0.0    0.0      0.0
  SINCE JUN 1      0.0                       0.0    0.0      0.0
  SINCE JUL 1      0.0                       0.0    0.0      0.0
  SNOW DEPTH       0

DEGREE DAYS
 HEATING
  YESTERDAY        0                         0      0        0
  MONTH TO DATE    0                         0      0        0
  SINCE JUN 1      7                         6      1        0
  SINCE JUL 1      0                         0      0        0

 COOLING
  YESTERDAY       15                        13      2       14
  MONTH TO DATE  358                       338     20      254
  SINCE JUN 1    710                       636     74      616
  SINCE JAN 1    901                       771    130      827
..................................................................


WIND (MPH)
  HIGHEST WIND SPEED    14   HIGHEST WIND DIRECTION     N (360)
  HIGHEST GUST SPEED    19   HIGHEST GUST DIRECTION     N (360)
  AVERAGE WIND SPEED     4.5


SKY COVER
  AVERAGE SKY COVER 0.5


WEATHER CONDITIONS
 THE FOLLOWING WEATHER WAS RECORDED YESTERDAY.
  RAIN
  LIGHT RAIN
  FOG
  HAZE


RELATIVE HUMIDITY (PERCENT)
 HIGHEST    93
 LOWEST     61
 AVERAGE    77

..........................................................


THE EVANSVILLE IN CLIMATE NORMALS FOR TODAY
                         NORMAL    RECORD    YEAR
 MAXIMUM TEMPERATURE (F)   88       107      1930
 MINIMUM TEMPERATURE (F)   67        49      1962


SUNRISE AND SUNSET
JULY 27 2015..........SUNRISE   549 AM CDT   SUNSET   804 PM CDT
JULY 28 2015..........SUNRISE   549 AM CDT   SUNSET   803 PM CDT


-  INDICATES NEGATIVE NUMBERS.
R  INDICATES RECORD WAS SET OR TIED.
MM INDICATES DATA IS MISSING.
T  INDICATES TRACE AMOUNT.




$$
