157
CDUS43 KPAH 182229
CLIEVV


CLIMATE REPORT
NATIONAL WEATHER SERVICE PADUCAH KY
428 PM CST THU JAN 18 2018


...................................

...THE EVANSVILLE IN CLIMATE SUMMARY FOR JANUARY 18 2018...
VALID TODAY AS OF 0400 PM LOCAL TIME.

CLIMATE NORMAL PERIOD 1981 TO 2010
CLIMATE RECORD PERIOD 1896 TO 2018


WEATHER ITEM   OBSERVED TIME   RECORD YEAR NORMAL DEPARTURE LAST
                VALUE   (LST)  VALUE       VALUE  FROM      YEAR
                                                  NORMAL
..................................................................
TEMPERATURE (F)
 TODAY
  MAXIMUM         28    300 PM  70    1929  41    -13       46
  MINIMUM          7        MM -15    1994  24    -17       39
  AVERAGE         18                        32    -14       43

PRECIPITATION (IN)
  TODAY            0.00          1.48 1949   0.10  -0.10      T
  MONTH TO DATE    1.83                      1.76   0.07     1.80
  SINCE DEC 1      4.25                      5.52  -1.27     5.72
  SINCE JAN 1      1.83                      1.76   0.07     1.80

SNOWFALL (IN)
  TODAY            0.0                                       0.0
  MONTH TO DATE    7.1                                       0.4
  SINCE JUL 1      7.1                                       0.4
  SNOW DEPTH       3

..................................................................


WIND (MPH)
  HIGHEST WIND SPEED    17   HIGHEST WIND DIRECTION     S (200)
  HIGHEST GUST SPEED    23   HIGHEST GUST DIRECTION     S (200)




..........................................................


THE EVANSVILLE IN CLIMATE NORMALS FOR TOMORROW
                         NORMAL    RECORD    YEAR
 MAXIMUM TEMPERATURE (F)   41        69      1951
 MINIMUM TEMPERATURE (F)   24       -17      1994


SUNRISE AND SUNSET
JANUARY 18 2018.......SUNRISE   704 AM CST   SUNSET   458 PM CST
JANUARY 19 2018.......SUNRISE   703 AM CST   SUNSET   459 PM CST


-  INDICATES NEGATIVE NUMBERS.
R  INDICATES RECORD WAS SET OR TIED.
MM INDICATES DATA IS MISSING.
T  INDICATES TRACE AMOUNT.




$$
