000
CDUS43 KPAH 170632
CLIEVV


CLIMATE REPORT
NATIONAL WEATHER SERVICE PADUCAH KY
1228 AM CST WED JAN 17 2018

...................................

...THE EVANSVILLE IN CLIMATE SUMMARY FOR JANUARY 16 2018...

CLIMATE NORMAL PERIOD 1981 TO 2010
CLIMATE RECORD PERIOD 1896 TO 2018

WEATHER ITEM   OBSERVED TIME   RECORD YEAR NORMAL DEPARTURE LAST
                VALUE   (LST)  VALUE       VALUE  FROM      YEAR
                                                  NORMAL
..................................................................
TEMPERATURE (F)
 YESTERDAY
  MAXIMUM         11   1204 AM  71    1928  41    -30       59
  MINIMUM          2    832 AM -17    1982  24    -22       41
  AVERAGE          7                        32    -25       50

PRECIPITATION (IN)
  YESTERDAY        T             0.89 1949   0.09  -0.09     0.32
  MONTH TO DATE    1.83                      1.56   0.27     1.78
  SINCE DEC 1      4.25                      5.32  -1.07     5.70
  SINCE JAN 1      1.83                      1.56   0.27     1.78

SNOWFALL (IN)
  YESTERDAY        T             7.8  1978   0.1   -0.1      0.0
  MONTH TO DATE    7.1                       1.7    5.4      0.4
  SINCE DEC 1      7.1                       4.9    2.2      0.4
  SINCE JUL 1      7.1                       5.2    1.9      0.4
  SNOW DEPTH       3

DEGREE DAYS
 HEATING
  YESTERDAY       58                        33     25       15
  MONTH TO DATE  659                       523    136      459
  SINCE DEC 1   1540                      1434    106     1359
  SINCE JUL 1   2320                      2295     25     1889

 COOLING
  YESTERDAY        0                         0      0        0
  MONTH TO DATE    0                         0      0        0
  SINCE DEC 1      0                         0      0        0
  SINCE JAN 1      0                         0      0        0
..................................................................

WIND (MPH)
  HIGHEST WIND SPEED    16   HIGHEST WIND DIRECTION    NW (300)
  HIGHEST GUST SPEED    23   HIGHEST GUST DIRECTION    NW (310)
  AVERAGE WIND SPEED     6.9

SKY COVER
  AVERAGE SKY COVER 0.5

WEATHER CONDITIONS
 THE FOLLOWING WEATHER WAS RECORDED YESTERDAY.
  LIGHT SNOW

RELATIVE HUMIDITY (PERCENT)
 HIGHEST    88
 LOWEST     63
 AVERAGE    76
..........................................................

THE EVANSVILLE IN CLIMATE NORMALS FOR TODAY
                         NORMAL    RECORD    YEAR
 MAXIMUM TEMPERATURE (F)   41        69      1952
 MINIMUM TEMPERATURE (F)   24       -21      1977

SUNRISE AND SUNSET
JANUARY 17 2018.......SUNRISE   704 AM CST   SUNSET   457 PM CST
JANUARY 18 2018.......SUNRISE   704 AM CST   SUNSET   458 PM CST

-  INDICATES NEGATIVE NUMBERS.
R  INDICATES RECORD WAS SET OR TIED.
MM INDICATES DATA IS MISSING.
T  INDICATES TRACE AMOUNT.

$$
