000
CDUS43 KPAH 202130
CLIEVV


CLIMATE REPORT
NATIONAL WEATHER SERVICE PADUCAH KY
426 PM CDT MON MAR 20 2017

...................................

...THE EVANSVILLE IN CLIMATE SUMMARY FOR MARCH 20 2017...
VALID TODAY AS OF 0400 PM LOCAL TIME.

CLIMATE NORMAL PERIOD 1981 TO 2010
CLIMATE RECORD PERIOD 1896 TO 2017

WEATHER ITEM   OBSERVED TIME   RECORD YEAR NORMAL DEPARTURE LAST
                VALUE   (LST)  VALUE       VALUE  FROM      YEAR
                                                  NORMAL
..................................................................
TEMPERATURE (F)
 TODAY
  MAXIMUM         80    259 PM  84    2012  58     22       48
  MINIMUM         47   1235 AM  12    1965  36     11       33
  AVERAGE         64                        47     17       41

PRECIPITATION (IN)
  TODAY            0.00          2.05 1955   0.14  -0.14     0.02
  MONTH TO DATE    2.73                      2.61   0.12     3.95
  SINCE MAR 1      2.73                      2.61   0.12     3.95
  SINCE JAN 1      6.00                      8.88  -2.88    10.29

SNOWFALL (IN)
  TODAY            0.0                                        T
  MONTH TO DATE    1.0                                        T
  SINCE JUL 1      1.4                                      14.2
  SNOW DEPTH       0
..................................................................

WIND (MPH)
  HIGHEST WIND SPEED    16   HIGHEST WIND DIRECTION    SW (210)
  HIGHEST GUST SPEED    22   HIGHEST GUST DIRECTION    SW (210)
..........................................................

THE EVANSVILLE IN CLIMATE NORMALS FOR TOMORROW
                         NORMAL    RECORD    YEAR
 MAXIMUM TEMPERATURE (F)   59        83      2012
 MINIMUM TEMPERATURE (F)   37        21      2013
                                             1986

SUNRISE AND SUNSET
MARCH 20 2017.........SUNRISE   653 AM CDT   SUNSET   702 PM CDT
MARCH 21 2017.........SUNRISE   652 AM CDT   SUNSET   703 PM CDT

-  INDICATES NEGATIVE NUMBERS.
R  INDICATES RECORD WAS SET OR TIED.
MM INDICATES DATA IS MISSING.
T  INDICATES TRACE AMOUNT.

$$
