249
CDUS43 KPAH 252133
CLIEVV


CLIMATE REPORT
NATIONAL WEATHER SERVICE PADUCAH KY
433 PM CDT MON APR 25 2016


...................................

...THE EVANSVILLE IN CLIMATE SUMMARY FOR APRIL 25 2016...
VALID TODAY AS OF 0400 PM LOCAL TIME.

CLIMATE NORMAL PERIOD 1981 TO 2010
CLIMATE RECORD PERIOD 1896 TO 2016


WEATHER ITEM   OBSERVED TIME   RECORD YEAR NORMAL DEPARTURE LAST
                VALUE   (LST)  VALUE       VALUE  FROM      YEAR
                                                  NORMAL
..................................................................
TEMPERATURE (F)
 TODAY
  MAXIMUM         81    254 PM  89    1915  71     10       74
  MINIMUM         54    423 AM  33    1983  48      6       50
                                      1919
  AVERAGE         68                        59      9       62

PRECIPITATION (IN)
  TODAY            0.00          1.38 1975   0.16  -0.16     0.36
  MONTH TO DATE    2.54                      3.56  -1.02     6.62
  SINCE MAR 1      8.41                      7.80   0.61    13.47
  SINCE JAN 1     14.75                     14.07   0.68    19.00

SNOWFALL (IN)
  TODAY            0.0                                       0.0
  MONTH TO DATE    0.0                                       0.0
  SINCE JUL 1     14.2                                      18.5
  SNOW DEPTH       0

..................................................................


WIND (MPH)
  HIGHEST WIND SPEED    24   HIGHEST WIND DIRECTION    SW (210)
  HIGHEST GUST SPEED    30   HIGHEST GUST DIRECTION     S (200)




..........................................................


THE EVANSVILLE IN CLIMATE NORMALS FOR TOMORROW
                         NORMAL    RECORD    YEAR
 MAXIMUM TEMPERATURE (F)   71        91      1989
 MINIMUM TEMPERATURE (F)   48        34      1947


SUNRISE AND SUNSET
APRIL 25 2016.........SUNRISE   601 AM CDT   SUNSET   736 PM CDT
APRIL 26 2016.........SUNRISE   559 AM CDT   SUNSET   737 PM CDT


-  INDICATES NEGATIVE NUMBERS.
R  INDICATES RECORD WAS SET OR TIED.
MM INDICATES DATA IS MISSING.
T  INDICATES TRACE AMOUNT.




$$
