062
CDUS43 KPAH 192126
CLIEVV


CLIMATE REPORT
NATIONAL WEATHER SERVICE PADUCAH KY
425 PM CDT WED JUL 19 2017

...................................

...THE EVANSVILLE IN CLIMATE SUMMARY FOR JULY 19 2017...
VALID TODAY AS OF 0400 PM LOCAL TIME.

CLIMATE NORMAL PERIOD 1981 TO 2010
CLIMATE RECORD PERIOD 1896 TO 2017

WEATHER ITEM   OBSERVED TIME   RECORD YEAR NORMAL DEPARTURE LAST
                VALUE   (LST)  VALUE       VALUE  FROM      YEAR
                                                  NORMAL
..................................................................
TEMPERATURE (F)
 TODAY
  MAXIMUM         92    252 PM 103    1930  89      3       94
  MINIMUM         68    205 AM  56    1984  68      0       72
  AVERAGE         80                        78      2       83

PRECIPITATION (IN)
  TODAY            0.00          1.45 1921   0.13  -0.13     0.00
  MONTH TO DATE    1.45                      2.50  -1.05     6.08
  SINCE JUN 1      5.05                      6.28  -1.23    10.45
  SINCE JAN 1     26.05                     26.52  -0.47    32.20

SNOWFALL (IN)
  TODAY            0.0                                       0.0
  MONTH TO DATE    0.0                                       0.0
  SINCE JUL 1      0.0                                       0.0
  SNOW DEPTH       0
..................................................................

WIND (MPH)
  HIGHEST WIND SPEED    14   HIGHEST WIND DIRECTION     E (80)
  HIGHEST GUST SPEED    17   HIGHEST GUST DIRECTION     E (80)
..........................................................

THE EVANSVILLE IN CLIMATE NORMALS FOR TOMORROW
                         NORMAL    RECORD    YEAR
 MAXIMUM TEMPERATURE (F)   89       103      1930
 MINIMUM TEMPERATURE (F)   68        53      1947

SUNRISE AND SUNSET
JULY 19 2017..........SUNRISE   543 AM CDT   SUNSET   810 PM CDT
JULY 20 2017..........SUNRISE   543 AM CDT   SUNSET   809 PM CDT

-  INDICATES NEGATIVE NUMBERS.
R  INDICATES RECORD WAS SET OR TIED.
MM INDICATES DATA IS MISSING.
T  INDICATES TRACE AMOUNT.

$$
