000
CDUS43 KPAH 260635
CLIEVV


CLIMATE REPORT
NATIONAL WEATHER SERVICE PADUCAH KY
131 AM CDT SAT JUL 26 2014


...................................

...THE EVANSVILLE IN CLIMATE SUMMARY FOR JULY 25 2014...

CLIMATE NORMAL PERIOD 1981 TO 2010
CLIMATE RECORD PERIOD 1896 TO 2014


WEATHER ITEM   OBSERVED TIME   RECORD YEAR NORMAL DEPARTURE LAST
                VALUE   (LST)  VALUE       VALUE  FROM      YEAR
                                                  NORMAL
..................................................................
TEMPERATURE (F)
 YESTERDAY
  MAXIMUM         80    205 PM 103    2012  88     -8       82
                                      1934
  MINIMUM         57    433 AM  56    2000  67    -10       61
  AVERAGE         69                        78     -9       72

PRECIPITATION (IN)
  YESTERDAY        0.00          2.51 1910   0.12  -0.12     0.00
  MONTH TO DATE    3.67                      3.24   0.43     2.29
  SINCE JUN 1      7.54                      7.02   0.52     9.84
  SINCE JAN 1     29.03                     27.26   1.77    32.39

SNOWFALL (IN)
  YESTERDAY        0.0                       0.0    0.0      0.0
  MONTH TO DATE    0.0                       0.0    0.0      0.0
  SINCE JUN 1      0.0                       0.0    0.0      0.0
  SINCE JUL 1      0.0                       0.0    0.0      0.0
  SNOW DEPTH       0

DEGREE DAYS
 HEATING
  YESTERDAY        0                         0      0        0
  MONTH TO DATE    0                         0      0        0
  SINCE JUN 1      0                         6     -6        1
  SINCE JUL 1      0                         0      0        0

 COOLING
  YESTERDAY        4                        13     -9        7
  MONTH TO DATE  240                       325    -85      318
  SINCE JUN 1    602                       623    -21      614
  SINCE JAN 1    813                       758     55      785
..................................................................


WIND (MPH)
  HIGHEST WIND SPEED    14   HIGHEST WIND DIRECTION     S (160)
  HIGHEST GUST SPEED    18   HIGHEST GUST DIRECTION     S (160)
  AVERAGE WIND SPEED     3.1


SKY COVER
  AVERAGE SKY COVER 0.0


WEATHER CONDITIONS
 THE FOLLOWING WEATHER WAS RECORDED YESTERDAY.
  NO SIGNIFICANT WEATHER WAS OBSERVED.


RELATIVE HUMIDITY (PERCENT)
 HIGHEST    93
 LOWEST     39
 AVERAGE    66

..........................................................


THE EVANSVILLE IN CLIMATE NORMALS FOR TODAY
                         NORMAL    RECORD    YEAR
 MAXIMUM TEMPERATURE (F)   88       108      1930
 MINIMUM TEMPERATURE (F)   67        53      1962


SUNRISE AND SUNSET
JULY 26 2014..........SUNRISE   548 AM CDT   SUNSET   805 PM CDT
JULY 27 2014..........SUNRISE   549 AM CDT   SUNSET   804 PM CDT


-  INDICATES NEGATIVE NUMBERS.
R  INDICATES RECORD WAS SET OR TIED.
MM INDICATES DATA IS MISSING.
T  INDICATES TRACE AMOUNT.




$$
