000
CDUS43 KPAH 130632
CLIEVV


CLIMATE REPORT
NATIONAL WEATHER SERVICE PADUCAH KY
129 AM CDT SUN APR 13 2014


...................................

...THE EVANSVILLE IN CLIMATE SUMMARY FOR APRIL 12 2014...

CLIMATE NORMAL PERIOD 1981 TO 2010
CLIMATE RECORD PERIOD 1896 TO 2014


WEATHER ITEM   OBSERVED TIME   RECORD YEAR NORMAL DEPARTURE LAST
                VALUE   (LST)  VALUE       VALUE  FROM      YEAR
                                                  NORMAL
..................................................................
TEMPERATURE (F)
 YESTERDAY
  MAXIMUM         80    330 PM  86    1930  67     13       55
  MINIMUM         50    435 AM  27    1940  43      7       35
                                      1939
  AVERAGE         65                        55     10       45

PRECIPITATION (IN)
  YESTERDAY        0.00          2.21 1948   0.13  -0.13     0.00
  MONTH TO DATE    6.99                      1.61   5.38     1.48
  SINCE MAR 1      9.84                      5.85   3.99     5.56
  SINCE JAN 1     13.79                     12.12   1.67    15.09

SNOWFALL (IN)
  YESTERDAY        0.0           T    1957   0.0    0.0      0.0
  MONTH TO DATE    0.0                       0.1   -0.1      0.0
  SINCE MAR 1      2.6                       1.1    1.5       T
  SINCE JUL 1     12.6                      11.8    0.8     12.3
  SNOW DEPTH       0

DEGREE DAYS
 HEATING
  YESTERDAY        0                        11    -11       20
  MONTH TO DATE  100                       148    -48      142
  SINCE MAR 1    813                       740     73      923
  SINCE JUL 1   4775                      4314    461     4286

 COOLING
  YESTERDAY        0                         1     -1        0
  MONTH TO DATE    0                         4     -4       19
  SINCE MAR 1      0                         7     -7       19
  SINCE JAN 1      0                         7     -7       19
..................................................................


WIND (MPH)
  HIGHEST WIND SPEED    25   HIGHEST WIND DIRECTION    SW (210)
  HIGHEST GUST SPEED    34   HIGHEST GUST DIRECTION    SW (220)
  AVERAGE WIND SPEED    11.1


SKY COVER
  AVERAGE SKY COVER 0.1


WEATHER CONDITIONS
 THE FOLLOWING WEATHER WAS RECORDED YESTERDAY.
  FOG
  HAZE


RELATIVE HUMIDITY (PERCENT)
 HIGHEST    93
 LOWEST     36
 AVERAGE    65

..........................................................


THE EVANSVILLE IN CLIMATE NORMALS FOR TODAY
                         NORMAL    RECORD    YEAR
 MAXIMUM TEMPERATURE (F)   67        86      1977
 MINIMUM TEMPERATURE (F)   44        26      1957
                                             1950


SUNRISE AND SUNSET
APRIL 13 2014.........SUNRISE   618 AM CDT   SUNSET   724 PM CDT
APRIL 14 2014.........SUNRISE   616 AM CDT   SUNSET   725 PM CDT


-  INDICATES NEGATIVE NUMBERS.
R  INDICATES RECORD WAS SET OR TIED.
MM INDICATES DATA IS MISSING.
T  INDICATES TRACE AMOUNT.




$$
