000
CDUS43 KPAH 130632
CLIEVV


CLIMATE REPORT
NATIONAL WEATHER SERVICE PADUCAH KY
1229 AM CST MON NOV 13 2017


...................................

...THE EVANSVILLE IN CLIMATE SUMMARY FOR NOVEMBER 12 2017...

CLIMATE NORMAL PERIOD 1981 TO 2010
CLIMATE RECORD PERIOD 1896 TO 2017


WEATHER ITEM   OBSERVED TIME   RECORD YEAR NORMAL DEPARTURE LAST
                VALUE   (LST)  VALUE       VALUE  FROM      YEAR
                                                  NORMAL
..................................................................
TEMPERATURE (F)
 YESTERDAY
  MAXIMUM         50    302 PM  77    1949  58     -8       58
  MINIMUM         39   1258 AM  17    1911  38      1       33
  AVERAGE         45                        48     -3       46

PRECIPITATION (IN)
  YESTERDAY        0.01          1.33 2008   0.14  -0.13     0.00
  MONTH TO DATE    0.93                      1.58  -0.65     0.09
  SINCE SEP 1      7.88                      7.88   0.00     4.59
  SINCE JAN 1     40.29                     38.80   1.49    43.05

SNOWFALL (IN)
  YESTERDAY        0.0           T    2014   0.0    0.0      0.0
                                      2013
                                      1991
  MONTH TO DATE    0.0                       0.0    0.0      0.0
  SINCE SEP 1      0.0                       0.2   -0.2      0.0
  SINCE JUL 1      0.0                       0.2   -0.2      0.0
  SNOW DEPTH       0

DEGREE DAYS
 HEATING
  YESTERDAY       20                        17      3       19
  MONTH TO DATE  165                       178    -13      109
  SINCE SEP 1    399                       480    -81      217
  SINCE JUL 1    399                       481    -82      217

 COOLING
  YESTERDAY        0                         0      0        0
  MONTH TO DATE    2                         0      2       11
  SINCE SEP 1    277                       196     81      389
  SINCE JAN 1   1567                      1395    172     1775
..................................................................


WIND (MPH)
  HIGHEST WIND SPEED    13   HIGHEST WIND DIRECTION     N (360)
  HIGHEST GUST SPEED    19   HIGHEST GUST DIRECTION     N (350)
  AVERAGE WIND SPEED     4.6


SKY COVER
  AVERAGE SKY COVER 0.9


WEATHER CONDITIONS
 THE FOLLOWING WEATHER WAS RECORDED YESTERDAY.
  LIGHT RAIN
  FOG


RELATIVE HUMIDITY (PERCENT)
 HIGHEST    93
 LOWEST     70
 AVERAGE    82

..........................................................


THE EVANSVILLE IN CLIMATE NORMALS FOR TODAY
                         NORMAL    RECORD    YEAR
 MAXIMUM TEMPERATURE (F)   58        82      1955
 MINIMUM TEMPERATURE (F)   37        14      1986


SUNRISE AND SUNSET
NOVEMBER 13 2017......SUNRISE   629 AM CST   SUNSET   439 PM CST
NOVEMBER 14 2017......SUNRISE   630 AM CST   SUNSET   439 PM CST


-  INDICATES NEGATIVE NUMBERS.
R  INDICATES RECORD WAS SET OR TIED.
MM INDICATES DATA IS MISSING.
T  INDICATES TRACE AMOUNT.




$$
