000
CDUS43 KPAH 180636
CLIEVV


CLIMATE REPORT
NATIONAL WEATHER SERVICE PADUCAH KY
132 AM CDT SAT OCT 18 2014


...................................

...THE EVANSVILLE IN CLIMATE SUMMARY FOR OCTOBER 17 2014...

CLIMATE NORMAL PERIOD 1981 TO 2010
CLIMATE RECORD PERIOD 1896 TO 2014


WEATHER ITEM   OBSERVED TIME   RECORD YEAR NORMAL DEPARTURE LAST
                VALUE   (LST)  VALUE       VALUE  FROM      YEAR
                                                  NORMAL
..................................................................
TEMPERATURE (F)
 YESTERDAY
  MAXIMUM         74    259 PM  86    1950  70      4       61
                                      1938
  MINIMUM         51    350 AM  28    1948  45      6       45
  AVERAGE         63                        57      6       53

PRECIPITATION (IN)
  YESTERDAY        0.00          1.87 1937   0.10  -0.10     0.19
  MONTH TO DATE    3.60                      1.72   1.88     4.64
  SINCE SEP 1      6.15                      4.77   1.38     7.45
  SINCE JAN 1     40.33                     35.69   4.64    42.78

SNOWFALL (IN)
  YESTERDAY        0.0                       0.0    0.0      0.0
  MONTH TO DATE    0.0                       0.0    0.0      0.0
  SINCE SEP 1      0.0                       0.0    0.0      0.0
  SINCE JUL 1      0.0                       0.0    0.0      0.0
  SNOW DEPTH       0

DEGREE DAYS
 HEATING
  YESTERDAY        2                         8     -6       12
  MONTH TO DATE   88                       111    -23       48
  SINCE SEP 1    124                       157    -33       58
  SINCE JUL 1    124                       158    -34       58

 COOLING
  YESTERDAY        0                         1     -1        0
  MONTH TO DATE   28                        24      4       55
  SINCE SEP 1    191                       191      0      270
  SINCE JAN 1   1471                      1390     81     1462
..................................................................


WIND (MPH)
  HIGHEST WIND SPEED    22   HIGHEST WIND DIRECTION     W (260)
  HIGHEST GUST SPEED    28   HIGHEST GUST DIRECTION     W (250)
  AVERAGE WIND SPEED     7.9


SKY COVER
  AVERAGE SKY COVER 0.1


WEATHER CONDITIONS
 THE FOLLOWING WEATHER WAS RECORDED YESTERDAY.
  HAZE


RELATIVE HUMIDITY (PERCENT)
 HIGHEST    89
 LOWEST     35
 AVERAGE    62

..........................................................


THE EVANSVILLE IN CLIMATE NORMALS FOR TODAY
                         NORMAL    RECORD    YEAR
 MAXIMUM TEMPERATURE (F)   69        86      1924
 MINIMUM TEMPERATURE (F)   45        26      1948


SUNRISE AND SUNSET
OCTOBER 18 2014.......SUNRISE   702 AM CDT   SUNSET   608 PM CDT
OCTOBER 19 2014.......SUNRISE   703 AM CDT   SUNSET   607 PM CDT


-  INDICATES NEGATIVE NUMBERS.
R  INDICATES RECORD WAS SET OR TIED.
MM INDICATES DATA IS MISSING.
T  INDICATES TRACE AMOUNT.




$$
