000
CDUS43 KPAH 290628
CLIEVV


CLIMATE REPORT
NATIONAL WEATHER SERVICE PADUCAH KY
128 AM CDT SAT AUG 29 2015


...................................

...THE EVANSVILLE IN CLIMATE SUMMARY FOR AUGUST 28 2015...

CLIMATE NORMAL PERIOD 1981 TO 2010
CLIMATE RECORD PERIOD 1896 TO 2015


WEATHER ITEM   OBSERVED TIME   RECORD YEAR NORMAL DEPARTURE LAST
                VALUE   (LST)  VALUE       VALUE  FROM      YEAR
                                                  NORMAL
..................................................................
TEMPERATURE (F)
 YESTERDAY
  MAXIMUM         83    332 PM 102    1936  87     -4       92
  MINIMUM         57    543 AM  48    1986  64     -7       73
  AVERAGE         70                        75     -5       83

PRECIPITATION (IN)
  YESTERDAY        0.00          2.50 1981   0.10  -0.10     0.26
  MONTH TO DATE    3.06                      2.70   0.36     4.23
  SINCE JUN 1     15.12                     10.40   4.72    12.12
  SINCE JAN 1     37.56                     30.64   6.92    33.61

SNOWFALL (IN)
  YESTERDAY        0.0           0.0  2002   0.0    0.0      0.0
                                      2001
  MONTH TO DATE    0.0                       0.0    0.0      0.0
  SINCE JUN 1      0.0                       0.0    0.0      0.0
  SINCE JUL 1      0.0                       0.0    0.0      0.0
  SNOW DEPTH       0

DEGREE DAYS
 HEATING
  YESTERDAY        0                         0      0        0
  MONTH TO DATE    0                         0      0        0
  SINCE JUN 1      7                         6      1        0
  SINCE JUL 1      0                         0      0        0

 COOLING
  YESTERDAY        5                        10     -5       18
  MONTH TO DATE  275                       331    -56      371
  SINCE JUN 1   1071                      1032     39     1028
  SINCE JAN 1   1262                      1167     95     1239
..................................................................


WIND (MPH)
  HIGHEST WIND SPEED     9   HIGHEST WIND DIRECTION     S (190)
  HIGHEST GUST SPEED    16   HIGHEST GUST DIRECTION     E (100)
  AVERAGE WIND SPEED     3.1


SKY COVER
  AVERAGE SKY COVER 0.0


WEATHER CONDITIONS
 THE FOLLOWING WEATHER WAS RECORDED YESTERDAY.
  FOG


RELATIVE HUMIDITY (PERCENT)
 HIGHEST   100
 LOWEST     42
 AVERAGE    71

..........................................................


THE EVANSVILLE IN CLIMATE NORMALS FOR TODAY
                         NORMAL    RECORD    YEAR
 MAXIMUM TEMPERATURE (F)   87        98      1925
                                             1897
 MINIMUM TEMPERATURE (F)   63        43      1986


SUNRISE AND SUNSET
AUGUST 29 2015........SUNRISE   617 AM CDT   SUNSET   724 PM CDT
AUGUST 30 2015........SUNRISE   618 AM CDT   SUNSET   723 PM CDT


-  INDICATES NEGATIVE NUMBERS.
R  INDICATES RECORD WAS SET OR TIED.
MM INDICATES DATA IS MISSING.
T  INDICATES TRACE AMOUNT.




$$
