000
CDUS43 KPAH 162232
CLIEVV


CLIMATE REPORT
NATIONAL WEATHER SERVICE PADUCAH KY
432 PM CST SUN NOV 16 2014


...................................

...THE EVANSVILLE IN CLIMATE SUMMARY FOR NOVEMBER 16 2014...
VALID TODAY AS OF 0400 PM LOCAL TIME.

CLIMATE NORMAL PERIOD 1981 TO 2010
CLIMATE RECORD PERIOD 1896 TO 2014


WEATHER ITEM   OBSERVED TIME   RECORD YEAR NORMAL DEPARTURE LAST
                VALUE   (LST)  VALUE       VALUE  FROM      YEAR
                                                  NORMAL
..................................................................
TEMPERATURE (F)
 TODAY
  MAXIMUM         39    126 PM  78    1952  56    -17       66
                                      1931
  MINIMUM         32    210 AM  18    1997  36     -4       49
  AVERAGE         36                        46    -10       58

PRECIPITATION (IN)
  TODAY            T             1.40 1993   0.16  -0.16     0.05
  MONTH TO DATE    0.56                      2.19  -1.63     0.43
  SINCE SEP 1      7.31                      8.49  -1.18     9.31
  SINCE JAN 1     41.49                     39.41   2.08    44.64

SNOWFALL (IN)
  TODAY           MM                                         0.0
  MONTH TO DATE    T                                          T
  SINCE JUL 1      T                                          T
  SNOW DEPTH       0

..................................................................


WIND (MPH)
  HIGHEST WIND SPEED     8   HIGHEST WIND DIRECTION     N (340)
  HIGHEST GUST SPEED    10   HIGHEST GUST DIRECTION     N (340)




..........................................................


THE EVANSVILLE IN CLIMATE NORMALS FOR TOMORROW
                         NORMAL    RECORD    YEAR
 MAXIMUM TEMPERATURE (F)   56        80      1958
 MINIMUM TEMPERATURE (F)   36        10      1959


SUNRISE AND SUNSET
NOVEMBER 16 2014......SUNRISE   632 AM CST   SUNSET   437 PM CST
NOVEMBER 17 2014......SUNRISE   633 AM CST   SUNSET   437 PM CST


-  INDICATES NEGATIVE NUMBERS.
R  INDICATES RECORD WAS SET OR TIED.
MM INDICATES DATA IS MISSING.
T  INDICATES TRACE AMOUNT.




$$
