000
CDUS43 KPAH 250628
CLIEVV


CLIMATE REPORT
NATIONAL WEATHER SERVICE PADUCAH KY
126 AM CDT THU AUG 25 2016

...................................

...THE EVANSVILLE IN CLIMATE SUMMARY FOR AUGUST 24 2016...

CLIMATE NORMAL PERIOD 1981 TO 2010
CLIMATE RECORD PERIOD 1896 TO 2016

WEATHER ITEM   OBSERVED TIME   RECORD YEAR NORMAL DEPARTURE LAST
                VALUE   (LST)  VALUE       VALUE  FROM      YEAR
                                                  NORMAL
..................................................................
TEMPERATURE (F)
 YESTERDAY
  MAXIMUM         90    355 PM 101    1943  88      2       79
  MINIMUM         70    537 AM  52    1966  65      5       58
  AVERAGE         80                        76      4       69

PRECIPITATION (IN)
  YESTERDAY        0.00          1.50 1898   0.09  -0.09     0.00
  MONTH TO DATE    3.00                      2.33   0.67     3.06
  SINCE JUN 1     16.57                     10.03   6.54    15.12
  SINCE JAN 1     38.32                     30.27   8.05    37.56

SNOWFALL (IN)
  YESTERDAY        0.0           0.0  2002   0.0    0.0      0.0
                                      2001
  MONTH TO DATE    0.0                       0.0    0.0      0.0
  SINCE JUN 1      0.0                       0.0    0.0      0.0
  SINCE JUL 1      0.0                       0.0    0.0      0.0
  SNOW DEPTH       0

DEGREE DAYS
 HEATING
  YESTERDAY        0                         0      0        0
  MONTH TO DATE    0                         0      0        0
  SINCE JUN 1      0                         6     -6        7
  SINCE JUL 1      0                         0      0        0

 COOLING
  YESTERDAY       15                        11      4        4
  MONTH TO DATE  329                       288     41      261
  SINCE JUN 1   1161                       989    172     1057
  SINCE JAN 1   1266                      1124    142     1248
..................................................................

WIND (MPH)
  HIGHEST WIND SPEED    22   HIGHEST WIND DIRECTION    SW (220)
  HIGHEST GUST SPEED    27   HIGHEST GUST DIRECTION    SW (220)
  AVERAGE WIND SPEED     8.5

SKY COVER
  AVERAGE SKY COVER 0.2

WEATHER CONDITIONS
 THE FOLLOWING WEATHER WAS RECORDED YESTERDAY.
  NO SIGNIFICANT WEATHER WAS OBSERVED.

RELATIVE HUMIDITY (PERCENT)
 HIGHEST    93
 LOWEST     56
 AVERAGE    75
.................................................................

THE EVANSVILLE IN CLIMATE NORMALS FOR TODAY
                         NORMAL    RECORD    YEAR
 MAXIMUM TEMPERATURE (F)   88       102      1943
 MINIMUM TEMPERATURE (F)   64        49      1942

SUNRISE AND SUNSET
AUGUST 25 2016........SUNRISE   614 AM CDT   SUNSET   729 PM CDT
AUGUST 26 2016........SUNRISE   615 AM CDT   SUNSET   728 PM CDT

-  INDICATES NEGATIVE NUMBERS.
R  INDICATES RECORD WAS SET OR TIED.
MM INDICATES DATA IS MISSING.
T  INDICATES TRACE AMOUNT.

$$
