000
CDUS43 KPAH 090631
CLIEVV


CLIMATE REPORT
NATIONAL WEATHER SERVICE PADUCAH KY
128 AM CDT MON OCT 9 2017


...................................

...THE EVANSVILLE IN CLIMATE SUMMARY FOR OCTOBER 8 2017...

CLIMATE NORMAL PERIOD 1981 TO 2010
CLIMATE RECORD PERIOD 1896 TO 2017


WEATHER ITEM   OBSERVED TIME   RECORD YEAR NORMAL DEPARTURE LAST
                VALUE   (LST)  VALUE       VALUE  FROM      YEAR
                                                  NORMAL
..................................................................
TEMPERATURE (F)
 YESTERDAY
  MAXIMUM         69    347 PM  92    2007  73     -4       72
  MINIMUM         63   1114 AM  28    1987  48     15       49
  AVERAGE         66                        60      6       61

PRECIPITATION (IN)
  YESTERDAY        0.31          2.45 2009   0.10   0.21     0.00
  MONTH TO DATE    0.44                      0.84  -0.40     0.34
  SINCE SEP 1      3.68                      3.89  -0.21     4.35
  SINCE JAN 1     36.09                     34.81   1.28    42.81

SNOWFALL (IN)
  YESTERDAY        0.0           T    1992   0.0    0.0      0.0
  MONTH TO DATE    0.0                       0.0    0.0      0.0
  SINCE SEP 1      0.0                       0.0    0.0      0.0
  SINCE JUL 1      0.0                       0.0    0.0      0.0
  SNOW DEPTH       0

DEGREE DAYS
 HEATING
  YESTERDAY        0                         6     -6        4
  MONTH TO DATE    2                        44    -42        4
  SINCE SEP 1     17                        90    -73       13
  SINCE JUL 1     17                        91    -74       13

 COOLING
  YESTERDAY        1                         1      0        0
  MONTH TO DATE   53                        15     38       35
  SINCE SEP 1    251                       182     69      316
  SINCE JAN 1   1541                      1381    160     1702
..................................................................


WIND (MPH)
  HIGHEST WIND SPEED    13   HIGHEST WIND DIRECTION    NE (30)
  HIGHEST GUST SPEED    17   HIGHEST GUST DIRECTION     E (90)
  AVERAGE WIND SPEED     4.7


SKY COVER
  AVERAGE SKY COVER 0.9


WEATHER CONDITIONS
 THE FOLLOWING WEATHER WAS RECORDED YESTERDAY.
  HEAVY RAIN
  RAIN
  LIGHT RAIN
  FOG


RELATIVE HUMIDITY (PERCENT)
 HIGHEST   100
 LOWEST     87
 AVERAGE    94

..........................................................


THE EVANSVILLE IN CLIMATE NORMALS FOR TODAY
                         NORMAL    RECORD    YEAR
 MAXIMUM TEMPERATURE (F)   72        89      1939
 MINIMUM TEMPERATURE (F)   47        29      2000


SUNRISE AND SUNSET
OCTOBER  9 2017.......SUNRISE   653 AM CDT   SUNSET   621 PM CDT
OCTOBER 10 2017.......SUNRISE   654 AM CDT   SUNSET   619 PM CDT


-  INDICATES NEGATIVE NUMBERS.
R  INDICATES RECORD WAS SET OR TIED.
MM INDICATES DATA IS MISSING.
T  INDICATES TRACE AMOUNT.




$$
