000
CDUS43 KPAH 220632
CLIEVV


CLIMATE REPORT
NATIONAL WEATHER SERVICE PADUCAH KY
1230 AM CST SUN FEB 22 2015


...................................

...THE EVANSVILLE IN CLIMATE SUMMARY FOR FEBRUARY 21 2015...

CLIMATE NORMAL PERIOD 1981 TO 2010
CLIMATE RECORD PERIOD 1896 TO 2015


WEATHER ITEM   OBSERVED TIME   RECORD YEAR NORMAL DEPARTURE LAST
                VALUE   (LST)  VALUE       VALUE  FROM      YEAR
                                                  NORMAL
..................................................................
TEMPERATURE (F)
 YESTERDAY
  MAXIMUM         35    423 PM  72    1922  48    -13       51
  MINIMUM         28   1159 PM  -3    1963  29     -1       35
  AVERAGE         32                        38     -6       43

PRECIPITATION (IN)
  YESTERDAY        0.97          1.36 1950   0.10   0.87     0.00
  MONTH TO DATE    2.56                      2.39   0.17     2.24
  SINCE DEC 1      8.96                      9.25  -0.29    11.26
  SINCE JAN 1      5.53                      5.49   0.04     3.93

SNOWFALL (IN)
  YESTERDAY        0.0           0.6  1965   0.1   -0.1      0.0
  MONTH TO DATE    7.4                       3.0    4.4      2.0
  SINCE DEC 1      7.6                       9.6   -2.0      9.8
  SINCE JUL 1     10.0                       9.9    0.1      9.8
  SNOW DEPTH       0

DEGREE DAYS
 HEATING
  YESTERDAY       33                        27      6       22
  MONTH TO DATE  776                       618    158      748
  SINCE DEC 1   2540                      2536      4     2810
  SINCE JUL 1   3543                      3397    146     3724

 COOLING
  YESTERDAY        0                         0      0        0
  MONTH TO DATE    0                         0      0        0
  SINCE DEC 1      0                         0      0        0
  SINCE JAN 1      0                         0      0        0
..................................................................


WIND (MPH)
  HIGHEST WIND SPEED    13   HIGHEST WIND DIRECTION     N (350)
  HIGHEST GUST SPEED    18   HIGHEST GUST DIRECTION     N (360)
  AVERAGE WIND SPEED     4.8


SKY COVER
  AVERAGE SKY COVER 0.8


WEATHER CONDITIONS
 THE FOLLOWING WEATHER WAS RECORDED YESTERDAY.
  RAIN
  LIGHT RAIN
  FREEZING RAIN
  LT FREEZING RAIN
  LIGHT SNOW
  FOG


RELATIVE HUMIDITY (PERCENT)
 HIGHEST    96
 LOWEST     75
 AVERAGE    86

..........................................................


THE EVANSVILLE IN CLIMATE NORMALS FOR TODAY
                         NORMAL    RECORD    YEAR
 MAXIMUM TEMPERATURE (F)   48        72      1922
 MINIMUM TEMPERATURE (F)   29        -6      1963


SUNRISE AND SUNSET
FEBRUARY 22 2015......SUNRISE   632 AM CST   SUNSET   536 PM CST
FEBRUARY 23 2015......SUNRISE   630 AM CST   SUNSET   537 PM CST


-  INDICATES NEGATIVE NUMBERS.
R  INDICATES RECORD WAS SET OR TIED.
MM INDICATES DATA IS MISSING.
T  INDICATES TRACE AMOUNT.




$$
