000
CDUS43 KPAH 130636
CLIEVV


CLIMATE REPORT
NATIONAL WEATHER SERVICE PADUCAH KY
1235 AM CST TUE FEB 13 2018


...................................

...THE EVANSVILLE IN CLIMATE SUMMARY FOR FEBRUARY 12 2018...

CLIMATE NORMAL PERIOD 1981 TO 2010
CLIMATE RECORD PERIOD 1896 TO 2018


WEATHER ITEM   OBSERVED TIME   RECORD YEAR NORMAL DEPARTURE LAST
                VALUE   (LST)  VALUE       VALUE  FROM      YEAR
                                                  NORMAL
..................................................................
TEMPERATURE (F)
 YESTERDAY
  MAXIMUM         40    357 PM  72    1938  45     -5       65
  MINIMUM         20    659 AM -11    1899  26     -6       38
  AVERAGE         30                        36     -6       52

PRECIPITATION (IN)
  YESTERDAY        0.00          1.52 1950   0.11  -0.11      T
  MONTH TO DATE    1.03                      1.40  -0.37     0.48
  SINCE DEC 1      6.42                      8.26  -1.84     6.67
  SINCE JAN 1      4.00                      4.50  -0.50     2.75

SNOWFALL (IN)
  YESTERDAY        0.0           5.4  1971   0.2   -0.2      0.0
  MONTH TO DATE    0.4                       1.8   -1.4       T
  SINCE DEC 1      7.5                       8.4   -0.9      0.4
  SINCE JUL 1      7.5                       8.7   -1.2      0.4
  SNOW DEPTH       0

DEGREE DAYS
 HEATING
  YESTERDAY       35                        29      6       13
  MONTH TO DATE  413                       367     46      282
  SINCE DEC 1   2377                      2285     92     1945
  SINCE JUL 1   3157                      3146     11     2475

 COOLING
  YESTERDAY        0                         0      0        0
  MONTH TO DATE    0                         0      0        0
  SINCE DEC 1      0                         0      0        0
  SINCE JAN 1      0                         0      0        0
..................................................................


WIND (MPH)
  HIGHEST WIND SPEED    15   HIGHEST WIND DIRECTION     N (20)
  HIGHEST GUST SPEED    23   HIGHEST GUST DIRECTION     N (360)
  AVERAGE WIND SPEED     8.4


SKY COVER
  AVERAGE SKY COVER 0.1


WEATHER CONDITIONS
 THE FOLLOWING WEATHER WAS RECORDED YESTERDAY.
  NO SIGNIFICANT WEATHER WAS OBSERVED.


RELATIVE HUMIDITY (PERCENT)
 HIGHEST    92
 LOWEST     59
 AVERAGE    76

..........................................................


THE EVANSVILLE IN CLIMATE NORMALS FOR TODAY
                         NORMAL    RECORD    YEAR
 MAXIMUM TEMPERATURE (F)   45        79      1962
 MINIMUM TEMPERATURE (F)   27       -13      1899


SUNRISE AND SUNSET
FEBRUARY 13 2018......SUNRISE   642 AM CST   SUNSET   527 PM CST
FEBRUARY 14 2018......SUNRISE   641 AM CST   SUNSET   528 PM CST


-  INDICATES NEGATIVE NUMBERS.
R  INDICATES RECORD WAS SET OR TIED.
MM INDICATES DATA IS MISSING.
T  INDICATES TRACE AMOUNT.




$$
