000
CDUS43 KPAH 180630
CLIEVV


CLIMATE REPORT
NATIONAL WEATHER SERVICE PADUCAH KY
128 AM CDT MON MAY 18 2015


...................................

...THE EVANSVILLE IN CLIMATE SUMMARY FOR MAY 17 2015...

CLIMATE NORMAL PERIOD 1981 TO 2010
CLIMATE RECORD PERIOD 1896 TO 2015


WEATHER ITEM   OBSERVED TIME   RECORD YEAR NORMAL DEPARTURE LAST
                VALUE   (LST)  VALUE       VALUE  FROM      YEAR
                                                  NORMAL
..................................................................
TEMPERATURE (F)
 YESTERDAY
  MAXIMUM         79    518 PM  95    1962  77      2       62
  MINIMUM         67    443 AM  41    1973  55     12       42
  AVERAGE         73                        66      7       52

PRECIPITATION (IN)
  YESTERDAY        0.23          4.92 1995   0.16   0.07     0.00
  MONTH TO DATE    2.23                      2.97  -0.74     3.64
  SINCE MAR 1     15.70                     11.58   4.12    17.46
  SINCE JAN 1     21.23                     17.85   3.38    21.41

SNOWFALL (IN)
  YESTERDAY        0.0           0.0  2002   0.0    0.0      0.0
                                      2001
  MONTH TO DATE    0.0                       0.0    0.0      0.0
  SINCE MAR 1      8.5                       1.1    7.4      2.6
  SINCE JUL 1     18.5                      11.8    6.7     12.6
  SNOW DEPTH       0

DEGREE DAYS
 HEATING
  YESTERDAY        0                         3     -3       13
  MONTH TO DATE   22                        64    -42       79
  SINCE MAR 1    837                       945   -108     1005
  SINCE JUL 1   4673                      4519    154     4967

 COOLING
  YESTERDAY        8                         4      4        0
  MONTH TO DATE   91                        39     52       74
  SINCE MAR 1    119                        66     53       84
  SINCE JAN 1    119                        66     53       84
..................................................................


WIND (MPH)
  HIGHEST WIND SPEED    18   HIGHEST WIND DIRECTION     S (190)
  HIGHEST GUST SPEED    21   HIGHEST GUST DIRECTION     S (200)
  AVERAGE WIND SPEED     9.1


SKY COVER
  AVERAGE SKY COVER 0.5


WEATHER CONDITIONS
 THE FOLLOWING WEATHER WAS RECORDED YESTERDAY.
  THUNDERSTORM
  HEAVY RAIN
  RAIN
  LIGHT RAIN
  FOG
  HAZE


RELATIVE HUMIDITY (PERCENT)
 HIGHEST    93
 LOWEST     73
 AVERAGE    83

..........................................................


THE EVANSVILLE IN CLIMATE NORMALS FOR TODAY
                         NORMAL    RECORD    YEAR
 MAXIMUM TEMPERATURE (F)   77        93      1962
 MINIMUM TEMPERATURE (F)   55        41      2002


SUNRISE AND SUNSET
MAY 18 2015...........SUNRISE   537 AM CDT   SUNSET   756 PM CDT
MAY 19 2015...........SUNRISE   537 AM CDT   SUNSET   757 PM CDT


-  INDICATES NEGATIVE NUMBERS.
R  INDICATES RECORD WAS SET OR TIED.
MM INDICATES DATA IS MISSING.
T  INDICATES TRACE AMOUNT.




$$
