000
CDUS43 KPAH 180626
CLIEVV


CLIMATE REPORT
NATIONAL WEATHER SERVICE PADUCAH KY
126 AM CDT TUE JUL 18 2017


...................................

...THE EVANSVILLE IN CLIMATE SUMMARY FOR JULY 17 2017...

CLIMATE NORMAL PERIOD 1981 TO 2010
CLIMATE RECORD PERIOD 1896 TO 2017


WEATHER ITEM   OBSERVED TIME   RECORD YEAR NORMAL DEPARTURE LAST
                VALUE   (LST)  VALUE       VALUE  FROM      YEAR
                                                  NORMAL
..................................................................
TEMPERATURE (F)
 YESTERDAY
  MAXIMUM         93    144 PM 101    1913  89      4       91
  MINIMUM         66    428 AM  49    1930  68     -2       68
  AVERAGE         80                        78      2       80

PRECIPITATION (IN)
  YESTERDAY        T             1.42 2004   0.13  -0.13     0.00
  MONTH TO DATE    1.45                      2.25  -0.80     5.99
  SINCE JUN 1      5.05                      6.03  -0.98    10.36
  SINCE JAN 1     26.05                     26.27  -0.22    32.11

SNOWFALL (IN)
  YESTERDAY        0.0          MM      MM   0.0    0.0      0.0
  MONTH TO DATE    0.0                       0.0    0.0      0.0
  SINCE JUN 1      0.0                       0.0    0.0      0.0
  SINCE JUL 1      0.0                       0.0    0.0      0.0
  SNOW DEPTH       0

DEGREE DAYS
 HEATING
  YESTERDAY        0                         0      0        0
  MONTH TO DATE    0                         0      0        0
  SINCE JUN 1      0                         6     -6        0
  SINCE JUL 1      0                         0      0        0

 COOLING
  YESTERDAY       15                        13      2       15
  MONTH TO DATE  238                       221     17      220
  SINCE JUN 1    544                       519     25      606
  SINCE JAN 1    769                       654    115      711
..................................................................


WIND (MPH)
  HIGHEST WIND SPEED     9   HIGHEST WIND DIRECTION    SW (210)
  HIGHEST GUST SPEED    12   HIGHEST GUST DIRECTION    SW (210)
  AVERAGE WIND SPEED     3.6


SKY COVER
  AVERAGE SKY COVER 0.3


WEATHER CONDITIONS
 THE FOLLOWING WEATHER WAS RECORDED YESTERDAY.
  NO SIGNIFICANT WEATHER WAS OBSERVED.


RELATIVE HUMIDITY (PERCENT)
 HIGHEST    93
 LOWEST     46
 AVERAGE    70

..........................................................


THE EVANSVILLE IN CLIMATE NORMALS FOR TODAY
                         NORMAL    RECORD    YEAR
 MAXIMUM TEMPERATURE (F)   89       103      2012
 MINIMUM TEMPERATURE (F)   68        53      1930


SUNRISE AND SUNSET
JULY 18 2017..........SUNRISE   542 AM CDT   SUNSET   810 PM CDT
JULY 19 2017..........SUNRISE   543 AM CDT   SUNSET   810 PM CDT


-  INDICATES NEGATIVE NUMBERS.
R  INDICATES RECORD WAS SET OR TIED.
MM INDICATES DATA IS MISSING.
T  INDICATES TRACE AMOUNT.




$$
