000
CDUS43 KPAH 080627
CLIEVV


CLIMATE REPORT
NATIONAL WEATHER SERVICE PADUCAH KY
1226 AM CST SUN JAN 8 2017


...................................

...THE EVANSVILLE IN CLIMATE SUMMARY FOR JANUARY 7 2017...

CLIMATE NORMAL PERIOD 1981 TO 2010
CLIMATE RECORD PERIOD 1896 TO 2017


WEATHER ITEM   OBSERVED TIME   RECORD YEAR NORMAL DEPARTURE LAST
                VALUE   (LST)  VALUE       VALUE  FROM      YEAR
                                                  NORMAL
..................................................................
TEMPERATURE (F)
 YESTERDAY
  MAXIMUM         20    338 PM  68    2008  41    -21       53
  MINIMUM          5    730 AM -12    1912  24    -19       26
  AVERAGE         13                        32    -19       40

PRECIPITATION (IN)
  YESTERDAY        0.00          1.49 1913   0.10  -0.10      T
  MONTH TO DATE    0.25                      0.70  -0.45      T
  SINCE DEC 1      4.17                      4.46  -0.29     5.20
  SINCE JAN 1      0.25                      0.70  -0.45      T

SNOWFALL (IN)
  YESTERDAY        0.0           5.5  1953   0.1   -0.1      0.0
  MONTH TO DATE    0.4                       0.8   -0.4       T
  SINCE DEC 1      0.4                       4.0   -3.6       T
  SINCE JUL 1      0.4                       4.3   -3.9       T
  SNOW DEPTH       0

DEGREE DAYS
 HEATING
  YESTERDAY       52                        33     19       25
  MONTH TO DATE  236                       226     10      210
  SINCE DEC 1   1136                      1137     -1      739
  SINCE JUL 1   1666                      1998   -332     1348

 COOLING
  YESTERDAY        0                         0      0        0
  MONTH TO DATE    0                         0      0        0
  SINCE DEC 1      0                         0      0        3
  SINCE JAN 1      0                         0      0        0
..................................................................


WIND (MPH)
  HIGHEST WIND SPEED    14   HIGHEST WIND DIRECTION     N (360)
  HIGHEST GUST SPEED    18   HIGHEST GUST DIRECTION     N (360)
  AVERAGE WIND SPEED     6.0


SKY COVER
  AVERAGE SKY COVER 0.1


WEATHER CONDITIONS
 THE FOLLOWING WEATHER WAS RECORDED YESTERDAY.
  NO SIGNIFICANT WEATHER WAS OBSERVED.


RELATIVE HUMIDITY (PERCENT)
 HIGHEST    76
 LOWEST     47
 AVERAGE    62

..........................................................


THE EVANSVILLE IN CLIMATE NORMALS FOR TODAY
                         NORMAL    RECORD    YEAR
 MAXIMUM TEMPERATURE (F)   41        68      1965
 MINIMUM TEMPERATURE (F)   24       -15      1942


SUNRISE AND SUNSET
JANUARY  8 2017.......SUNRISE   706 AM CST   SUNSET   448 PM CST
JANUARY  9 2017.......SUNRISE   706 AM CST   SUNSET   449 PM CST


-  INDICATES NEGATIVE NUMBERS.
R  INDICATES RECORD WAS SET OR TIED.
MM INDICATES DATA IS MISSING.
T  INDICATES TRACE AMOUNT.




$$
