579
CDUS43 KPAH 190627
CLIEVV


CLIMATE REPORT
NATIONAL WEATHER SERVICE PADUCAH KY
126 AM CDT WED APR 19 2017


...................................

...THE EVANSVILLE IN CLIMATE SUMMARY FOR APRIL 18 2017...

CLIMATE NORMAL PERIOD 1981 TO 2010
CLIMATE RECORD PERIOD 1896 TO 2017


WEATHER ITEM   OBSERVED TIME   RECORD YEAR NORMAL DEPARTURE LAST
                VALUE   (LST)  VALUE       VALUE  FROM      YEAR
                                                  NORMAL
..................................................................
TEMPERATURE (F)
 YESTERDAY
  MAXIMUM         79    339 PM  87    1971  69     10       83
  MINIMUM         59    430 AM  26    2001  45     14       49
  AVERAGE         69                        57     12       66

PRECIPITATION (IN)
  YESTERDAY        0.15          1.79 2013   0.15   0.00     0.00
  MONTH TO DATE    2.02                      2.47  -0.45     1.38
  SINCE MAR 1      5.87                      6.71  -0.84     7.25
  SINCE JAN 1      9.14                     12.98  -3.84    13.59

SNOWFALL (IN)
  YESTERDAY        0.0           1.8  1953   0.0    0.0      0.0
  MONTH TO DATE    0.0                       0.1   -0.1      0.0
  SINCE MAR 1      1.0                       1.1   -0.1       T
  SINCE JUL 1      1.4                      11.8  -10.4     14.2
  SNOW DEPTH       0

DEGREE DAYS
 HEATING
  YESTERDAY        0                         9     -9        0
  MONTH TO DATE   85                       205   -120      216
  SINCE MAR 1    583                       797   -214      621
  SINCE JUL 1   3282                      4371  -1089     3439

 COOLING
  YESTERDAY        4                         1      3        1
  MONTH TO DATE   32                        10     22        2
  SINCE MAR 1     37                        13     24        3
  SINCE JAN 1     37                        13     24        3
..................................................................


WIND (MPH)
  HIGHEST WIND SPEED    21   HIGHEST WIND DIRECTION    SW (240)
  HIGHEST GUST SPEED    27   HIGHEST GUST DIRECTION    SW (230)
  AVERAGE WIND SPEED     6.8


SKY COVER
  AVERAGE SKY COVER 0.8


WEATHER CONDITIONS
 THE FOLLOWING WEATHER WAS RECORDED YESTERDAY.
  HEAVY RAIN
  RAIN
  LIGHT RAIN
  FOG


RELATIVE HUMIDITY (PERCENT)
 HIGHEST    87
 LOWEST     52
 AVERAGE    70

..........................................................


THE EVANSVILLE IN CLIMATE NORMALS FOR TODAY
                         NORMAL    RECORD    YEAR
 MAXIMUM TEMPERATURE (F)   69        86      1971
                                             1915
 MINIMUM TEMPERATURE (F)   46        27      1983


SUNRISE AND SUNSET
APRIL 19 2017.........SUNRISE   609 AM CDT   SUNSET   730 PM CDT
APRIL 20 2017.........SUNRISE   607 AM CDT   SUNSET   731 PM CDT


-  INDICATES NEGATIVE NUMBERS.
R  INDICATES RECORD WAS SET OR TIED.
MM INDICATES DATA IS MISSING.
T  INDICATES TRACE AMOUNT.




$$
