126
CDUS43 KPAH 230638
CLIEVV


CLIMATE REPORT
NATIONAL WEATHER SERVICE PADUCAH KY
130 AM CDT THU MAR 23 2017


...................................

...THE EVANSVILLE IN CLIMATE SUMMARY FOR MARCH 22 2017...

CLIMATE NORMAL PERIOD 1981 TO 2010
CLIMATE RECORD PERIOD 1896 TO 2017


WEATHER ITEM   OBSERVED TIME   RECORD YEAR NORMAL DEPARTURE LAST
                VALUE   (LST)  VALUE       VALUE  FROM      YEAR
                                                  NORMAL
..................................................................
TEMPERATURE (F)
 YESTERDAY
  MAXIMUM         54    307 PM  80    1988  59     -5       67
  MINIMUM         36   1159 PM  18    1996  37     -1       40
  AVERAGE         45                        48     -3       54

PRECIPITATION (IN)
  YESTERDAY        0.00          1.60 1991   0.15  -0.15     0.00
  MONTH TO DATE    2.73                      2.91  -0.18     3.95
  SINCE MAR 1      2.73                      2.91  -0.18     3.95
  SINCE JAN 1      6.00                      9.18  -3.18    10.29

SNOWFALL (IN)
  YESTERDAY        0.0           4.8  1968   0.1   -0.1      0.0
  MONTH TO DATE    1.0                       0.9    0.1       T
  SINCE MAR 1      1.0                       0.9    0.1       T
  SINCE JUL 1      1.4                      11.6  -10.2     14.2
  SNOW DEPTH       0

DEGREE DAYS
 HEATING
  YESTERDAY       20                        17      3       11
  MONTH TO DATE  433                       451    -18      308
  SINCE MAR 1    433                       451    -18      308
  SINCE JUL 1   3132                      4025   -893     3126

 COOLING
  YESTERDAY        0                         0      0        0
  MONTH TO DATE    0                         0      0        1
  SINCE MAR 1      0                         0      0        1
  SINCE JAN 1      0                         0      0        1
..................................................................


WIND (MPH)
  HIGHEST WIND SPEED    20   HIGHEST WIND DIRECTION    NE (50)
  HIGHEST GUST SPEED    23   HIGHEST GUST DIRECTION    NE (50)
  AVERAGE WIND SPEED    11.0


SKY COVER
  AVERAGE SKY COVER 0.0


WEATHER CONDITIONS
 THE FOLLOWING WEATHER WAS RECORDED YESTERDAY.
  NO SIGNIFICANT WEATHER WAS OBSERVED.


RELATIVE HUMIDITY (PERCENT)
 HIGHEST    70
 LOWEST     24
 AVERAGE    47

..........................................................


THE EVANSVILLE IN CLIMATE NORMALS FOR TODAY
                         NORMAL    RECORD    YEAR
 MAXIMUM TEMPERATURE (F)   59        84      1910
 MINIMUM TEMPERATURE (F)   37        16      1968


SUNRISE AND SUNSET
MARCH 23 2017.........SUNRISE   649 AM CDT   SUNSET   705 PM CDT
MARCH 24 2017.........SUNRISE   647 AM CDT   SUNSET   706 PM CDT


-  INDICATES NEGATIVE NUMBERS.
R  INDICATES RECORD WAS SET OR TIED.
MM INDICATES DATA IS MISSING.
T  INDICATES TRACE AMOUNT.




$$
