000
CDUS43 KPAH 150634
CLIEVV


CLIMATE REPORT
NATIONAL WEATHER SERVICE PADUCAH KY
131 AM CDT MON SEP 15 2014


...................................

...THE EVANSVILLE IN CLIMATE SUMMARY FOR SEPTEMBER 14 2014...

CLIMATE NORMAL PERIOD 1981 TO 2010
CLIMATE RECORD PERIOD 1896 TO 2014


WEATHER ITEM   OBSERVED TIME   RECORD YEAR NORMAL DEPARTURE LAST
                VALUE   (LST)  VALUE       VALUE  FROM      YEAR
                                                  NORMAL
..................................................................
TEMPERATURE (F)
 YESTERDAY
  MAXIMUM         73    204 PM 100    1939  82     -9       75
  MINIMUM         49    541 AM  37    1964  58     -9       47
  AVERAGE         61                        70     -9       61

PRECIPITATION (IN)
  YESTERDAY        0.00          2.08 1978   0.11  -0.11     0.00
  MONTH TO DATE    1.64                      1.42   0.22     1.20
  SINCE SEP 1      1.64                      1.42   0.22     1.20
  SINCE JAN 1     35.82                     32.34   3.48    36.53

SNOWFALL (IN)
  YESTERDAY        0.0           0.0    MM   0.0    0.0      0.0
  MONTH TO DATE    0.0                       0.0    0.0      0.0
  SINCE SEP 1      0.0                       0.0    0.0      0.0
  SINCE JUL 1      0.0                       0.0    0.0      0.0
  SNOW DEPTH       0

DEGREE DAYS
 HEATING
  YESTERDAY        4                         1      3        4
  MONTH TO DATE   14                         4     10        4
  SINCE SEP 1     14                         4     10        4
  SINCE JUL 1     14                         5      9        4

 COOLING
  YESTERDAY        0                         6     -6        0
  MONTH TO DATE  108                       108      0      149
  SINCE SEP 1    108                       108      0      149
  SINCE JAN 1   1388                      1307     81     1341
..................................................................


WIND (MPH)
  HIGHEST WIND SPEED     8   HIGHEST WIND DIRECTION    NW (300)
  HIGHEST GUST SPEED     9   HIGHEST GUST DIRECTION    SW (230)
  AVERAGE WIND SPEED     2.1


SKY COVER
  AVERAGE SKY COVER 0.0


WEATHER CONDITIONS
 THE FOLLOWING WEATHER WAS RECORDED YESTERDAY.
  NO SIGNIFICANT WEATHER WAS OBSERVED.


RELATIVE HUMIDITY (PERCENT)
 HIGHEST    93
 LOWEST     38
 AVERAGE    66

..........................................................


THE EVANSVILLE IN CLIMATE NORMALS FOR TODAY
                         NORMAL    RECORD    YEAR
 MAXIMUM TEMPERATURE (F)   82        99      1939
 MINIMUM TEMPERATURE (F)   57        41      1996


SUNRISE AND SUNSET
SEPTEMBER 15 2014.....SUNRISE   632 AM CDT   SUNSET   658 PM CDT
SEPTEMBER 16 2014.....SUNRISE   633 AM CDT   SUNSET   657 PM CDT


-  INDICATES NEGATIVE NUMBERS.
R  INDICATES RECORD WAS SET OR TIED.
MM INDICATES DATA IS MISSING.
T  INDICATES TRACE AMOUNT.




$$
