000
CDUS43 KPAH 180627
CLIEVV


CLIMATE REPORT
NATIONAL WEATHER SERVICE PADUCAH KY
126 AM CDT SUN SEP 18 2016

...................................

...THE EVANSVILLE IN CLIMATE SUMMARY FOR SEPTEMBER 17 2016...

CLIMATE NORMAL PERIOD 1981 TO 2010
CLIMATE RECORD PERIOD 1896 TO 2016

WEATHER ITEM   OBSERVED TIME   RECORD YEAR NORMAL DEPARTURE LAST
                VALUE   (LST)  VALUE       VALUE  FROM      YEAR
                                                  NORMAL
..................................................................
TEMPERATURE (F)
 YESTERDAY
  MAXIMUM         81    429 PM  96    1931  81      0       86
                                      1927
  MINIMUM         69   1151 PM  44    1999  56     13       56
                                      1984
                                      1961
  AVERAGE         75                        69      6       71

PRECIPITATION (IN)
  YESTERDAY        0.48          2.37 2012   0.10   0.38     0.00
  MONTH TO DATE    2.43                      1.73   0.70     0.13
  SINCE SEP 1      2.43                      1.73   0.70     0.13
  SINCE JAN 1     40.89                     32.65   8.24    37.69

SNOWFALL (IN)
  YESTERDAY        0.0           0.0    MM   0.0    0.0      0.0
  MONTH TO DATE    0.0                       0.0    0.0      0.0
  SINCE SEP 1      0.0                       0.0    0.0      0.0
  SINCE JUL 1      0.0                       0.0    0.0      0.0
  SNOW DEPTH       0

DEGREE DAYS
 HEATING
  YESTERDAY        0                         1     -1        0
  MONTH TO DATE    0                         7     -7        6
  SINCE SEP 1      0                         7     -7        6
  SINCE JUL 1      0                         8     -8        6

 COOLING
  YESTERDAY       10                         5      5        6
  MONTH TO DATE  185                       123     62      163
  SINCE SEP 1    185                       123     62      163
  SINCE JAN 1   1571                      1322    249     1462
..................................................................

WIND (MPH)
  HIGHEST WIND SPEED    15   HIGHEST WIND DIRECTION    SW (230)
  HIGHEST GUST SPEED    19   HIGHEST GUST DIRECTION    SW (220)
  AVERAGE WIND SPEED     5.4

SKY COVER
  AVERAGE SKY COVER 0.6

WEATHER CONDITIONS
 THE FOLLOWING WEATHER WAS RECORDED YESTERDAY.
  HEAVY RAIN
  RAIN
  LIGHT RAIN
  FOG

RELATIVE HUMIDITY (PERCENT)
 HIGHEST    93
 LOWEST     67
 AVERAGE    80
..........................................................

THE EVANSVILLE IN CLIMATE NORMALS FOR TODAY
                         NORMAL    RECORD    YEAR
 MAXIMUM TEMPERATURE (F)   81        98      1953
                                             1908
 MINIMUM TEMPERATURE (F)   56        42      1901

SUNRISE AND SUNSET
SEPTEMBER 18 2016.....SUNRISE   635 AM CDT   SUNSET   653 PM CDT
SEPTEMBER 19 2016.....SUNRISE   636 AM CDT   SUNSET   651 PM CDT

-  INDICATES NEGATIVE NUMBERS.
R  INDICATES RECORD WAS SET OR TIED.
MM INDICATES DATA IS MISSING.
T  INDICATES TRACE AMOUNT.

$$
