000
CDUS43 KPAH 150632
CLIEVV


CLIMATE REPORT
NATIONAL WEATHER SERVICE PADUCAH KY
131 AM CDT THU JUN 15 2017


...................................

...THE EVANSVILLE IN CLIMATE SUMMARY FOR JUNE 14 2017...

CLIMATE NORMAL PERIOD 1981 TO 2010
CLIMATE RECORD PERIOD 1896 TO 2017


WEATHER ITEM   OBSERVED TIME   RECORD YEAR NORMAL DEPARTURE LAST
                VALUE   (LST)  VALUE       VALUE  FROM      YEAR
                                                  NORMAL
..................................................................
TEMPERATURE (F)
 YESTERDAY
  MAXIMUM         94    308 PM  96    1920  86      8       93
                                      1897
  MINIMUM         72    436 AM  49    1955  64      8       75
  AVERAGE         83                        75      8       84

PRECIPITATION (IN)
  YESTERDAY        T             0.96 1944   0.13  -0.13     0.01
  MONTH TO DATE    0.06                      1.96  -1.90     1.20
  SINCE JUN 1      0.06                      1.96  -1.90     1.20
  SINCE JAN 1     21.06                     22.20  -1.14    22.95

SNOWFALL (IN)
  YESTERDAY        0.0          MM      MM   0.0    0.0      0.0
  MONTH TO DATE    0.0                       0.0    0.0      0.0
  SINCE JUN 1      0.0                       0.0    0.0      0.0
  SINCE JUL 1      1.4                      11.8  -10.4     14.2
  SNOW DEPTH       0

DEGREE DAYS
 HEATING
  YESTERDAY        0                         0      0        0
  MONTH TO DATE    0                         4     -4        0
  SINCE JUN 1      0                         4     -4        0
  SINCE JUL 1   3392                      4545  -1153     3578

 COOLING
  YESTERDAY       18                        10      8       19
  MONTH TO DATE  150                       113     37      142
  SINCE JUN 1    150                       113     37      142
  SINCE JAN 1    375                       248    127      247
..................................................................


WIND (MPH)
  HIGHEST WIND SPEED    18   HIGHEST WIND DIRECTION    NW (320)
  HIGHEST GUST SPEED    30   HIGHEST GUST DIRECTION    NW (310)
  AVERAGE WIND SPEED     9.4


SKY COVER
  AVERAGE SKY COVER 0.2


WEATHER CONDITIONS
 THE FOLLOWING WEATHER WAS RECORDED YESTERDAY.
  THUNDERSTORM


RELATIVE HUMIDITY (PERCENT)
 HIGHEST    87
 LOWEST     41
 AVERAGE    64

..........................................................


THE EVANSVILLE IN CLIMATE NORMALS FOR TODAY
                         NORMAL    RECORD    YEAR
 MAXIMUM TEMPERATURE (F)   86       100      1952
 MINIMUM TEMPERATURE (F)   64        49      1917


SUNRISE AND SUNSET
JUNE 15 2017..........SUNRISE   527 AM CDT   SUNSET   815 PM CDT
JUNE 16 2017..........SUNRISE   527 AM CDT   SUNSET   815 PM CDT


-  INDICATES NEGATIVE NUMBERS.
R  INDICATES RECORD WAS SET OR TIED.
MM INDICATES DATA IS MISSING.
T  INDICATES TRACE AMOUNT.




$$
