000
CDUS43 KPAH 250633
CLIEVV


CLIMATE REPORT
NATIONAL WEATHER SERVICE PADUCAH KY
128 AM CDT WED MAY 25 2016


...................................

...THE EVANSVILLE IN CLIMATE SUMMARY FOR MAY 24 2016...

CLIMATE NORMAL PERIOD 1981 TO 2010
CLIMATE RECORD PERIOD 1896 TO 2016


WEATHER ITEM   OBSERVED TIME   RECORD YEAR NORMAL DEPARTURE LAST
                VALUE   (LST)  VALUE       VALUE  FROM      YEAR
                                                  NORMAL
..................................................................
TEMPERATURE (F)
 YESTERDAY
  MAXIMUM         82    226 PM  93    1939  79      3       84
                                      1921
  MINIMUM         54    456 AM  39    1963  57     -3       59
  AVERAGE         68                        68      0       72

PRECIPITATION (IN)
  YESTERDAY        0.00          2.09 2006   0.17  -0.17     0.13
  MONTH TO DATE    3.75                      4.16  -0.41     2.56
  SINCE MAR 1     15.11                     12.77   2.34    16.03
  SINCE JAN 1     21.45                     19.04   2.41    21.56

SNOWFALL (IN)
  YESTERDAY        0.0                       0.0    0.0      0.0
  MONTH TO DATE    0.0                       0.0    0.0      0.0
  SINCE MAR 1      T                         1.1   -1.1      8.5
  SINCE JUL 1     14.2                      11.8    2.4     18.5
  SNOW DEPTH       0

DEGREE DAYS
 HEATING
  YESTERDAY        0                         2     -2        0
  MONTH TO DATE  114                        78     36       52
  SINCE MAR 1    760                       959   -199      867
  SINCE JUL 1   3578                      4533   -955     4703

 COOLING
  YESTERDAY        3                         5     -2        7
  MONTH TO DATE   20                        69    -49      110
  SINCE MAR 1     42                        96    -54      138
  SINCE JAN 1     42                        96    -54      138
..................................................................


WIND (MPH)
  HIGHEST WIND SPEED    14   HIGHEST WIND DIRECTION    SW (210)
  HIGHEST GUST SPEED    18   HIGHEST GUST DIRECTION    SW (210)
  AVERAGE WIND SPEED     4.1


SKY COVER
  AVERAGE SKY COVER 0.4


WEATHER CONDITIONS
 THE FOLLOWING WEATHER WAS RECORDED YESTERDAY.
  NO SIGNIFICANT WEATHER WAS OBSERVED.


RELATIVE HUMIDITY (PERCENT)
 HIGHEST    89
 LOWEST     42
 AVERAGE    66

..........................................................


THE EVANSVILLE IN CLIMATE NORMALS FOR TODAY
                         NORMAL    RECORD    YEAR
 MAXIMUM TEMPERATURE (F)   80        94      1911
 MINIMUM TEMPERATURE (F)   57        35      1925


SUNRISE AND SUNSET
MAY 25 2016...........SUNRISE   532 AM CDT   SUNSET   802 PM CDT
MAY 26 2016...........SUNRISE   532 AM CDT   SUNSET   803 PM CDT


-  INDICATES NEGATIVE NUMBERS.
R  INDICATES RECORD WAS SET OR TIED.
MM INDICATES DATA IS MISSING.
T  INDICATES TRACE AMOUNT.




$$
