000
CDUS43 KPAH 190644
CLIEVV


CLIMATE REPORT
NATIONAL WEATHER SERVICE PADUCAH KY
143 AM CDT FRI SEP 19 2014


...................................

...THE EVANSVILLE IN CLIMATE SUMMARY FOR SEPTEMBER 18 2014...

CLIMATE NORMAL PERIOD 1981 TO 2010
CLIMATE RECORD PERIOD 1896 TO 2014


WEATHER ITEM   OBSERVED TIME   RECORD YEAR NORMAL DEPARTURE LAST
                VALUE   (LST)  VALUE       VALUE  FROM      YEAR
                                                  NORMAL
..................................................................
TEMPERATURE (F)
 YESTERDAY
  MAXIMUM         75    351 PM  98    1953  81     -6       82
                                      1908
  MINIMUM         57   1049 PM  42    1901  56      1       63
  AVERAGE         66                        68     -2       73

PRECIPITATION (IN)
  YESTERDAY        0.00          2.70 1986   0.09  -0.09     0.20
  MONTH TO DATE    1.64                      1.82  -0.18     1.50
  SINCE SEP 1      1.64                      1.82  -0.18     1.50
  SINCE JAN 1     35.82                     32.74   3.08    36.83

SNOWFALL (IN)
  YESTERDAY        0.0           0.0    MM   0.0    0.0      0.0
  MONTH TO DATE    0.0                       0.0    0.0      0.0
  SINCE SEP 1      0.0                       0.0    0.0      0.0
  SINCE JUL 1      0.0                       0.0    0.0      0.0
  SNOW DEPTH       0

DEGREE DAYS
 HEATING
  YESTERDAY        0                         2     -2        0
  MONTH TO DATE   27                         9     18        4
  SINCE SEP 1     27                         9     18        4
  SINCE JUL 1     27                        10     17        4

 COOLING
  YESTERDAY        1                         5     -4        8
  MONTH TO DATE  109                       128    -19      162
  SINCE SEP 1    109                       128    -19      162
  SINCE JAN 1   1389                      1327     62     1354
..................................................................


WIND (MPH)
  HIGHEST WIND SPEED    13   HIGHEST WIND DIRECTION     E (90)
  HIGHEST GUST SPEED    16   HIGHEST GUST DIRECTION     E (70)
  AVERAGE WIND SPEED     6.1


SKY COVER
  AVERAGE SKY COVER 0.4


WEATHER CONDITIONS
 THE FOLLOWING WEATHER WAS RECORDED YESTERDAY.
  NO SIGNIFICANT WEATHER WAS OBSERVED.


RELATIVE HUMIDITY (PERCENT)
 HIGHEST    80
 LOWEST     41
 AVERAGE    61

..........................................................


THE EVANSVILLE IN CLIMATE NORMALS FOR TODAY
                         NORMAL    RECORD    YEAR
 MAXIMUM TEMPERATURE (F)   80        97      1954
                                             1925
 MINIMUM TEMPERATURE (F)   55        42      1901


SUNRISE AND SUNSET
SEPTEMBER 19 2014.....SUNRISE   635 AM CDT   SUNSET   652 PM CDT
SEPTEMBER 20 2014.....SUNRISE   636 AM CDT   SUNSET   650 PM CDT


-  INDICATES NEGATIVE NUMBERS.
R  INDICATES RECORD WAS SET OR TIED.
MM INDICATES DATA IS MISSING.
T  INDICATES TRACE AMOUNT.




$$
