000
CDUS43 KPAH 232129
CLIEVV


CLIMATE REPORT
NATIONAL WEATHER SERVICE PADUCAH KY
427 PM CDT FRI SEP 23 2016


...................................

...THE EVANSVILLE IN CLIMATE SUMMARY FOR SEPTEMBER 23 2016...
VALID TODAY AS OF 0400 PM LOCAL TIME.

CLIMATE NORMAL PERIOD 1981 TO 2010
CLIMATE RECORD PERIOD 1896 TO 2016


WEATHER ITEM   OBSERVED TIME   RECORD YEAR NORMAL DEPARTURE LAST
                VALUE   (LST)  VALUE       VALUE  FROM      YEAR
                                                  NORMAL
..................................................................
TEMPERATURE (F)
 TODAY
  MAXIMUM         92    159 PM  96    2010  78     14       87
  MINIMUM         65    453 AM  36    1995  54     11       52
  AVERAGE         79                        66     13       70

PRECIPITATION (IN)
  TODAY            0.00          2.40 1955   0.10  -0.10     0.00
  MONTH TO DATE    2.43                      2.31   0.12     0.13
  SINCE SEP 1      2.43                      2.31   0.12     0.13
  SINCE JAN 1     40.89                     33.23   7.66    37.69

SNOWFALL (IN)
  TODAY            0.0                                       0.0
  MONTH TO DATE    0.0                                       0.0
  SINCE JUL 1      0.0                                       0.0
  SNOW DEPTH       0

..................................................................


WIND (MPH)
  HIGHEST WIND SPEED     9   HIGHEST WIND DIRECTION    SW (240)
  HIGHEST GUST SPEED    14   HIGHEST GUST DIRECTION    SW (240)




..........................................................


THE EVANSVILLE IN CLIMATE NORMALS FOR TOMORROW
                         NORMAL    RECORD    YEAR
 MAXIMUM TEMPERATURE (F)   78        94      2007
                                             1961
 MINIMUM TEMPERATURE (F)   53        34      1983


SUNRISE AND SUNSET
SEPTEMBER 23 2016.....SUNRISE   639 AM CDT   SUNSET   645 PM CDT
SEPTEMBER 24 2016.....SUNRISE   640 AM CDT   SUNSET   643 PM CDT


-  INDICATES NEGATIVE NUMBERS.
R  INDICATES RECORD WAS SET OR TIED.
MM INDICATES DATA IS MISSING.
T  INDICATES TRACE AMOUNT.




$$
