000
CDUS43 KPAH 210633
CLIEVV


CLIMATE REPORT
NATIONAL WEATHER SERVICE PADUCAH KY
130 AM CDT TUE OCT 21 2014


...................................

...THE EVANSVILLE IN CLIMATE SUMMARY FOR OCTOBER 20 2014...

CLIMATE NORMAL PERIOD 1981 TO 2010
CLIMATE RECORD PERIOD 1896 TO 2014


WEATHER ITEM   OBSERVED TIME   RECORD YEAR NORMAL DEPARTURE LAST
                VALUE   (LST)  VALUE       VALUE  FROM      YEAR
                                                  NORMAL
..................................................................
TEMPERATURE (F)
 YESTERDAY
  MAXIMUM         72    332 PM  89    1963  68      4       65
  MINIMUM         46    129 AM  24    1972  44      2       41
  AVERAGE         59                        56      3       53

PRECIPITATION (IN)
  YESTERDAY        0.06          0.95 1993   0.10  -0.04     0.00
  MONTH TO DATE    3.66                      2.04   1.62     4.83
  SINCE SEP 1      6.21                      5.09   1.12     7.64
  SINCE JAN 1     40.39                     36.01   4.38    42.97

SNOWFALL (IN)
  YESTERDAY        0.0           T    1989   0.0    0.0      0.0
  MONTH TO DATE    0.0                       0.1   -0.1      0.0
  SINCE SEP 1      0.0                       0.1   -0.1      0.0
  SINCE JUL 1      0.0                       0.1   -0.1      0.0
  SNOW DEPTH       0

DEGREE DAYS
 HEATING
  YESTERDAY        6                         9     -3       12
  MONTH TO DATE  117                       138    -21       84
  SINCE SEP 1    153                       184    -31       94
  SINCE JUL 1    153                       185    -32       94

 COOLING
  YESTERDAY        0                         1     -1        0
  MONTH TO DATE   28                        27      1       55
  SINCE SEP 1    191                       194     -3      270
  SINCE JAN 1   1471                      1393     78     1462
..................................................................


WIND (MPH)
  HIGHEST WIND SPEED    17   HIGHEST WIND DIRECTION    SW (240)
  HIGHEST GUST SPEED    23   HIGHEST GUST DIRECTION    SW (240)
  AVERAGE WIND SPEED     7.5


SKY COVER
  AVERAGE SKY COVER 0.4


WEATHER CONDITIONS
 THE FOLLOWING WEATHER WAS RECORDED YESTERDAY.
  LIGHT RAIN
  FOG


RELATIVE HUMIDITY (PERCENT)
 HIGHEST    93
 LOWEST     48
 AVERAGE    71

..........................................................


THE EVANSVILLE IN CLIMATE NORMALS FOR TODAY
                         NORMAL    RECORD    YEAR
 MAXIMUM TEMPERATURE (F)   68        90      1963
 MINIMUM TEMPERATURE (F)   44        26      1952


SUNRISE AND SUNSET
OCTOBER 21 2014.......SUNRISE   705 AM CDT   SUNSET   604 PM CDT
OCTOBER 22 2014.......SUNRISE   706 AM CDT   SUNSET   603 PM CDT


-  INDICATES NEGATIVE NUMBERS.
R  INDICATES RECORD WAS SET OR TIED.
MM INDICATES DATA IS MISSING.
T  INDICATES TRACE AMOUNT.




$$
