000
CDUS43 KPAH 022132
CLIEVV


CLIMATE REPORT
NATIONAL WEATHER SERVICE PADUCAH KY
431 PM CDT SUN AUG 2 2015


...................................

...THE EVANSVILLE IN CLIMATE SUMMARY FOR AUGUST 2 2015...
VALID TODAY AS OF 0400 PM LOCAL TIME.

CLIMATE NORMAL PERIOD 1981 TO 2010
CLIMATE RECORD PERIOD 1896 TO 2015


WEATHER ITEM   OBSERVED TIME   RECORD YEAR NORMAL DEPARTURE LAST
                VALUE   (LST)  VALUE       VALUE  FROM      YEAR
                                                  NORMAL
..................................................................
TEMPERATURE (F)
 TODAY
  MAXIMUM         90    259 PM  99    2012  88      2       87
  MINIMUM         66    540 AM  57    1977  67     -1       66
                                      1965
  AVERAGE         78                        78      0       77

PRECIPITATION (IN)
  TODAY            0.00          2.31 2012   0.10  -0.10     0.00
  MONTH TO DATE    0.00                      0.20  -0.20      T
  SINCE JUN 1     12.06                      7.90   4.16     7.89
  SINCE JAN 1     34.50                     28.14   6.36    29.38

SNOWFALL (IN)
  TODAY            0.0                                       0.0
  MONTH TO DATE    0.0                                       0.0
  SINCE JUL 1      0.0                                       0.0
  SNOW DEPTH       0

..................................................................


WIND (MPH)
  HIGHEST WIND SPEED    13   HIGHEST WIND DIRECTION    SW (240)
  HIGHEST GUST SPEED    16   HIGHEST GUST DIRECTION    SW (220)




..........................................................


THE EVANSVILLE IN CLIMATE NORMALS FOR TOMORROW
                         NORMAL    RECORD    YEAR
 MAXIMUM TEMPERATURE (F)   88       102      1964
 MINIMUM TEMPERATURE (F)   67        51      1965


SUNRISE AND SUNSET
AUGUST  2 2015........SUNRISE   554 AM CDT   SUNSET   759 PM CDT
AUGUST  3 2015........SUNRISE   555 AM CDT   SUNSET   758 PM CDT


-  INDICATES NEGATIVE NUMBERS.
R  INDICATES RECORD WAS SET OR TIED.
MM INDICATES DATA IS MISSING.
T  INDICATES TRACE AMOUNT.




$$
