000
CDUS43 KPAH 200627
CLIEVV


CLIMATE REPORT
NATIONAL WEATHER SERVICE PADUCAH KY
1226 AM CST FRI JAN 20 2017

...................................

...THE EVANSVILLE IN CLIMATE SUMMARY FOR JANUARY 19 2017...

CLIMATE NORMAL PERIOD 1981 TO 2010
CLIMATE RECORD PERIOD 1896 TO 2017

WEATHER ITEM   OBSERVED TIME   RECORD YEAR NORMAL DEPARTURE LAST
                VALUE   (LST)  VALUE       VALUE  FROM      YEAR
                                                  NORMAL
..................................................................
TEMPERATURE (F)
 YESTERDAY
  MAXIMUM         54   1144 PM  69    1951  41     13       27
  MINIMUM         40    239 AM -17    1994  24     16       13
  AVERAGE         47                        32     15       20

PRECIPITATION (IN)
  YESTERDAY        0.39          2.18 1990   0.10   0.29     0.05
  MONTH TO DATE    2.19                      1.86   0.33     1.55
  SINCE DEC 1      6.11                      5.62   0.49     6.75
  SINCE JAN 1      2.19                      1.86   0.33     1.55

SNOWFALL (IN)
  YESTERDAY        0.0           2.6  2002   0.1   -0.1       T
  MONTH TO DATE    0.4                       2.0   -1.6      2.5
  SINCE DEC 1      0.4                       5.2   -4.8      2.5
  SINCE JUL 1      0.4                       5.5   -5.1      2.5
  SNOW DEPTH       0

DEGREE DAYS
 HEATING
  YESTERDAY       18                        33    -15       45
  MONTH TO DATE  511                       622   -111      617
  SINCE DEC 1   1411                      1533   -122     1146
  SINCE JUL 1   1941                      2394   -453     1755

 COOLING
  YESTERDAY        0                         0      0        0
  MONTH TO DATE    0                         0      0        0
  SINCE DEC 1      0                         0      0        3
  SINCE JAN 1      0                         0      0        0
..................................................................

WIND (MPH)
  HIGHEST WIND SPEED     9   HIGHEST WIND DIRECTION    SE (130)
  HIGHEST GUST SPEED    11   HIGHEST GUST DIRECTION     E (100)
  AVERAGE WIND SPEED     4.6

SKY COVER
  AVERAGE SKY COVER 0.9

WEATHER CONDITIONS
 THE FOLLOWING WEATHER WAS RECORDED YESTERDAY.
  RAIN
  LIGHT RAIN
  FOG

RELATIVE HUMIDITY (PERCENT)
 HIGHEST   100
 LOWEST     71
 AVERAGE    86
..........................................................

THE EVANSVILLE IN CLIMATE NORMALS FOR TODAY
                         NORMAL    RECORD    YEAR
 MAXIMUM TEMPERATURE (F)   41        71      1906
 MINIMUM TEMPERATURE (F)   24       -16      1985

SUNRISE AND SUNSET
JANUARY 20 2017.......SUNRISE   703 AM CST   SUNSET   500 PM CST
JANUARY 21 2017.......SUNRISE   702 AM CST   SUNSET   501 PM CST

-  INDICATES NEGATIVE NUMBERS.
R  INDICATES RECORD WAS SET OR TIED.
MM INDICATES DATA IS MISSING.
T  INDICATES TRACE AMOUNT.

$$
