932
CDUS43 KPAH 250634
CLIEVV


CLIMATE REPORT
NATIONAL WEATHER SERVICE PADUCAH KY
133 AM CDT SUN SEP 25 2016


...................................

...THE EVANSVILLE IN CLIMATE SUMMARY FOR SEPTEMBER 24 2016...

CLIMATE NORMAL PERIOD 1981 TO 2010
CLIMATE RECORD PERIOD 1896 TO 2016


WEATHER ITEM   OBSERVED TIME   RECORD YEAR NORMAL DEPARTURE LAST
                VALUE   (LST)  VALUE       VALUE  FROM      YEAR
                                                  NORMAL
..................................................................
TEMPERATURE (F)
 YESTERDAY
  MAXIMUM         94R   224 PM  94    2007  78     16       88
                                      1961
  MINIMUM         65    549 AM  34    1983  53     12       56
  AVERAGE         80                        66     14       72

PRECIPITATION (IN)
  YESTERDAY        0.00          2.23 1984   0.10  -0.10     0.00
  MONTH TO DATE    2.43                      2.41   0.02     0.13
  SINCE SEP 1      2.43                      2.41   0.02     0.13
  SINCE JAN 1     40.89                     33.33   7.56    37.69

SNOWFALL (IN)
  YESTERDAY        0.0           0.0  2002   0.0    0.0      0.0
                                      2001
  MONTH TO DATE    0.0                       0.0    0.0      0.0
  SINCE SEP 1      0.0                       0.0    0.0      0.0
  SINCE JUL 1      0.0                       0.0    0.0      0.0
  SNOW DEPTH       0

DEGREE DAYS
 HEATING
  YESTERDAY        0                         3     -3        0
  MONTH TO DATE    0                        23    -23        6
  SINCE SEP 1      0                        23    -23        6
  SINCE JUL 1      0                        24    -24        6

 COOLING
  YESTERDAY       15                         3     12        7
  MONTH TO DATE  266                       150    116      197
  SINCE SEP 1    266                       150    116      197
  SINCE JAN 1   1652                      1349    303     1496
..................................................................


WIND (MPH)
  HIGHEST WIND SPEED     9   HIGHEST WIND DIRECTION     W (270)
  HIGHEST GUST SPEED    11   HIGHEST GUST DIRECTION     W (270)
  AVERAGE WIND SPEED     1.3


SKY COVER
  AVERAGE SKY COVER 0.0


WEATHER CONDITIONS
 THE FOLLOWING WEATHER WAS RECORDED YESTERDAY.
  FOG
  HAZE


RELATIVE HUMIDITY (PERCENT)
 HIGHEST    93
 LOWEST     38
 AVERAGE    66

..........................................................


THE EVANSVILLE IN CLIMATE NORMALS FOR TODAY
                         NORMAL    RECORD    YEAR
 MAXIMUM TEMPERATURE (F)   78        92      1931
 MINIMUM TEMPERATURE (F)   53        37      1950


SUNRISE AND SUNSET
SEPTEMBER 25 2016.....SUNRISE   641 AM CDT   SUNSET   642 PM CDT
SEPTEMBER 26 2016.....SUNRISE   642 AM CDT   SUNSET   640 PM CDT


-  INDICATES NEGATIVE NUMBERS.
R  INDICATES RECORD WAS SET OR TIED.
MM INDICATES DATA IS MISSING.
T  INDICATES TRACE AMOUNT.




$$
