060
CDUS43 KPAH 220634
CLIEVV


CLIMATE REPORT
NATIONAL WEATHER SERVICE PADUCAH KY
1230 AM CST MON JAN 22 2018


...................................

...THE EVANSVILLE IN CLIMATE SUMMARY FOR JANUARY 21 2018...

CLIMATE NORMAL PERIOD 1981 TO 2010
CLIMATE RECORD PERIOD 1896 TO 2018


WEATHER ITEM   OBSERVED TIME   RECORD YEAR NORMAL DEPARTURE LAST
                VALUE   (LST)  VALUE       VALUE  FROM      YEAR
                                                  NORMAL
..................................................................
TEMPERATURE (F)
 YESTERDAY
  MAXIMUM         56   1159 PM  71    1986  41     15       69
  MINIMUM         40    617 AM -15    1984  24     16       44
  AVERAGE         48                        32     16       57

PRECIPITATION (IN)
  YESTERDAY        0.00          2.62 1959   0.10  -0.10     0.00
  MONTH TO DATE    1.83                      2.06  -0.23     2.26
  SINCE DEC 1      4.25                      5.82  -1.57     6.18
  SINCE JAN 1      1.83                      2.06  -0.23     2.26

SNOWFALL (IN)
  YESTERDAY        0.0           0.8  1979   0.1   -0.1      0.0
  MONTH TO DATE    7.1                       2.2    4.9      0.4
  SINCE DEC 1      7.1                       5.4    1.7      0.4
  SINCE JUL 1      7.1                       5.7    1.4      0.4
  SNOW DEPTH       0

DEGREE DAYS
 HEATING
  YESTERDAY       17                        33    -16        8
  MONTH TO DATE  837                       688    149      528
  SINCE DEC 1   1718                      1599    119     1428
  SINCE JUL 1   2498                      2460     38     1958

 COOLING
  YESTERDAY        0                         0      0        0
  MONTH TO DATE    0                         0      0        0
  SINCE DEC 1      0                         0      0        0
  SINCE JAN 1      0                         0      0        0
..................................................................


WIND (MPH)
  HIGHEST WIND SPEED    14   HIGHEST WIND DIRECTION     S (190)
  HIGHEST GUST SPEED    21   HIGHEST GUST DIRECTION     S (180)
  AVERAGE WIND SPEED     5.7


SKY COVER
  AVERAGE SKY COVER 0.9


WEATHER CONDITIONS
 THE FOLLOWING WEATHER WAS RECORDED YESTERDAY.
  NO SIGNIFICANT WEATHER WAS OBSERVED.


RELATIVE HUMIDITY (PERCENT)
 HIGHEST   100
 LOWEST     80
 AVERAGE    90

..........................................................


THE EVANSVILLE IN CLIMATE NORMALS FOR TODAY
                         NORMAL    RECORD    YEAR
 MAXIMUM TEMPERATURE (F)   41        70      1964
 MINIMUM TEMPERATURE (F)   24        -6      1977
                                             1936


SUNRISE AND SUNSET
JANUARY 22 2018.......SUNRISE   702 AM CST   SUNSET   502 PM CST
JANUARY 23 2018.......SUNRISE   701 AM CST   SUNSET   503 PM CST


-  INDICATES NEGATIVE NUMBERS.
R  INDICATES RECORD WAS SET OR TIED.
MM INDICATES DATA IS MISSING.
T  INDICATES TRACE AMOUNT.




$$
