000
CDUS43 KPAH 310629
CLIEVV


CLIMATE REPORT
NATIONAL WEATHER SERVICE PADUCAH KY
127 AM CDT SUN AUG 31 2014

...................................

...THE EVANSVILLE IN CLIMATE SUMMARY FOR AUGUST 30 2014...

CLIMATE NORMAL PERIOD 1981 TO 2010
CLIMATE RECORD PERIOD 1896 TO 2014

WEATHER ITEM   OBSERVED TIME   RECORD YEAR NORMAL DEPARTURE LAST
                VALUE   (LST)  VALUE       VALUE  FROM      YEAR
                                                  NORMAL
..................................................................
TEMPERATURE (F)
 YESTERDAY
  MAXIMUM         80   1110 AM  99    1951  87     -7       96
  MINIMUM         71    813 PM  44    1986  63      8       72
  AVERAGE         76                        75      1       84

PRECIPITATION (IN)
  YESTERDAY        0.48          3.03 2005   0.09   0.39     0.00
  MONTH TO DATE    4.71                      2.88   1.83     1.36
  SINCE JUN 1     12.60                     10.58   2.02    12.50
  SINCE JAN 1     34.09                     30.82   3.27    35.05

SNOWFALL (IN)
  YESTERDAY        0.0           0.0  2002   0.0    0.0      0.0
                                      2001
  MONTH TO DATE    0.0                       0.0    0.0      0.0
  SINCE JUN 1      0.0                       0.0    0.0      0.0
  SINCE JUL 1      0.0                       0.0    0.0      0.0
  SNOW DEPTH       0

DEGREE DAYS
 HEATING
  YESTERDAY        0                         0      0        0
  MONTH TO DATE    0                         0      0        0
  SINCE JUN 1      0                         6     -6        1
  SINCE JUL 1      0                         0      0        0

 COOLING
  YESTERDAY       11                        10      1       19
  MONTH TO DATE  399                       351     48      356
  SINCE JUN 1   1056                      1052      4     1003
  SINCE JAN 1   1267                      1187     80     1174
..................................................................

WIND (MPH)
  HIGHEST WIND SPEED    13   HIGHEST WIND DIRECTION    SW (210)
  HIGHEST GUST SPEED    17   HIGHEST GUST DIRECTION    SW (210)
  AVERAGE WIND SPEED     4.7

SKY COVER
  AVERAGE SKY COVER 0.3

WEATHER CONDITIONS
 THE FOLLOWING WEATHER WAS RECORDED YESTERDAY.
  HEAVY RAIN
  RAIN
  LIGHT RAIN
  FOG

RELATIVE HUMIDITY (PERCENT)
 HIGHEST    94
 LOWEST     62
 AVERAGE    78
..........................................................

THE EVANSVILLE IN CLIMATE NORMALS FOR TODAY
                         NORMAL    RECORD    YEAR
 MAXIMUM TEMPERATURE (F)   87       100      1953
                                             1951
 MINIMUM TEMPERATURE (F)   63        46      1946

SUNRISE AND SUNSET
AUGUST 31 2014........SUNRISE   619 AM CDT   SUNSET   721 PM CDT
SEPTEMBER  1 2014.....SUNRISE   620 AM CDT   SUNSET   720 PM CDT

-  INDICATES NEGATIVE NUMBERS.
R  INDICATES RECORD WAS SET OR TIED.
MM INDICATES DATA IS MISSING.
T  INDICATES TRACE AMOUNT.

$$
