716
CDUS43 KPAH 220645
CLIEVV


CLIMATE REPORT
NATIONAL WEATHER SERVICE PADUCAH KY
145 AM CDT WED MAR 22 2017


...................................

...THE EVANSVILLE IN CLIMATE SUMMARY FOR MARCH 21 2017...

CLIMATE NORMAL PERIOD 1981 TO 2010
CLIMATE RECORD PERIOD 1896 TO 2017


WEATHER ITEM   OBSERVED TIME   RECORD YEAR NORMAL DEPARTURE LAST
                VALUE   (LST)  VALUE       VALUE  FROM      YEAR
                                                  NORMAL
..................................................................
TEMPERATURE (F)
 YESTERDAY
  MAXIMUM         66    119 PM  83    2012  59      7       54
  MINIMUM         47   1159 PM  21    2013  37     10       33
                                      1986
  AVERAGE         57                        48      9       44

PRECIPITATION (IN)
  YESTERDAY        0.00          1.68 1952   0.15  -0.15     0.00
  MONTH TO DATE    2.73                      2.76  -0.03     3.95
  SINCE MAR 1      2.73                      2.76  -0.03     3.95
  SINCE JAN 1      6.00                      9.03  -3.03    10.29

SNOWFALL (IN)
  YESTERDAY        0.0           1.9  1984   0.0    0.0      0.0
  MONTH TO DATE    1.0                       0.8    0.2       T
  SINCE MAR 1      1.0                       0.8    0.2       T
  SINCE JUL 1      1.4                      11.5  -10.1     14.2
  SNOW DEPTH       0

DEGREE DAYS
 HEATING
  YESTERDAY        8                        17     -9       21
  MONTH TO DATE  413                       434    -21      297
  SINCE MAR 1    413                       434    -21      297
  SINCE JUL 1   3112                      4008   -896     3115

 COOLING
  YESTERDAY        0                         0      0        0
  MONTH TO DATE    0                         0      0        1
  SINCE MAR 1      0                         0      0        1
  SINCE JAN 1      0                         0      0        1
..................................................................


WIND (MPH)
  HIGHEST WIND SPEED    20   HIGHEST WIND DIRECTION     N (10)
  HIGHEST GUST SPEED    31   HIGHEST GUST DIRECTION     N (360)
  AVERAGE WIND SPEED    10.9


SKY COVER
  AVERAGE SKY COVER 0.2


WEATHER CONDITIONS
 THE FOLLOWING WEATHER WAS RECORDED YESTERDAY.
  HAZE


RELATIVE HUMIDITY (PERCENT)
 HIGHEST    80
 LOWEST     33
 AVERAGE    57

..........................................................


THE EVANSVILLE IN CLIMATE NORMALS FOR TODAY
                         NORMAL    RECORD    YEAR
 MAXIMUM TEMPERATURE (F)   59        80      1988
 MINIMUM TEMPERATURE (F)   37        18      1996


SUNRISE AND SUNSET
MARCH 22 2017.........SUNRISE   650 AM CDT   SUNSET   704 PM CDT
MARCH 23 2017.........SUNRISE   649 AM CDT   SUNSET   705 PM CDT


-  INDICATES NEGATIVE NUMBERS.
R  INDICATES RECORD WAS SET OR TIED.
MM INDICATES DATA IS MISSING.
T  INDICATES TRACE AMOUNT.




$$
