000
CDUS43 KPAH 182127
CLIEVV


CLIMATE REPORT
NATIONAL WEATHER SERVICE PADUCAH KY
425 PM CDT THU AUG 18 2016

...................................

...THE EVANSVILLE IN CLIMATE SUMMARY FOR AUGUST 18 2016...
VALID TODAY AS OF 0400 PM LOCAL TIME.

CLIMATE NORMAL PERIOD 1981 TO 2010
CLIMATE RECORD PERIOD 1896 TO 2016

WEATHER ITEM   OBSERVED TIME   RECORD YEAR NORMAL DEPARTURE LAST
                VALUE   (LST)  VALUE       VALUE  FROM      YEAR
                                                  NORMAL
..................................................................
TEMPERATURE (F)
 TODAY
  MAXIMUM         83    141 PM 102    1936  88     -5       87
  MINIMUM         71    333 AM  51    1976  66      5       68
  AVERAGE         77                        77      0       78

PRECIPITATION (IN)
  TODAY            0.00          1.88 1984   0.10  -0.10     0.00
  MONTH TO DATE    2.97                      1.74   1.23     1.48
  SINCE JUN 1     16.54                      9.44   7.10    13.54
  SINCE JAN 1     38.29                     29.68   8.61    35.98

SNOWFALL (IN)
  TODAY            0.0                                       0.0
  MONTH TO DATE    0.0                                       0.0
  SINCE JUL 1      0.0                                       0.0
  SNOW DEPTH       0
..................................................................

WIND (MPH)
  HIGHEST WIND SPEED     9   HIGHEST WIND DIRECTION    SW (220)
  HIGHEST GUST SPEED    12   HIGHEST GUST DIRECTION     S (200)
..........................................................

THE EVANSVILLE IN CLIMATE NORMALS FOR TOMORROW
                         NORMAL    RECORD    YEAR
 MAXIMUM TEMPERATURE (F)   88       104      1936
 MINIMUM TEMPERATURE (F)   65        50      1943

SUNRISE AND SUNSET
AUGUST 18 2016........SUNRISE   608 AM CDT   SUNSET   739 PM CDT
AUGUST 19 2016........SUNRISE   609 AM CDT   SUNSET   737 PM CDT

-  INDICATES NEGATIVE NUMBERS.
R  INDICATES RECORD WAS SET OR TIED.
MM INDICATES DATA IS MISSING.
T  INDICATES TRACE AMOUNT.

$$
