000
CDUS43 KPAH 240631
CLIEVV


CLIMATE REPORT
NATIONAL WEATHER SERVICE PADUCAH KY
128 AM CDT FRI JUL 24 2015


...................................

...THE EVANSVILLE IN CLIMATE SUMMARY FOR JULY 23 2015...

CLIMATE NORMAL PERIOD 1981 TO 2010
CLIMATE RECORD PERIOD 1896 TO 2015


WEATHER ITEM   OBSERVED TIME   RECORD YEAR NORMAL DEPARTURE LAST
                VALUE   (LST)  VALUE       VALUE  FROM      YEAR
                                                  NORMAL
..................................................................
TEMPERATURE (F)
 YESTERDAY
  MAXIMUM         87    316 PM 104    1901  88     -1       83
  MINIMUM         71   1159 PM  47    1947  67      4       68
  AVERAGE         79                        78      1       76

PRECIPITATION (IN)
  YESTERDAY        T             1.63 1979   0.13  -0.13     0.01
  MONTH TO DATE    4.09                      3.00   1.09     3.67
  SINCE JUN 1     11.48                      6.78   4.70     7.54
  SINCE JAN 1     33.92                     27.02   6.90    29.03

SNOWFALL (IN)
  YESTERDAY        0.0                       0.0    0.0      0.0
  MONTH TO DATE    0.0                       0.0    0.0      0.0
  SINCE JUN 1      0.0                       0.0    0.0      0.0
  SINCE JUL 1      0.0                       0.0    0.0      0.0
  SNOW DEPTH       0

DEGREE DAYS
 HEATING
  YESTERDAY        0                         0      0        0
  MONTH TO DATE    0                         0      0        0
  SINCE JUN 1      7                         6      1        0
  SINCE JUL 1      0                         0      0        0

 COOLING
  YESTERDAY       14                        13      1       11
  MONTH TO DATE  318                       299     19      230
  SINCE JUN 1    670                       597     73      592
  SINCE JAN 1    861                       732    129      803
..................................................................


WIND (MPH)
  HIGHEST WIND SPEED    10   HIGHEST WIND DIRECTION    NE (50)
  HIGHEST GUST SPEED    13   HIGHEST GUST DIRECTION    NE (60)
  AVERAGE WIND SPEED     5.2


SKY COVER
  AVERAGE SKY COVER 0.6


WEATHER CONDITIONS
 THE FOLLOWING WEATHER WAS RECORDED YESTERDAY.
  LIGHT RAIN


RELATIVE HUMIDITY (PERCENT)
 HIGHEST    79
 LOWEST     45
 AVERAGE    62

..........................................................


THE EVANSVILLE IN CLIMATE NORMALS FOR TODAY
                         NORMAL    RECORD    YEAR
 MAXIMUM TEMPERATURE (F)   88       104      2012
                                             1934
 MINIMUM TEMPERATURE (F)   67        51      1947


SUNRISE AND SUNSET
JULY 24 2015..........SUNRISE   546 AM CDT   SUNSET   807 PM CDT
JULY 25 2015..........SUNRISE   547 AM CDT   SUNSET   806 PM CDT


-  INDICATES NEGATIVE NUMBERS.
R  INDICATES RECORD WAS SET OR TIED.
MM INDICATES DATA IS MISSING.
T  INDICATES TRACE AMOUNT.




$$
