467
CDUS43 KPAH 230640
CLIEVV


CLIMATE REPORT
NATIONAL WEATHER SERVICE PADUCAH KY
1237 AM CST THU FEB 23 2017


...................................

...THE EVANSVILLE IN CLIMATE SUMMARY FOR FEBRUARY 22 2017...

CLIMATE NORMAL PERIOD 1981 TO 2010
CLIMATE RECORD PERIOD 1896 TO 2017


WEATHER ITEM   OBSERVED TIME   RECORD YEAR NORMAL DEPARTURE LAST
                VALUE   (LST)  VALUE       VALUE  FROM      YEAR
                                                  NORMAL
..................................................................
TEMPERATURE (F)
 YESTERDAY
  MAXIMUM         72R   348 PM  72    1922  48     24       52
  MINIMUM         53    515 AM  -6    1963  29     24       36
  AVERAGE         63                        39     24       44

PRECIPITATION (IN)
  YESTERDAY        0.00          2.05 1897   0.11  -0.11     0.00
  MONTH TO DATE    0.64                      2.50  -1.86     2.42
  SINCE DEC 1      6.83                      9.36  -2.53     9.62
  SINCE JAN 1      2.91                      5.60  -2.69     4.42

SNOWFALL (IN)
  YESTERDAY        0.0           0.8  1967   0.1   -0.1      0.0
  MONTH TO DATE    T                         3.1   -3.1      3.3
  SINCE DEC 1      0.4                       9.7   -9.3     14.2
  SINCE JUL 1      0.4                      10.0   -9.6     14.2
  SNOW DEPTH       0

DEGREE DAYS
 HEATING
  YESTERDAY        2                        26    -24       21
  MONTH TO DATE  430                       644   -214      575
  SINCE DEC 1   2093                      2562   -469     2056
  SINCE JUL 1   2623                      3423   -800     2665

 COOLING
  YESTERDAY        0                         0      0        0
  MONTH TO DATE    0                         0      0        0
  SINCE DEC 1      0                         0      0        3
  SINCE JAN 1      0                         0      0        0
..................................................................


WIND (MPH)
  HIGHEST WIND SPEED    15   HIGHEST WIND DIRECTION     S (200)
  HIGHEST GUST SPEED    19   HIGHEST GUST DIRECTION    SW (220)
  AVERAGE WIND SPEED     3.4


SKY COVER
  AVERAGE SKY COVER 0.5


WEATHER CONDITIONS
 THE FOLLOWING WEATHER WAS RECORDED YESTERDAY.
  FOG
  HAZE


RELATIVE HUMIDITY (PERCENT)
 HIGHEST    93
 LOWEST     57
 AVERAGE    75

..........................................................


THE EVANSVILLE IN CLIMATE NORMALS FOR TODAY
                         NORMAL    RECORD    YEAR
 MAXIMUM TEMPERATURE (F)   49        77      1985
 MINIMUM TEMPERATURE (F)   29         6      1963


SUNRISE AND SUNSET
FEBRUARY 23 2017......SUNRISE   630 AM CST   SUNSET   538 PM CST
FEBRUARY 24 2017......SUNRISE   628 AM CST   SUNSET   539 PM CST


-  INDICATES NEGATIVE NUMBERS.
R  INDICATES RECORD WAS SET OR TIED.
MM INDICATES DATA IS MISSING.
T  INDICATES TRACE AMOUNT.




$$
