017
CDUS43 KPAH 140634
CLIEVV


CLIMATE REPORT
NATIONAL WEATHER SERVICE PADUCAH KY
1233 AM CST SAT JAN 14 2017


...................................

...THE EVANSVILLE IN CLIMATE SUMMARY FOR JANUARY 13 2017...

CLIMATE NORMAL PERIOD 1981 TO 2010
CLIMATE RECORD PERIOD 1896 TO 2017


WEATHER ITEM   OBSERVED TIME   RECORD YEAR NORMAL DEPARTURE LAST
                VALUE   (LST)  VALUE       VALUE  FROM      YEAR
                                                  NORMAL
..................................................................
TEMPERATURE (F)
 YESTERDAY
  MAXIMUM         37   1111 PM  67    1995  41     -4       35
  MINIMUM         33    943 AM  -8    1977  24      9       12
  AVERAGE         35                        32      3       24

PRECIPITATION (IN)
  YESTERDAY        0.46          1.62 2013   0.10   0.36     0.00
  MONTH TO DATE    1.18                      1.28  -0.10     1.37
  SINCE DEC 1      5.10                      5.04   0.06     6.57
  SINCE JAN 1      1.18                      1.28  -0.10     1.37

SNOWFALL (IN)
  YESTERDAY        0.0           1.8  1968   0.1   -0.1      0.0
  MONTH TO DATE    0.4                       1.4   -1.0      2.5
  SINCE DEC 1      0.4                       4.6   -4.2      2.5
  SINCE JUL 1      0.4                       4.9   -4.5      2.5
  SNOW DEPTH       0

DEGREE DAYS
 HEATING
  YESTERDAY       30                        33     -3       41
  MONTH TO DATE  391                       424    -33      407
  SINCE DEC 1   1291                      1335    -44      936
  SINCE JUL 1   1821                      2196   -375     1545

 COOLING
  YESTERDAY        0                         0      0        0
  MONTH TO DATE    0                         0      0        0
  SINCE DEC 1      0                         0      0        3
  SINCE JAN 1      0                         0      0        0
..................................................................


WIND (MPH)
  HIGHEST WIND SPEED    16   HIGHEST WIND DIRECTION    NE (40)
  HIGHEST GUST SPEED    20   HIGHEST GUST DIRECTION    NE (40)
  AVERAGE WIND SPEED     8.8


SKY COVER
  AVERAGE SKY COVER 1.0


WEATHER CONDITIONS
 THE FOLLOWING WEATHER WAS RECORDED YESTERDAY.
  HEAVY RAIN
  RAIN
  LIGHT RAIN
  FOG


RELATIVE HUMIDITY (PERCENT)
 HIGHEST    92
 LOWEST     75
 AVERAGE    84

..........................................................


THE EVANSVILLE IN CLIMATE NORMALS FOR TODAY
                         NORMAL    RECORD    YEAR
 MAXIMUM TEMPERATURE (F)   41        68      1932
 MINIMUM TEMPERATURE (F)   24        -6      1964


SUNRISE AND SUNSET
JANUARY 14 2017.......SUNRISE   705 AM CST   SUNSET   454 PM CST
JANUARY 15 2017.......SUNRISE   705 AM CST   SUNSET   455 PM CST


-  INDICATES NEGATIVE NUMBERS.
R  INDICATES RECORD WAS SET OR TIED.
MM INDICATES DATA IS MISSING.
T  INDICATES TRACE AMOUNT.




$$
