000
CDUS43 KPAH 110637
CLIEVV


CLIMATE REPORT
NATIONAL WEATHER SERVICE PADUCAH KY
135 AM CDT WED OCT 11 2017


...................................

...THE EVANSVILLE IN CLIMATE SUMMARY FOR OCTOBER 10 2017...

CLIMATE NORMAL PERIOD 1981 TO 2010
CLIMATE RECORD PERIOD 1896 TO 2017


WEATHER ITEM   OBSERVED TIME   RECORD YEAR NORMAL DEPARTURE LAST
                VALUE   (LST)  VALUE       VALUE  FROM      YEAR
                                                  NORMAL
..................................................................
TEMPERATURE (F)
 YESTERDAY
  MAXIMUM         75    402 PM  88    2010  72      3       78
                                      1980
  MINIMUM         67   1159 PM  26    1964  47     20       48
  AVERAGE         71                        60     11       63

PRECIPITATION (IN)
  YESTERDAY        0.98R         0.74 1919   0.10   0.88     0.00
  MONTH TO DATE    1.42                      1.03   0.39     0.34
  SINCE SEP 1      4.66                      4.08   0.58     4.35
  SINCE JAN 1     37.07                     35.00   2.07    42.81

SNOWFALL (IN)
  YESTERDAY        0.0           0.0  2002   0.0    0.0      0.0
                                      2001
  MONTH TO DATE    0.0                       0.0    0.0      0.0
  SINCE SEP 1      0.0                       0.0    0.0      0.0
  SINCE JUL 1      0.0                       0.0    0.0      0.0
  SNOW DEPTH       0

DEGREE DAYS
 HEATING
  YESTERDAY        0                         7     -7        2
  MONTH TO DATE    2                        58    -56       12
  SINCE SEP 1     17                       104    -87       21
  SINCE JUL 1     17                       105    -88       21

 COOLING
  YESTERDAY        6                         1      5        0
  MONTH TO DATE   67                        17     50       35
  SINCE SEP 1    265                       184     81      316
  SINCE JAN 1   1555                      1383    172     1702
..................................................................


WIND (MPH)
  HIGHEST WIND SPEED    17   HIGHEST WIND DIRECTION     W (290)
  HIGHEST GUST SPEED    24   HIGHEST GUST DIRECTION     W (290)
  AVERAGE WIND SPEED     6.5


SKY COVER
  AVERAGE SKY COVER 0.8


WEATHER CONDITIONS
 THE FOLLOWING WEATHER WAS RECORDED YESTERDAY.
  THUNDERSTORM
  HEAVY RAIN
  LIGHT RAIN
  FOG


RELATIVE HUMIDITY (PERCENT)
 HIGHEST    93
 LOWEST     87
 AVERAGE    90

..........................................................


THE EVANSVILLE IN CLIMATE NORMALS FOR TODAY
                         NORMAL    RECORD    YEAR
 MAXIMUM TEMPERATURE (F)   72        93      1963
 MINIMUM TEMPERATURE (F)   47        26      1964


SUNRISE AND SUNSET
OCTOBER 11 2017.......SUNRISE   655 AM CDT   SUNSET   618 PM CDT
OCTOBER 12 2017.......SUNRISE   656 AM CDT   SUNSET   616 PM CDT


-  INDICATES NEGATIVE NUMBERS.
R  INDICATES RECORD WAS SET OR TIED.
MM INDICATES DATA IS MISSING.
T  INDICATES TRACE AMOUNT.




$$
