000
CDUS43 KPAH 240637
CLIEVV


CLIMATE REPORT
NATIONAL WEATHER SERVICE PADUCAH KY
1235 AM CST WED DEC 24 2014


...................................

...THE EVANSVILLE IN CLIMATE SUMMARY FOR DECEMBER 23 2014...

CLIMATE NORMAL PERIOD 1981 TO 2010
CLIMATE RECORD PERIOD 1896 TO 2014


WEATHER ITEM   OBSERVED TIME   RECORD YEAR NORMAL DEPARTURE LAST
                VALUE   (LST)  VALUE       VALUE  FROM      YEAR
                                                  NORMAL
..................................................................
TEMPERATURE (F)
 YESTERDAY
  MAXIMUM         54    510 AM  68    1933  42     12       35
  MINIMUM         47   1159 PM -13    1989  26     21       25
  AVERAGE         51                        34     17       30

PRECIPITATION (IN)
  YESTERDAY        0.12          2.55 1921   0.13  -0.01     0.00
  MONTH TO DATE    2.75                      2.87  -0.12     7.20
  SINCE DEC 1      2.75                      2.87  -0.12     7.20
  SINCE JAN 1     46.53                     44.42   2.11    53.45

SNOWFALL (IN)
  YESTERDAY        0.0           5.7  1963   0.2   -0.2      0.0
  MONTH TO DATE    T                         2.2   -2.2      7.2
  SINCE DEC 1      T                         2.2   -2.2      7.2
  SINCE JUL 1      2.4                       2.5   -0.1      7.2
  SNOW DEPTH       0

DEGREE DAYS
 HEATING
  YESTERDAY       14                        31    -17       35
  MONTH TO DATE  568                       658    -90      655
  SINCE DEC 1    568                       658    -90      655
  SINCE JUL 1   1571                      1519     52     1569

 COOLING
  YESTERDAY        0                         0      0        0
  MONTH TO DATE    0                         0      0        0
  SINCE DEC 1      0                         0      0        0
  SINCE JAN 1   1477                      1397     80     1464
..................................................................


WIND (MPH)
  HIGHEST WIND SPEED    13   HIGHEST WIND DIRECTION     N (360)
  HIGHEST GUST SPEED    17   HIGHEST GUST DIRECTION     N (350)
  AVERAGE WIND SPEED     5.1


SKY COVER
  AVERAGE SKY COVER 0.9


WEATHER CONDITIONS
 THE FOLLOWING WEATHER WAS RECORDED YESTERDAY.
  LIGHT RAIN
  FOG
  FOG W/VISIBILITY <= 1/4 MILE


RELATIVE HUMIDITY (PERCENT)
 HIGHEST   100
 LOWEST     77
 AVERAGE    89

..........................................................


THE EVANSVILLE IN CLIMATE NORMALS FOR TODAY
                         NORMAL    RECORD    YEAR
 MAXIMUM TEMPERATURE (F)   42        69      1964
 MINIMUM TEMPERATURE (F)   25       -10      2004


SUNRISE AND SUNSET
DECEMBER 24 2014......SUNRISE   704 AM CST   SUNSET   436 PM CST
DECEMBER 25 2014......SUNRISE   704 AM CST   SUNSET   436 PM CST


-  INDICATES NEGATIVE NUMBERS.
R  INDICATES RECORD WAS SET OR TIED.
MM INDICATES DATA IS MISSING.
T  INDICATES TRACE AMOUNT.




$$
