499
CDUS43 KPAH 130636
CLIEVV


CLIMATE REPORT
NATIONAL WEATHER SERVICE PADUCAH KY
1229 AM CST FRI JAN 13 2017


...................................

...THE EVANSVILLE IN CLIMATE SUMMARY FOR JANUARY 12 2017...

CLIMATE NORMAL PERIOD 1981 TO 2010
CLIMATE RECORD PERIOD 1896 TO 2017


WEATHER ITEM   OBSERVED TIME   RECORD YEAR NORMAL DEPARTURE LAST
                VALUE   (LST)  VALUE       VALUE  FROM      YEAR
                                                  NORMAL
..................................................................
TEMPERATURE (F)
 YESTERDAY
  MAXIMUM         69R  1132 AM  69    2005  41     28       40
                                      1960
                                      1916
  MINIMUM         34   1159 PM -16    1918  24     10       16
  AVERAGE         52                        32     20       28

PRECIPITATION (IN)
  YESTERDAY        0.22          1.93 2013   0.09   0.13      T
  MONTH TO DATE    0.72                      1.18  -0.46     1.37
  SINCE DEC 1      4.64                      4.94  -0.30     6.57
  SINCE JAN 1      0.72                      1.18  -0.46     1.37

SNOWFALL (IN)
  YESTERDAY        0.0           4.3  1978   0.1   -0.1      0.0
  MONTH TO DATE    0.4                       1.3   -0.9      2.5
  SINCE DEC 1      0.4                       4.5   -4.1      2.5
  SINCE JUL 1      0.4                       4.8   -4.4      2.5
  SNOW DEPTH       0

DEGREE DAYS
 HEATING
  YESTERDAY       13                        33    -20       37
  MONTH TO DATE  361                       391    -30      366
  SINCE DEC 1   1261                      1302    -41      895
  SINCE JUL 1   1791                      2163   -372     1504

 COOLING
  YESTERDAY        0                         0      0        0
  MONTH TO DATE    0                         0      0        0
  SINCE DEC 1      0                         0      0        3
  SINCE JAN 1      0                         0      0        0
..................................................................


WIND (MPH)
  HIGHEST WIND SPEED    25   HIGHEST WIND DIRECTION    SW (210)
  HIGHEST GUST SPEED    32   HIGHEST GUST DIRECTION    NW (330)
  AVERAGE WIND SPEED    12.9


SKY COVER
  AVERAGE SKY COVER 1.0


WEATHER CONDITIONS
 THE FOLLOWING WEATHER WAS RECORDED YESTERDAY.
  HEAVY RAIN
  RAIN
  LIGHT RAIN
  FOG
  HAZE


RELATIVE HUMIDITY (PERCENT)
 HIGHEST    93
 LOWEST     68
 AVERAGE    81

..........................................................


THE EVANSVILLE IN CLIMATE NORMALS FOR TODAY
                         NORMAL    RECORD    YEAR
 MAXIMUM TEMPERATURE (F)   41        67      1995
 MINIMUM TEMPERATURE (F)   24        -8      1977


SUNRISE AND SUNSET
JANUARY 13 2017.......SUNRISE   706 AM CST   SUNSET   453 PM CST
JANUARY 14 2017.......SUNRISE   705 AM CST   SUNSET   454 PM CST


-  INDICATES NEGATIVE NUMBERS.
R  INDICATES RECORD WAS SET OR TIED.
MM INDICATES DATA IS MISSING.
T  INDICATES TRACE AMOUNT.




$$
