000
CDUS43 KPAH 170636
CLIEVV


CLIMATE REPORT
NATIONAL WEATHER SERVICE PADUCAH KY
134 AM CDT SUN MAY 17 2015


...................................

...THE EVANSVILLE IN CLIMATE SUMMARY FOR MAY 16 2015...

CLIMATE NORMAL PERIOD 1981 TO 2010
CLIMATE RECORD PERIOD 1896 TO 2015


WEATHER ITEM   OBSERVED TIME   RECORD YEAR NORMAL DEPARTURE LAST
                VALUE   (LST)  VALUE       VALUE  FROM      YEAR
                                                  NORMAL
..................................................................
TEMPERATURE (F)
 YESTERDAY
  MAXIMUM         74    154 PM  92    1962  77     -3       57
  MINIMUM         67    152 AM  34    1997  55     12       47
  AVERAGE         71                        66      5       52

PRECIPITATION (IN)
  YESTERDAY        0.14          2.74 1990   0.18  -0.04      T
  MONTH TO DATE    2.00                      2.81  -0.81     3.64
  SINCE MAR 1     15.47                     11.42   4.05    17.46
  SINCE JAN 1     21.00                     17.69   3.31    21.41

SNOWFALL (IN)
  YESTERDAY        0.0           0.0  2002   0.0    0.0      0.0
                                      2001
  MONTH TO DATE    0.0                       0.0    0.0      0.0
  SINCE MAR 1      8.5                       1.1    7.4      2.6
  SINCE JUL 1     18.5                      11.8    6.7     12.6
  SNOW DEPTH       0

DEGREE DAYS
 HEATING
  YESTERDAY        0                         3     -3       13
  MONTH TO DATE   22                        61    -39       66
  SINCE MAR 1    837                       942   -105      992
  SINCE JUL 1   4673                      4516    157     4954

 COOLING
  YESTERDAY        6                         3      3        0
  MONTH TO DATE   83                        35     48       74
  SINCE MAR 1    111                        62     49       84
  SINCE JAN 1    111                        62     49       84
..................................................................


WIND (MPH)
  HIGHEST WIND SPEED    14   HIGHEST WIND DIRECTION    SE (150)
  HIGHEST GUST SPEED    19   HIGHEST GUST DIRECTION    SE (140)
  AVERAGE WIND SPEED     6.6


SKY COVER
  AVERAGE SKY COVER 0.8


WEATHER CONDITIONS
 THE FOLLOWING WEATHER WAS RECORDED YESTERDAY.
  RAIN
  LIGHT RAIN
  FOG
  HAZE


RELATIVE HUMIDITY (PERCENT)
 HIGHEST    93
 LOWEST     84
 AVERAGE    89

..........................................................


THE EVANSVILLE IN CLIMATE NORMALS FOR TODAY
                         NORMAL    RECORD    YEAR
 MAXIMUM TEMPERATURE (F)   77        95      1962
 MINIMUM TEMPERATURE (F)   55        41      1973


SUNRISE AND SUNSET
MAY 17 2015...........SUNRISE   538 AM CDT   SUNSET   755 PM CDT
MAY 18 2015...........SUNRISE   537 AM CDT   SUNSET   756 PM CDT


-  INDICATES NEGATIVE NUMBERS.
R  INDICATES RECORD WAS SET OR TIED.
MM INDICATES DATA IS MISSING.
T  INDICATES TRACE AMOUNT.




$$
