473
CDUS43 KPAH 142235
CLIEVV


CLIMATE REPORT
NATIONAL WEATHER SERVICE PADUCAH KY
433 PM CST WED FEB 14 2018


...................................

...THE EVANSVILLE IN CLIMATE SUMMARY FOR FEBRUARY 14 2018...
VALID TODAY AS OF 0400 PM LOCAL TIME.

CLIMATE NORMAL PERIOD 1981 TO 2010
CLIMATE RECORD PERIOD 1896 TO 2018


WEATHER ITEM   OBSERVED TIME   RECORD YEAR NORMAL DEPARTURE LAST
                VALUE   (LST)  VALUE       VALUE  FROM      YEAR
                                                  NORMAL
..................................................................
TEMPERATURE (F)
 TODAY
  MAXIMUM         59    359 PM  71    1921  46     13       54
  MINIMUM         38   1205 AM   1    1905  27     11       37
  AVERAGE         49                        36     13       46

PRECIPITATION (IN)
  TODAY            0.66          2.07 1908   0.11   0.55     0.04
  MONTH TO DATE    1.69                      1.63   0.06     0.52
  SINCE DEC 1      7.08                      8.49  -1.41     6.71
  SINCE JAN 1      4.66                      4.73  -0.07     2.79

SNOWFALL (IN)
  TODAY            0.0                                        T
  MONTH TO DATE    0.4                                        T
  SINCE JUL 1      7.5                                       0.4
  SNOW DEPTH       0

..................................................................


WIND (MPH)
  HIGHEST WIND SPEED    17   HIGHEST WIND DIRECTION    SW (210)
  HIGHEST GUST SPEED    23   HIGHEST GUST DIRECTION     S (200)




..........................................................


THE EVANSVILLE IN CLIMATE NORMALS FOR TOMORROW
                         NORMAL    RECORD    YEAR
 MAXIMUM TEMPERATURE (F)   46        73      1954
 MINIMUM TEMPERATURE (F)   27        -2      1986


SUNRISE AND SUNSET
FEBRUARY 14 2018......SUNRISE   641 AM CST   SUNSET   528 PM CST
FEBRUARY 15 2018......SUNRISE   640 AM CST   SUNSET   529 PM CST


-  INDICATES NEGATIVE NUMBERS.
R  INDICATES RECORD WAS SET OR TIED.
MM INDICATES DATA IS MISSING.
T  INDICATES TRACE AMOUNT.




$$
