000
CDUS43 KPAH 010628
CLIEVV


CLIMATE REPORT
NATIONAL WEATHER SERVICE PADUCAH KY
1226 AM CST FRI DEC 1 2017

...................................

...THE EVANSVILLE IN CLIMATE SUMMARY FOR NOVEMBER 30 2017...

CLIMATE NORMAL PERIOD 1981 TO 2010
CLIMATE RECORD PERIOD 1896 TO 2017

WEATHER ITEM   OBSERVED TIME   RECORD YEAR NORMAL DEPARTURE LAST
                VALUE   (LST)  VALUE       VALUE  FROM      YEAR
                                                  NORMAL
..................................................................
TEMPERATURE (F)
 YESTERDAY
  MAXIMUM         56    305 PM  71    1970  49      7       54
  MINIMUM         31   1123 PM   4    1929  31      0       42
  AVERAGE         44                        40      4       48

PRECIPITATION (IN)
  YESTERDAY        0.02          1.63 1997   0.15  -0.13     0.00
  MONTH TO DATE    1.70                      4.33  -2.63     2.70
  SINCE SEP 1      8.65                     10.63  -1.98     7.20
  SINCE JAN 1     41.06                     41.55  -0.49    45.66

SNOWFALL (IN)
  YESTERDAY        0.0           T    1992   0.0    0.0      0.0
  MONTH TO DATE    0.0                       0.1   -0.1      0.0
  SINCE SEP 1      0.0                       0.3   -0.3      0.0
  SINCE JUL 1      0.0                       0.3   -0.3      0.0
  SNOW DEPTH       0

DEGREE DAYS
 HEATING
  YESTERDAY       21                        25     -4       17
  MONTH TO DATE  546                       559    -13      422
  SINCE SEP 1    780                       860    -80      530
  SINCE JUL 1    780                       861    -81      530

 COOLING
  YESTERDAY        0                         0      0        0
  MONTH TO DATE    2                         2      0       11
  SINCE SEP 1    277                       198     79      389
  SINCE JAN 1   1567                      1397    170     1775
..................................................................

WIND (MPH)
  HIGHEST WIND SPEED    13   HIGHEST WIND DIRECTION    NW (310)
  HIGHEST GUST SPEED    18   HIGHEST GUST DIRECTION    NW (300)
  AVERAGE WIND SPEED     3.5

SKY COVER
  AVERAGE SKY COVER 0.5

WEATHER CONDITIONS
 THE FOLLOWING WEATHER WAS RECORDED YESTERDAY.
  LIGHT RAIN
  FOG

RELATIVE HUMIDITY (PERCENT)
 HIGHEST   100
 LOWEST     51
 AVERAGE    76
..........................................................

THE EVANSVILLE IN CLIMATE NORMALS FOR TODAY
                         NORMAL    RECORD    YEAR
 MAXIMUM TEMPERATURE (F)   49        68      1982
                                             1970
                                             1941
 MINIMUM TEMPERATURE (F)   31        12      1964

SUNRISE AND SUNSET
DECEMBER  1 2017......SUNRISE   648 AM CST   SUNSET   431 PM CST
DECEMBER  2 2017......SUNRISE   649 AM CST   SUNSET   431 PM CST

-  INDICATES NEGATIVE NUMBERS.
R  INDICATES RECORD WAS SET OR TIED.
MM INDICATES DATA IS MISSING.
T  INDICATES TRACE AMOUNT.

$$
