000
CDUS43 KPAH 200632
CLIEVV


CLIMATE REPORT
NATIONAL WEATHER SERVICE PADUCAH KY
129 AM CDT WED MAY 20 2015


...................................

...THE EVANSVILLE IN CLIMATE SUMMARY FOR MAY 19 2015...

CLIMATE NORMAL PERIOD 1981 TO 2010
CLIMATE RECORD PERIOD 1896 TO 2015


WEATHER ITEM   OBSERVED TIME   RECORD YEAR NORMAL DEPARTURE LAST
                VALUE   (LST)  VALUE       VALUE  FROM      YEAR
                                                  NORMAL
..................................................................
TEMPERATURE (F)
 YESTERDAY
  MAXIMUM         69    455 PM  93    1962  78     -9       76
  MINIMUM         55   1122 PM  37    2002  55      0       48
  AVERAGE         62                        67     -5       62

PRECIPITATION (IN)
  YESTERDAY        0.00          1.43 1943   0.17  -0.17     0.00
  MONTH TO DATE    2.33                      3.31  -0.98     3.64
  SINCE MAR 1     15.80                     11.92   3.88    17.46
  SINCE JAN 1     21.33                     18.19   3.14    21.41

SNOWFALL (IN)
  YESTERDAY        0.0           0.0  2002   0.0    0.0      0.0
                                      2001
  MONTH TO DATE    0.0                       0.0    0.0      0.0
  SINCE MAR 1      8.5                       1.1    7.4      2.6
  SINCE JUL 1     18.5                      11.8    6.7     12.6
  SNOW DEPTH       0

DEGREE DAYS
 HEATING
  YESTERDAY        3                         2      1        3
  MONTH TO DATE   25                        68    -43       92
  SINCE MAR 1    840                       949   -109     1018
  SINCE JUL 1   4676                      4523    153     4980

 COOLING
  YESTERDAY        0                         4     -4        0
  MONTH TO DATE   99                        47     52       74
  SINCE MAR 1    127                        74     53       84
  SINCE JAN 1    127                        74     53       84
..................................................................


WIND (MPH)
  HIGHEST WIND SPEED    15   HIGHEST WIND DIRECTION     N (340)
  HIGHEST GUST SPEED    19   HIGHEST GUST DIRECTION     N (340)
  AVERAGE WIND SPEED     7.5


SKY COVER
  AVERAGE SKY COVER 0.0


WEATHER CONDITIONS
 THE FOLLOWING WEATHER WAS RECORDED YESTERDAY.
  NO SIGNIFICANT WEATHER WAS OBSERVED.


RELATIVE HUMIDITY (PERCENT)
 HIGHEST    72
 LOWEST     52
 AVERAGE    62

..........................................................


THE EVANSVILLE IN CLIMATE NORMALS FOR TODAY
                         NORMAL    RECORD    YEAR
 MAXIMUM TEMPERATURE (F)   78        93      1987
                                             1962
 MINIMUM TEMPERATURE (F)   56        39      2002


SUNRISE AND SUNSET
MAY 20 2015...........SUNRISE   536 AM CDT   SUNSET   758 PM CDT
MAY 21 2015...........SUNRISE   535 AM CDT   SUNSET   759 PM CDT


-  INDICATES NEGATIVE NUMBERS.
R  INDICATES RECORD WAS SET OR TIED.
MM INDICATES DATA IS MISSING.
T  INDICATES TRACE AMOUNT.




$$
