000
CDUS43 KPAH 112133
CLIEVV


CLIMATE REPORT
NATIONAL WEATHER SERVICE PADUCAH KY
430 PM CDT MON SEP 11 2017


...................................

...THE EVANSVILLE IN CLIMATE SUMMARY FOR SEPTEMBER 11 2017...
VALID TODAY AS OF 0400 PM LOCAL TIME.

CLIMATE NORMAL PERIOD 1981 TO 2010
CLIMATE RECORD PERIOD 1896 TO 2017


WEATHER ITEM   OBSERVED TIME   RECORD YEAR NORMAL DEPARTURE LAST
                VALUE   (LST)  VALUE       VALUE  FROM      YEAR
                                                  NORMAL
..................................................................
TEMPERATURE (F)
 TODAY
  MAXIMUM         77    217 PM  99    1897  83     -6       82
  MINIMUM         53    601 AM  43    1940  59     -6       54
  AVERAGE         65                        71     -6       68

PRECIPITATION (IN)
  TODAY            0.00          3.14 1965   0.11  -0.11     0.00
  MONTH TO DATE    0.93                      1.10  -0.17     0.27
  SINCE SEP 1      0.93                      1.10  -0.17     0.27
  SINCE JAN 1     33.34                     32.02   1.32    38.73

SNOWFALL (IN)
  TODAY            0.0                                       0.0
  MONTH TO DATE    0.0                                       0.0
  SINCE JUL 1      0.0                                       0.0
  SNOW DEPTH       0

..................................................................


WIND (MPH)
  HIGHEST WIND SPEED    17   HIGHEST WIND DIRECTION    NE (50)
  HIGHEST GUST SPEED    22   HIGHEST GUST DIRECTION    NE (30)




..........................................................


THE EVANSVILLE IN CLIMATE NORMALS FOR TOMORROW
                         NORMAL    RECORD    YEAR
 MAXIMUM TEMPERATURE (F)   83        99      1897
 MINIMUM TEMPERATURE (F)   59        41      1940


SUNRISE AND SUNSET
SEPTEMBER 11 2017.....SUNRISE   629 AM CDT   SUNSET   704 PM CDT
SEPTEMBER 12 2017.....SUNRISE   629 AM CDT   SUNSET   702 PM CDT


-  INDICATES NEGATIVE NUMBERS.
R  INDICATES RECORD WAS SET OR TIED.
MM INDICATES DATA IS MISSING.
T  INDICATES TRACE AMOUNT.




$$
