610
CDUS43 KPAH 042229
CLIEVV


CLIMATE REPORT
NATIONAL WEATHER SERVICE PADUCAH KY
427 PM CST THU FEB 4 2016


...................................

...THE EVANSVILLE IN CLIMATE SUMMARY FOR FEBRUARY 4 2016...
VALID TODAY AS OF 0400 PM LOCAL TIME.

CLIMATE NORMAL PERIOD 1981 TO 2010
CLIMATE RECORD PERIOD 1896 TO 2016


WEATHER ITEM   OBSERVED TIME   RECORD YEAR NORMAL DEPARTURE LAST
                VALUE   (LST)  VALUE       VALUE  FROM      YEAR
                                                  NORMAL
..................................................................
TEMPERATURE (F)
 TODAY
  MAXIMUM         41    252 PM  77    1962  43     -2       51
  MINIMUM         33   1038 AM  -8    1966  25      8       22
  AVERAGE         37                        34      3       37

PRECIPITATION (IN)
  TODAY            0.00          1.14 1921   0.13  -0.13     0.03
  MONTH TO DATE    1.75                      0.49   1.26     0.67
  SINCE DEC 1      8.95                      7.35   1.60     7.07
  SINCE JAN 1      3.75                      3.59   0.16     3.64

SNOWFALL (IN)
  TODAY            0.0                                       0.2
  MONTH TO DATE    0.0                                       0.2
  SINCE JUL 1     10.9                                       2.8
  SNOW DEPTH       0

..................................................................


WIND (MPH)
  HIGHEST WIND SPEED    15   HIGHEST WIND DIRECTION     W (280)
  HIGHEST GUST SPEED    22   HIGHEST GUST DIRECTION     W (280)




..........................................................


THE EVANSVILLE IN CLIMATE NORMALS FOR TOMORROW
                         NORMAL    RECORD    YEAR
 MAXIMUM TEMPERATURE (F)   43        70      2008
 MINIMUM TEMPERATURE (F)   25       -12      1966


SUNRISE AND SUNSET
FEBRUARY  4 2016......SUNRISE   652 AM CST   SUNSET   516 PM CST
FEBRUARY  5 2016......SUNRISE   651 AM CST   SUNSET   517 PM CST


-  INDICATES NEGATIVE NUMBERS.
R  INDICATES RECORD WAS SET OR TIED.
MM INDICATES DATA IS MISSING.
T  INDICATES TRACE AMOUNT.




$$
