000
CDUS43 KPAH 150633
CLIEVV


CLIMATE REPORT
NATIONAL WEATHER SERVICE PADUCAH KY
1228 AM CST MON DEC 15 2014


...................................

...THE EVANSVILLE IN CLIMATE SUMMARY FOR DECEMBER 14 2014...

CLIMATE NORMAL PERIOD 1981 TO 2010
CLIMATE RECORD PERIOD 1896 TO 2014


WEATHER ITEM   OBSERVED TIME   RECORD YEAR NORMAL DEPARTURE LAST
                VALUE   (LST)  VALUE       VALUE  FROM      YEAR
                                                  NORMAL
..................................................................
TEMPERATURE (F)
 YESTERDAY
  MAXIMUM         49   1159 PM  72    1995  44      5       38
  MINIMUM         44    804 AM   0    1901  27     17       33
  AVERAGE         47                        36     11       36

PRECIPITATION (IN)
  YESTERDAY        0.00          1.12 1951   0.12  -0.12     0.61
  MONTH TO DATE    1.95                      1.82   0.13     2.69
  SINCE DEC 1      1.95                      1.82   0.13     2.69
  SINCE JAN 1     45.73                     43.37   2.36    48.94

SNOWFALL (IN)
  YESTERDAY        0.0           4.8  1973   0.2   -0.2       T
  MONTH TO DATE    0.0                       1.1   -1.1      7.2
  SINCE DEC 1      0.0                       1.1   -1.1      7.2
  SINCE JUL 1      2.4                       1.4    1.0      7.2
  SNOW DEPTH       0

DEGREE DAYS
 HEATING
  YESTERDAY       18                        29    -11       29
  MONTH TO DATE  343                       384    -41      439
  SINCE DEC 1    343                       384    -41      439
  SINCE JUL 1   1346                      1245    101     1353

 COOLING
  YESTERDAY        0                         0      0        0
  MONTH TO DATE    0                         0      0        0
  SINCE DEC 1      0                         0      0        0
  SINCE JAN 1   1477                      1397     80     1464
..................................................................


WIND (MPH)
  HIGHEST WIND SPEED     8   HIGHEST WIND DIRECTION     S (160)
  HIGHEST GUST SPEED    12   HIGHEST GUST DIRECTION    SE (130)
  AVERAGE WIND SPEED     3.8


SKY COVER
  AVERAGE SKY COVER 1.0


WEATHER CONDITIONS
 THE FOLLOWING WEATHER WAS RECORDED YESTERDAY.
  FOG


RELATIVE HUMIDITY (PERCENT)
 HIGHEST    93
 LOWEST     83
 AVERAGE    88

..........................................................


THE EVANSVILLE IN CLIMATE NORMALS FOR TODAY
                         NORMAL    RECORD    YEAR
 MAXIMUM TEMPERATURE (F)   44        70      1933
 MINIMUM TEMPERATURE (F)   27        -6      1901


SUNRISE AND SUNSET
DECEMBER 15 2014......SUNRISE   659 AM CST   SUNSET   432 PM CST
DECEMBER 16 2014......SUNRISE   700 AM CST   SUNSET   432 PM CST


-  INDICATES NEGATIVE NUMBERS.
R  INDICATES RECORD WAS SET OR TIED.
MM INDICATES DATA IS MISSING.
T  INDICATES TRACE AMOUNT.




$$
