000
CDUS43 KPAH 110723
CLIEVV


CLIMATE REPORT
NATIONAL WEATHER SERVICE PADUCAH KY
220 AM CDT THU SEP 11 2014


...................................

...THE EVANSVILLE IN CLIMATE SUMMARY FOR SEPTEMBER 10 2014...

CLIMATE NORMAL PERIOD 1981 TO 2010
CLIMATE RECORD PERIOD 1896 TO 2014


WEATHER ITEM   OBSERVED TIME   RECORD YEAR NORMAL DEPARTURE LAST
                VALUE   (LST)  VALUE       VALUE  FROM      YEAR
                                                  NORMAL
..................................................................
TEMPERATURE (F)
 YESTERDAY
  MAXIMUM         85    503 PM  97    1983  84      1       93
                                      1919
                                      1897
  MINIMUM         71   1155 PM  44    1924  59     12       76
  AVERAGE         78                        71      7       85

PRECIPITATION (IN)
  YESTERDAY        0.42          0.87 1960   0.11   0.31     0.02
  MONTH TO DATE    1.53                      0.99   0.54     1.20
  SINCE SEP 1      1.53                      0.99   0.54     1.20
  SINCE JAN 1     35.71                     31.91   3.80    36.53

SNOWFALL (IN)
  YESTERDAY        0.0           0.0    MM   0.0    0.0      0.0
  MONTH TO DATE    0.0                       0.0    0.0      0.0
  SINCE SEP 1      0.0                       0.0    0.0      0.0
  SINCE JUL 1      0.0                       0.0    0.0      0.0
  SNOW DEPTH       0

DEGREE DAYS
 HEATING
  YESTERDAY        0                         0      0        0
  MONTH TO DATE    0                         0      0        0
  SINCE SEP 1      0                         0      0        0
  SINCE JUL 1      0                         1     -1        0

 COOLING
  YESTERDAY       13                         7      6       20
  MONTH TO DATE  107                        83     24      118
  SINCE SEP 1    107                        83     24      118
  SINCE JAN 1   1387                      1282    105     1310
..................................................................


WIND (MPH)
  HIGHEST WIND SPEED    22   HIGHEST WIND DIRECTION    NW (320)
  HIGHEST GUST SPEED    30   HIGHEST GUST DIRECTION     S (200)
  AVERAGE WIND SPEED    11.5


SKY COVER
  AVERAGE SKY COVER 0.5


WEATHER CONDITIONS
 THE FOLLOWING WEATHER WAS RECORDED YESTERDAY.
  THUNDERSTORM
  HEAVY RAIN
  RAIN
  LIGHT RAIN
  FOG
  HAZE


RELATIVE HUMIDITY (PERCENT)
 HIGHEST    84
 LOWEST     65
 AVERAGE    75

..........................................................


THE EVANSVILLE IN CLIMATE NORMALS FOR TODAY
                         NORMAL    RECORD    YEAR
 MAXIMUM TEMPERATURE (F)   83        99      1897
 MINIMUM TEMPERATURE (F)   59        43      1940


SUNRISE AND SUNSET
SEPTEMBER 11 2014.....SUNRISE   628 AM CDT   SUNSET   704 PM CDT
SEPTEMBER 12 2014.....SUNRISE   629 AM CDT   SUNSET   703 PM CDT


-  INDICATES NEGATIVE NUMBERS.
R  INDICATES RECORD WAS SET OR TIED.
MM INDICATES DATA IS MISSING.
T  INDICATES TRACE AMOUNT.




$$
