000
CDUS43 KPAH 110628
CLIEVV


CLIMATE REPORT
NATIONAL WEATHER SERVICE PADUCAH KY
1227 AM CST THU JAN 11 2018


...................................

...THE EVANSVILLE IN CLIMATE SUMMARY FOR JANUARY 10 2018...

CLIMATE NORMAL PERIOD 1981 TO 2010
CLIMATE RECORD PERIOD 1896 TO 2018


WEATHER ITEM   OBSERVED TIME   RECORD YEAR NORMAL DEPARTURE LAST
                VALUE   (LST)  VALUE       VALUE  FROM      YEAR
                                                  NORMAL
..................................................................
TEMPERATURE (F)
 YESTERDAY
  MAXIMUM         59   1159 PM  62    2013  41     18       57
                                      1975
                                      1950
  MINIMUM         40   1257 AM -11    1962  24     16       42
  AVERAGE         50                        32     18       50

PRECIPITATION (IN)
  YESTERDAY        0.01          1.32 1913   0.10  -0.09     0.13
  MONTH TO DATE    0.01                      0.99  -0.98     0.38
  SINCE DEC 1      2.43                      4.75  -2.32     4.30
  SINCE JAN 1      0.01                      0.99  -0.98     0.38

SNOWFALL (IN)
  YESTERDAY        0.0           4.7  1955   0.1   -0.1      0.0
  MONTH TO DATE    T                         1.1   -1.1      0.4
  SINCE DEC 1      T                         4.3   -4.3      0.4
  SINCE JUL 1      T                         4.6   -4.6      0.4
  SNOW DEPTH       0

DEGREE DAYS
 HEATING
  YESTERDAY       15                        33    -18       15
  MONTH TO DATE  396                       325     71      332
  SINCE DEC 1   1277                      1236     41     1232
  SINCE JUL 1   2057                      2097    -40     1762

 COOLING
  YESTERDAY        0                         0      0        0
  MONTH TO DATE    0                         0      0        0
  SINCE DEC 1      0                         0      0        0
  SINCE JAN 1      0                         0      0        0
..................................................................


WIND (MPH)
  HIGHEST WIND SPEED    21   HIGHEST WIND DIRECTION     S (180)
  HIGHEST GUST SPEED    29   HIGHEST GUST DIRECTION     S (180)
  AVERAGE WIND SPEED     8.8


SKY COVER
  AVERAGE SKY COVER 1.0


WEATHER CONDITIONS
 THE FOLLOWING WEATHER WAS RECORDED YESTERDAY.
  LIGHT RAIN
  FOG
  FOG W/VISIBILITY <= 1/4 MILE


RELATIVE HUMIDITY (PERCENT)
 HIGHEST   100
 LOWEST     86
 AVERAGE    93

..........................................................


THE EVANSVILLE IN CLIMATE NORMALS FOR TODAY
                         NORMAL    RECORD    YEAR
 MAXIMUM TEMPERATURE (F)   41        66      2017
 MINIMUM TEMPERATURE (F)   24       -16      1977


SUNRISE AND SUNSET
JANUARY 11 2018.......SUNRISE   706 AM CST   SUNSET   450 PM CST
JANUARY 12 2018.......SUNRISE   706 AM CST   SUNSET   451 PM CST


-  INDICATES NEGATIVE NUMBERS.
R  INDICATES RECORD WAS SET OR TIED.
MM INDICATES DATA IS MISSING.
T  INDICATES TRACE AMOUNT.




$$
