000
CDUS43 KPAH 062127
CLIEVV


CLIMATE REPORT
NATIONAL WEATHER SERVICE PADUCAH KY
425 PM CDT FRI OCT 6 2017

...................................

...THE EVANSVILLE IN CLIMATE SUMMARY FOR OCTOBER 6 2017...
VALID TODAY AS OF 0400 PM LOCAL TIME.

CLIMATE NORMAL PERIOD 1981 TO 2010
CLIMATE RECORD PERIOD 1896 TO 2017

WEATHER ITEM   OBSERVED TIME   RECORD YEAR NORMAL DEPARTURE LAST
                VALUE   (LST)  VALUE       VALUE  FROM      YEAR
                                                  NORMAL
..................................................................
TEMPERATURE (F)
 TODAY
  MAXIMUM         85   1247 PM  90    2007  73     12       87
                                      1941
  MINIMUM         60    558 AM  32    1964  48     12       62
  AVERAGE         73                        61     12       75

PRECIPITATION (IN)
  TODAY            0.00          1.66 1955   0.11  -0.11     0.00
  MONTH TO DATE    0.00                      0.64  -0.64     0.34
  SINCE SEP 1      3.24                      3.69  -0.45     4.35
  SINCE JAN 1     35.65                     34.61   1.04    42.81

SNOWFALL (IN)
  TODAY            0.0                                       0.0
  MONTH TO DATE    0.0                                       0.0
  SINCE JUL 1      0.0                                       0.0
  SNOW DEPTH       0
..................................................................

WIND (MPH)
  HIGHEST WIND SPEED    16   HIGHEST WIND DIRECTION    SW (220)
  HIGHEST GUST SPEED    21   HIGHEST GUST DIRECTION    SW (220)
..........................................................

THE EVANSVILLE IN CLIMATE NORMALS FOR TOMORROW
                         NORMAL    RECORD    YEAR
 MAXIMUM TEMPERATURE (F)   73        93      2007
 MINIMUM TEMPERATURE (F)   48        29      1952

SUNRISE AND SUNSET
OCTOBER  6 2017.......SUNRISE   651 AM CDT   SUNSET   625 PM CDT
OCTOBER  7 2017.......SUNRISE   651 AM CDT   SUNSET   624 PM CDT

-  INDICATES NEGATIVE NUMBERS.
R  INDICATES RECORD WAS SET OR TIED.
MM INDICATES DATA IS MISSING.
T  INDICATES TRACE AMOUNT.

$$
