749
CDUS43 KPAH 162242
CLIEVV


CLIMATE REPORT
NATIONAL WEATHER SERVICE PADUCAH KY
440 PM CST THU FEB 16 2017


...................................

...THE EVANSVILLE IN CLIMATE SUMMARY FOR FEBRUARY 16 2017...
VALID TODAY AS OF 0400 PM LOCAL TIME.

CLIMATE NORMAL PERIOD 1981 TO 2010
CLIMATE RECORD PERIOD 1896 TO 2017


WEATHER ITEM   OBSERVED TIME   RECORD YEAR NORMAL DEPARTURE LAST
                VALUE   (LST)  VALUE       VALUE  FROM      YEAR
                                                  NORMAL
..................................................................
TEMPERATURE (F)
 TODAY
  MAXIMUM         58    335 PM  74    1911  46     12       36
  MINIMUM         25    627 AM  -1    1958  27     -2       32
  AVERAGE         42                        37      5       34

PRECIPITATION (IN)
  TODAY            0.00          1.12 2003   0.11  -0.11     0.14
  MONTH TO DATE    0.52                      1.86  -1.34     2.23
  SINCE DEC 1      6.71                      8.72  -2.01     9.43
  SINCE JAN 1      2.79                      4.96  -2.17     4.23

SNOWFALL (IN)
  TODAY            0.0                                       0.3
  MONTH TO DATE    T                                         3.3
  SINCE JUL 1      0.4                                      14.2
  SNOW DEPTH       0

..................................................................


WIND (MPH)
  HIGHEST WIND SPEED    15   HIGHEST WIND DIRECTION    SW (220)
  HIGHEST GUST SPEED    19   HIGHEST GUST DIRECTION    SW (210)




..........................................................


THE EVANSVILLE IN CLIMATE NORMALS FOR TOMORROW
                         NORMAL    RECORD    YEAR
 MAXIMUM TEMPERATURE (F)   47        71      1911
 MINIMUM TEMPERATURE (F)   28        -3      1958
                                             1903


SUNRISE AND SUNSET
FEBRUARY 16 2017......SUNRISE   639 AM CST   SUNSET   530 PM CST
FEBRUARY 17 2017......SUNRISE   637 AM CST   SUNSET   531 PM CST


-  INDICATES NEGATIVE NUMBERS.
R  INDICATES RECORD WAS SET OR TIED.
MM INDICATES DATA IS MISSING.
T  INDICATES TRACE AMOUNT.




$$
