000
CDUS43 KPAH 180644
CLIEVV


CLIMATE REPORT
NATIONAL WEATHER SERVICE PADUCAH KY
138 AM CDT THU MAY 18 2017


...................................

...THE EVANSVILLE IN CLIMATE SUMMARY FOR MAY 17 2017...

CLIMATE NORMAL PERIOD 1981 TO 2010
CLIMATE RECORD PERIOD 1896 TO 2017


WEATHER ITEM   OBSERVED TIME   RECORD YEAR NORMAL DEPARTURE LAST
                VALUE   (LST)  VALUE       VALUE  FROM      YEAR
                                                  NORMAL
..................................................................
TEMPERATURE (F)
 YESTERDAY
  MAXIMUM         84    127 PM  95    1962  77      7       54
  MINIMUM         71    459 AM  41    1973  55     16       49
  AVERAGE         78                        66     12       52

PRECIPITATION (IN)
  YESTERDAY        T             4.92 1995   0.16  -0.16     0.43
  MONTH TO DATE    2.62                      2.97  -0.35     3.56
  SINCE MAR 1     16.36                     11.58   4.78    14.92
  SINCE JAN 1     19.63                     17.85   1.78    21.26

SNOWFALL (IN)
  YESTERDAY        0.0           0.0  2002   0.0    0.0      0.0
                                      2001
  MONTH TO DATE    0.0                       0.0    0.0      0.0
  SINCE MAR 1      1.0                       1.1   -0.1       T
  SINCE JUL 1      1.4                      11.8  -10.4     14.2
  SNOW DEPTH       0

DEGREE DAYS
 HEATING
  YESTERDAY        0                         3     -3       13
  MONTH TO DATE   68                        64      4       96
  SINCE MAR 1    688                       945   -257      742
  SINCE JUL 1   3387                      4519  -1132     3560

 COOLING
  YESTERDAY       13                         4      9        0
  MONTH TO DATE   60                        39     21       15
  SINCE MAR 1    121                        66     55       37
  SINCE JAN 1    121                        66     55       37
..................................................................


WIND (MPH)
  HIGHEST WIND SPEED    28   HIGHEST WIND DIRECTION    SW (220)
  HIGHEST GUST SPEED    37   HIGHEST GUST DIRECTION    SW (230)
  AVERAGE WIND SPEED    13.9


SKY COVER
  AVERAGE SKY COVER 0.2


WEATHER CONDITIONS
 THE FOLLOWING WEATHER WAS RECORDED YESTERDAY.
  THUNDERSTORM
  LIGHT RAIN


RELATIVE HUMIDITY (PERCENT)
 HIGHEST    68
 LOWEST     40
 AVERAGE    54

..........................................................


THE EVANSVILLE IN CLIMATE NORMALS FOR TODAY
                         NORMAL    RECORD    YEAR
 MAXIMUM TEMPERATURE (F)   77        93      1962
 MINIMUM TEMPERATURE (F)   55        41      2002


SUNRISE AND SUNSET
MAY 18 2017...........SUNRISE   537 AM CDT   SUNSET   757 PM CDT
MAY 19 2017...........SUNRISE   536 AM CDT   SUNSET   757 PM CDT


-  INDICATES NEGATIVE NUMBERS.
R  INDICATES RECORD WAS SET OR TIED.
MM INDICATES DATA IS MISSING.
T  INDICATES TRACE AMOUNT.




$$
