000
CDUS43 KPAH 280632
CLIEVV


CLIMATE REPORT
NATIONAL WEATHER SERVICE PADUCAH KY
130 AM CDT SUN JUN 28 2015


...................................

...THE EVANSVILLE IN CLIMATE SUMMARY FOR JUNE 27 2015...

CLIMATE NORMAL PERIOD 1981 TO 2010
CLIMATE RECORD PERIOD 1896 TO 2015


WEATHER ITEM   OBSERVED TIME   RECORD YEAR NORMAL DEPARTURE LAST
                VALUE   (LST)  VALUE       VALUE  FROM      YEAR
                                                  NORMAL
..................................................................
TEMPERATURE (F)
 YESTERDAY
  MAXIMUM         80    310 PM 102    1978  88     -8       86
  MINIMUM         61   1140 PM  54    1979  67     -6       69
  AVERAGE         71                        77     -6       78

PRECIPITATION (IN)
  YESTERDAY        T             1.31 1900   0.11  -0.11     0.00
  MONTH TO DATE    7.20                      3.45   3.75     3.87
  SINCE JUN 1      7.20                      3.45   3.75     3.87
  SINCE JAN 1     29.64                     23.69   5.95    25.36

SNOWFALL (IN)
  YESTERDAY        0.0          MM      MM   0.0    0.0      0.0
  MONTH TO DATE    0.0                       0.0    0.0      0.0
  SINCE JUN 1      0.0                       0.0    0.0      0.0
  SINCE JUL 1     18.5                      11.8    6.7     12.6
  SNOW DEPTH       0

DEGREE DAYS
 HEATING
  YESTERDAY        0                         0      0        0
  MONTH TO DATE    7                         4      3        0
  SINCE JUN 1      7                         4      3        0
  SINCE JUL 1   4713                      4545    168     4980

 COOLING
  YESTERDAY        6                        12     -6       13
  MONTH TO DATE  327                       260     67      315
  SINCE JUN 1    327                       260     67      315
  SINCE JAN 1    518                       395    123      526
..................................................................


WIND (MPH)
  HIGHEST WIND SPEED    17   HIGHEST WIND DIRECTION    NW (310)
  HIGHEST GUST SPEED    26   HIGHEST GUST DIRECTION    NW (330)
  AVERAGE WIND SPEED     7.8


SKY COVER
  AVERAGE SKY COVER 0.5


WEATHER CONDITIONS
 THE FOLLOWING WEATHER WAS RECORDED YESTERDAY.
  LIGHT RAIN
  FOG


RELATIVE HUMIDITY (PERCENT)
 HIGHEST    93
 LOWEST     45
 AVERAGE    69

..........................................................


THE EVANSVILLE IN CLIMATE NORMALS FOR TODAY
                         NORMAL    RECORD    YEAR
 MAXIMUM TEMPERATURE (F)   88       107      2012
 MINIMUM TEMPERATURE (F)   67        55      1992
                                             1987
                                             1968


SUNRISE AND SUNSET
JUNE 28 2015..........SUNRISE   530 AM CDT   SUNSET   817 PM CDT
JUNE 29 2015..........SUNRISE   530 AM CDT   SUNSET   817 PM CDT


-  INDICATES NEGATIVE NUMBERS.
R  INDICATES RECORD WAS SET OR TIED.
MM INDICATES DATA IS MISSING.
T  INDICATES TRACE AMOUNT.




$$
