000
CDUS43 KPAH 250632
CLIEVV


CLIMATE REPORT
NATIONAL WEATHER SERVICE PADUCAH KY
128 AM CDT THU SEP 25 2014


...................................

...THE EVANSVILLE IN CLIMATE SUMMARY FOR SEPTEMBER 24 2014...

CLIMATE NORMAL PERIOD 1981 TO 2010
CLIMATE RECORD PERIOD 1896 TO 2014


WEATHER ITEM   OBSERVED TIME   RECORD YEAR NORMAL DEPARTURE LAST
                VALUE   (LST)  VALUE       VALUE  FROM      YEAR
                                                  NORMAL
..................................................................
TEMPERATURE (F)
 YESTERDAY
  MAXIMUM         80    240 PM  94    2007  78      2       83
                                      1961
  MINIMUM         48    607 AM  34    1983  53     -5       53
  AVERAGE         64                        66     -2       68

PRECIPITATION (IN)
  YESTERDAY        0.00          2.23 1984   0.10  -0.10     0.00
  MONTH TO DATE    2.55                      2.41   0.14     2.25
  SINCE SEP 1      2.55                      2.41   0.14     2.25
  SINCE JAN 1     36.73                     33.33   3.40    37.58

SNOWFALL (IN)
  YESTERDAY        0.0                       0.0    0.0      0.0
  MONTH TO DATE    0.0                       0.0    0.0      0.0
  SINCE SEP 1      0.0                       0.0    0.0      0.0
  SINCE JUL 1      0.0                       0.0    0.0      0.0
  SNOW DEPTH       0

DEGREE DAYS
 HEATING
  YESTERDAY        1                         3     -2        0
  MONTH TO DATE   36                        23     13       10
  SINCE SEP 1     36                        23     13       10
  SINCE JUL 1     36                        24     12       10

 COOLING
  YESTERDAY        0                         3     -3        3
  MONTH TO DATE  122                       150    -28      185
  SINCE SEP 1    122                       150    -28      185
  SINCE JAN 1   1402                      1349     53     1377
..................................................................


WIND (MPH)
  HIGHEST WIND SPEED     7   HIGHEST WIND DIRECTION    SW (220)
  HIGHEST GUST SPEED    10   HIGHEST GUST DIRECTION     S (190)
  AVERAGE WIND SPEED     2.0


SKY COVER
  AVERAGE SKY COVER 0.0


WEATHER CONDITIONS
 THE FOLLOWING WEATHER WAS RECORDED YESTERDAY.
  NO SIGNIFICANT WEATHER WAS OBSERVED.


RELATIVE HUMIDITY (PERCENT)
 HIGHEST    93
 LOWEST     35
 AVERAGE    64

..........................................................


THE EVANSVILLE IN CLIMATE NORMALS FOR TODAY
                         NORMAL    RECORD    YEAR
 MAXIMUM TEMPERATURE (F)   78        92      1931
 MINIMUM TEMPERATURE (F)   53        37      1950


SUNRISE AND SUNSET
SEPTEMBER 25 2014.....SUNRISE   640 AM CDT   SUNSET   642 PM CDT
SEPTEMBER 26 2014.....SUNRISE   641 AM CDT   SUNSET   641 PM CDT


-  INDICATES NEGATIVE NUMBERS.
R  INDICATES RECORD WAS SET OR TIED.
MM INDICATES DATA IS MISSING.
T  INDICATES TRACE AMOUNT.




$$
