000
CDUS43 KPAH 132126
CLIEVV


CLIMATE REPORT
NATIONAL WEATHER SERVICE PADUCAH KY
425 PM CDT TUE JUN 13 2017


...................................

...THE EVANSVILLE IN CLIMATE SUMMARY FOR JUNE 13 2017...
VALID TODAY AS OF 0400 PM LOCAL TIME.

CLIMATE NORMAL PERIOD 1981 TO 2010
CLIMATE RECORD PERIOD 1896 TO 2017


WEATHER ITEM   OBSERVED TIME   RECORD YEAR NORMAL DEPARTURE LAST
                VALUE   (LST)  VALUE       VALUE  FROM      YEAR
                                                  NORMAL
..................................................................
TEMPERATURE (F)
 TODAY
  MAXIMUM         94    257 PM  96    1954  85      9       95
                                      1902
  MINIMUM         71    442 AM  47    1903  64      7       72
  AVERAGE         83                        74      9       84

PRECIPITATION (IN)
  TODAY            0.00          2.41 1925   0.12  -0.12      T
  MONTH TO DATE    0.06                      1.83  -1.77     1.19
  SINCE JUN 1      0.06                      1.83  -1.77     1.19
  SINCE JAN 1     21.06                     22.07  -1.01    22.94

SNOWFALL (IN)
  TODAY            0.0                                       0.0
  MONTH TO DATE    0.0                                       0.0
  SINCE JUL 1      1.4                                      14.2
  SNOW DEPTH       0

..................................................................


WIND (MPH)
  HIGHEST WIND SPEED    16   HIGHEST WIND DIRECTION    SW (220)
  HIGHEST GUST SPEED    25   HIGHEST GUST DIRECTION     S (200)




..........................................................


THE EVANSVILLE IN CLIMATE NORMALS FOR TOMORROW
                         NORMAL    RECORD    YEAR
 MAXIMUM TEMPERATURE (F)   86        96      1920
                                             1897
 MINIMUM TEMPERATURE (F)   64        49      1955


SUNRISE AND SUNSET
JUNE 13 2017..........SUNRISE   527 AM CDT   SUNSET   814 PM CDT
JUNE 14 2017..........SUNRISE   527 AM CDT   SUNSET   814 PM CDT


-  INDICATES NEGATIVE NUMBERS.
R  INDICATES RECORD WAS SET OR TIED.
MM INDICATES DATA IS MISSING.
T  INDICATES TRACE AMOUNT.




$$
