000
CDUS43 KPAH 160628
CLIEVV


CLIMATE REPORT
NATIONAL WEATHER SERVICE PADUCAH KY
1226 AM CST THU FEB 16 2017


...................................

...THE EVANSVILLE IN CLIMATE SUMMARY FOR FEBRUARY 15 2017...

CLIMATE NORMAL PERIOD 1981 TO 2010
CLIMATE RECORD PERIOD 1896 TO 2017


WEATHER ITEM   OBSERVED TIME   RECORD YEAR NORMAL DEPARTURE LAST
                VALUE   (LST)  VALUE       VALUE  FROM      YEAR
                                                  NORMAL
..................................................................
TEMPERATURE (F)
 YESTERDAY
  MAXIMUM         48    320 PM  73    1954  46      2       39
  MINIMUM         30   1156 PM  -2    1986  27      3       29
  AVERAGE         39                        36      3       34

PRECIPITATION (IN)
  YESTERDAY        0.00          2.09 1990   0.12  -0.12     0.00
  MONTH TO DATE    0.52                      1.75  -1.23     2.09
  SINCE DEC 1      6.71                      8.61  -1.90     9.29
  SINCE JAN 1      2.79                      4.85  -2.06     4.09

SNOWFALL (IN)
  YESTERDAY        0.0           6.9  1993   0.2   -0.2      0.0
  MONTH TO DATE    T                         2.3   -2.3      3.0
  SINCE DEC 1      0.4                       8.9   -8.5     13.9
  SINCE JUL 1      0.4                       9.2   -8.8     13.9
  SNOW DEPTH       0

DEGREE DAYS
 HEATING
  YESTERDAY       26                        28     -2       31
  MONTH TO DATE  354                       453    -99      449
  SINCE DEC 1   2017                      2371   -354     1930
  SINCE JUL 1   2547                      3232   -685     2539

 COOLING
  YESTERDAY        0                         0      0        0
  MONTH TO DATE    0                         0      0        0
  SINCE DEC 1      0                         0      0        3
  SINCE JAN 1      0                         0      0        0
..................................................................


WIND (MPH)
  HIGHEST WIND SPEED    18   HIGHEST WIND DIRECTION    NW (320)
  HIGHEST GUST SPEED    26   HIGHEST GUST DIRECTION     N (360)
  AVERAGE WIND SPEED     9.1


SKY COVER
  AVERAGE SKY COVER 0.0


WEATHER CONDITIONS
 THE FOLLOWING WEATHER WAS RECORDED YESTERDAY.
  NO SIGNIFICANT WEATHER WAS OBSERVED.


RELATIVE HUMIDITY (PERCENT)
 HIGHEST    79
 LOWEST     31
 AVERAGE    55

..........................................................


THE EVANSVILLE IN CLIMATE NORMALS FOR TODAY
                         NORMAL    RECORD    YEAR
 MAXIMUM TEMPERATURE (F)   46        74      1911
 MINIMUM TEMPERATURE (F)   27        -1      1958


SUNRISE AND SUNSET
FEBRUARY 16 2017......SUNRISE   639 AM CST   SUNSET   530 PM CST
FEBRUARY 17 2017......SUNRISE   637 AM CST   SUNSET   531 PM CST


-  INDICATES NEGATIVE NUMBERS.
R  INDICATES RECORD WAS SET OR TIED.
MM INDICATES DATA IS MISSING.
T  INDICATES TRACE AMOUNT.




$$
