000
CDUS43 KPAH 190631
CLIEVV


CLIMATE REPORT
NATIONAL WEATHER SERVICE PADUCAH KY
128 AM CDT SAT JUL 19 2014


...................................

...THE EVANSVILLE IN CLIMATE SUMMARY FOR JULY 18 2014...

CLIMATE NORMAL PERIOD 1981 TO 2010
CLIMATE RECORD PERIOD 1896 TO 2014


WEATHER ITEM   OBSERVED TIME   RECORD YEAR NORMAL DEPARTURE LAST
                VALUE   (LST)  VALUE       VALUE  FROM      YEAR
                                                  NORMAL
..................................................................
TEMPERATURE (F)
 YESTERDAY
  MAXIMUM         82    118 PM 103    2012  89     -7       95
  MINIMUM         62    245 AM  53    1930  68     -6       75
  AVERAGE         72                        78     -6       85

PRECIPITATION (IN)
  YESTERDAY        0.00          1.93 1959   0.12  -0.12     0.00
  MONTH TO DATE    3.66                      2.37   1.29     0.42
  SINCE JUN 1      7.53                      6.15   1.38     7.97
  SINCE JAN 1     29.02                     26.39   2.63    30.52

SNOWFALL (IN)
  YESTERDAY        0.0                       0.0    0.0      0.0
  MONTH TO DATE    0.0                       0.0    0.0      0.0
  SINCE JUN 1      0.0                       0.0    0.0      0.0
  SINCE JUL 1      0.0                       0.0    0.0      0.0
  SNOW DEPTH       0

DEGREE DAYS
 HEATING
  YESTERDAY        0                         0      0        0
  MONTH TO DATE    0                         0      0        0
  SINCE JUN 1      0                         6     -6        1
  SINCE JUL 1      0                         0      0        0

 COOLING
  YESTERDAY        7                        13     -6       20
  MONTH TO DATE  177                       234    -57      223
  SINCE JUN 1    539                       532      7      519
  SINCE JAN 1    750                       667     83      690
..................................................................


WIND (MPH)
  HIGHEST WIND SPEED    15   HIGHEST WIND DIRECTION     E (90)
  HIGHEST GUST SPEED    20   HIGHEST GUST DIRECTION     E (90)
  AVERAGE WIND SPEED     5.7


SKY COVER
  AVERAGE SKY COVER 0.2


WEATHER CONDITIONS
 THE FOLLOWING WEATHER WAS RECORDED YESTERDAY.
  NO SIGNIFICANT WEATHER WAS OBSERVED.


RELATIVE HUMIDITY (PERCENT)
 HIGHEST    87
 LOWEST     39
 AVERAGE    63

..........................................................


THE EVANSVILLE IN CLIMATE NORMALS FOR TODAY
                         NORMAL    RECORD    YEAR
 MAXIMUM TEMPERATURE (F)   89       103      1930
 MINIMUM TEMPERATURE (F)   68        56      1984


SUNRISE AND SUNSET
JULY 19 2014..........SUNRISE   542 AM CDT   SUNSET   810 PM CDT
JULY 20 2014..........SUNRISE   543 AM CDT   SUNSET   809 PM CDT


-  INDICATES NEGATIVE NUMBERS.
R  INDICATES RECORD WAS SET OR TIED.
MM INDICATES DATA IS MISSING.
T  INDICATES TRACE AMOUNT.




$$
