000
CDUS43 KPAH 192129
CLIEVV


CLIMATE REPORT
NATIONAL WEATHER SERVICE PADUCAH KY
427 PM CDT FRI AUG 19 2016


...................................

...THE EVANSVILLE IN CLIMATE SUMMARY FOR AUGUST 19 2016...
VALID TODAY AS OF 0400 PM LOCAL TIME.

CLIMATE NORMAL PERIOD 1981 TO 2010
CLIMATE RECORD PERIOD 1896 TO 2016


WEATHER ITEM   OBSERVED TIME   RECORD YEAR NORMAL DEPARTURE LAST
                VALUE   (LST)  VALUE       VALUE  FROM      YEAR
                                                  NORMAL
..................................................................
TEMPERATURE (F)
 TODAY
  MAXIMUM         85    246 PM 104    1936  88     -3       78
  MINIMUM         72    323 AM  50    1943  65      7       65
  AVERAGE         79                        77      2       72

PRECIPITATION (IN)
  TODAY            0.00          1.58 2015   0.10  -0.10     1.58
  MONTH TO DATE    2.97                      1.84   1.13     3.06
  SINCE JUN 1     16.54                      9.54   7.00    15.12
  SINCE JAN 1     38.29                     29.78   8.51    37.56

SNOWFALL (IN)
  TODAY            0.0                                       0.0
  MONTH TO DATE    0.0                                       0.0
  SINCE JUL 1      0.0                                       0.0
  SNOW DEPTH       0

..................................................................


WIND (MPH)
  HIGHEST WIND SPEED    14   HIGHEST WIND DIRECTION    SW (220)
  HIGHEST GUST SPEED    18   HIGHEST GUST DIRECTION    SW (220)




..........................................................


THE EVANSVILLE IN CLIMATE NORMALS FOR TOMORROW
                         NORMAL    RECORD    YEAR
 MAXIMUM TEMPERATURE (F)   88       102      1983
 MINIMUM TEMPERATURE (F)   65        50      1967


SUNRISE AND SUNSET
AUGUST 19 2016........SUNRISE   609 AM CDT   SUNSET   737 PM CDT
AUGUST 20 2016........SUNRISE   610 AM CDT   SUNSET   736 PM CDT


-  INDICATES NEGATIVE NUMBERS.
R  INDICATES RECORD WAS SET OR TIED.
MM INDICATES DATA IS MISSING.
T  INDICATES TRACE AMOUNT.




$$
