000
CDUS43 KPAH 250633
CLIEVV


CLIMATE REPORT
NATIONAL WEATHER SERVICE PADUCAH KY
131 AM CDT MON APR 25 2016


...................................

...THE EVANSVILLE IN CLIMATE SUMMARY FOR APRIL 24 2016...

CLIMATE NORMAL PERIOD 1981 TO 2010
CLIMATE RECORD PERIOD 1896 TO 2016


WEATHER ITEM   OBSERVED TIME   RECORD YEAR NORMAL DEPARTURE LAST
                VALUE   (LST)  VALUE       VALUE  FROM      YEAR
                                                  NORMAL
..................................................................
TEMPERATURE (F)
 YESTERDAY
  MAXIMUM         77    426 PM  89    1925  71      6       63
  MINIMUM         44    517 AM  30    1963  47     -3       36
                                      1910
  AVERAGE         61                        59      2       50

PRECIPITATION (IN)
  YESTERDAY        0.00          1.95 1975   0.16  -0.16     0.00
  MONTH TO DATE    2.54                      3.40  -0.86     6.26
  SINCE MAR 1      8.41                      7.64   0.77    13.11
  SINCE JAN 1     14.75                     13.91   0.84    18.64

SNOWFALL (IN)
  YESTERDAY        0.0           0.0  2002   0.0    0.0      0.0
                                      2001
  MONTH TO DATE    0.0                       0.1   -0.1      0.0
  SINCE MAR 1      T                         1.1   -1.1      8.5
  SINCE JUL 1     14.2                      11.8    2.4     18.5
  SNOW DEPTH       0

DEGREE DAYS
 HEATING
  YESTERDAY        4                         7     -3       15
  MONTH TO DATE  233                       252    -19      150
  SINCE MAR 1    638                       844   -206      769
  SINCE JUL 1   3456                      4418   -962     4605

 COOLING
  YESTERDAY        0                         1     -1        0
  MONTH TO DATE    9                        16     -7       28
  SINCE MAR 1     10                        19     -9       28
  SINCE JAN 1     10                        19     -9       28
..................................................................


WIND (MPH)
  HIGHEST WIND SPEED    12   HIGHEST WIND DIRECTION    SE (140)
  HIGHEST GUST SPEED    16   HIGHEST GUST DIRECTION     S (190)
  AVERAGE WIND SPEED     3.8


SKY COVER
  AVERAGE SKY COVER 0.1


WEATHER CONDITIONS
 THE FOLLOWING WEATHER WAS RECORDED YESTERDAY.
  FOG
  FOG W/VISIBILITY <= 1/4 MILE
  HAZE


RELATIVE HUMIDITY (PERCENT)
 HIGHEST   100
 LOWEST     36
 AVERAGE    68

..........................................................


THE EVANSVILLE IN CLIMATE NORMALS FOR TODAY
                         NORMAL    RECORD    YEAR
 MAXIMUM TEMPERATURE (F)   71        89      1915
 MINIMUM TEMPERATURE (F)   48        33      1983
                                             1919


SUNRISE AND SUNSET
APRIL 25 2016.........SUNRISE   601 AM CDT   SUNSET   736 PM CDT
APRIL 26 2016.........SUNRISE   559 AM CDT   SUNSET   737 PM CDT


-  INDICATES NEGATIVE NUMBERS.
R  INDICATES RECORD WAS SET OR TIED.
MM INDICATES DATA IS MISSING.
T  INDICATES TRACE AMOUNT.




$$
