000
CDUS43 KPAH 160630
CLIEVV


CLIMATE REPORT
NATIONAL WEATHER SERVICE PADUCAH KY
128 AM CDT FRI SEP 16 2016


...................................

...THE EVANSVILLE IN CLIMATE SUMMARY FOR SEPTEMBER 15 2016...

CLIMATE NORMAL PERIOD 1981 TO 2010
CLIMATE RECORD PERIOD 1896 TO 2016


WEATHER ITEM   OBSERVED TIME   RECORD YEAR NORMAL DEPARTURE LAST
                VALUE   (LST)  VALUE       VALUE  FROM      YEAR
                                                  NORMAL
..................................................................
TEMPERATURE (F)
 YESTERDAY
  MAXIMUM         85    321 PM  99    1939  82      3       84
  MINIMUM         70    625 AM  41    1996  57     13       50
  AVERAGE         78                        69      9       67

PRECIPITATION (IN)
  YESTERDAY        0.05          1.41 1911   0.10  -0.05     0.00
  MONTH TO DATE    1.91                      1.52   0.39     0.13
  SINCE SEP 1      1.91                      1.52   0.39     0.13
  SINCE JAN 1     40.37                     32.44   7.93    37.69

SNOWFALL (IN)
  YESTERDAY        0.0           0.0    MM   0.0    0.0      0.0
  MONTH TO DATE    0.0                       0.0    0.0      0.0
  SINCE SEP 1      0.0                       0.0    0.0      0.0
  SINCE JUL 1      0.0                       0.0    0.0      0.0
  SNOW DEPTH       0

DEGREE DAYS
 HEATING
  YESTERDAY        0                         1     -1        0
  MONTH TO DATE    0                         5     -5        6
  SINCE SEP 1      0                         5     -5        6
  SINCE JUL 1      0                         6     -6        6

 COOLING
  YESTERDAY       13                         5      8        2
  MONTH TO DATE  164                       113     51      153
  SINCE SEP 1    164                       113     51      153
  SINCE JAN 1   1550                      1312    238     1452
..................................................................


WIND (MPH)
  HIGHEST WIND SPEED     9   HIGHEST WIND DIRECTION     E (70)
  HIGHEST GUST SPEED    11   HIGHEST GUST DIRECTION     E (70)
  AVERAGE WIND SPEED     3.2


SKY COVER
  AVERAGE SKY COVER 0.2


WEATHER CONDITIONS
 THE FOLLOWING WEATHER WAS RECORDED YESTERDAY.
  RAIN
  LIGHT RAIN
  FOG
  HAZE


RELATIVE HUMIDITY (PERCENT)
 HIGHEST    97
 LOWEST     58
 AVERAGE    78

..........................................................


THE EVANSVILLE IN CLIMATE NORMALS FOR TODAY
                         NORMAL    RECORD    YEAR
 MAXIMUM TEMPERATURE (F)   81        97      1954
                                             1897
 MINIMUM TEMPERATURE (F)   57        42      1966


SUNRISE AND SUNSET
SEPTEMBER 16 2016.....SUNRISE   633 AM CDT   SUNSET   656 PM CDT
SEPTEMBER 17 2016.....SUNRISE   634 AM CDT   SUNSET   654 PM CDT


-  INDICATES NEGATIVE NUMBERS.
R  INDICATES RECORD WAS SET OR TIED.
MM INDICATES DATA IS MISSING.
T  INDICATES TRACE AMOUNT.




$$
