000
CDUS43 KPAH 232133
CLIEVV


CLIMATE REPORT
NATIONAL WEATHER SERVICE PADUCAH KY
431 PM CDT SAT AUG 23 2014


...................................

...THE EVANSVILLE IN CLIMATE SUMMARY FOR AUGUST 23 2014...
VALID TODAY AS OF 0400 PM LOCAL TIME.

CLIMATE NORMAL PERIOD 1981 TO 2010
CLIMATE RECORD PERIOD 1896 TO 2014


WEATHER ITEM   OBSERVED TIME   RECORD YEAR NORMAL DEPARTURE LAST
                VALUE   (LST)  VALUE       VALUE  FROM      YEAR
                                                  NORMAL
..................................................................
TEMPERATURE (F)
 TODAY
  MAXIMUM         95    258 PM 100    2007  88      7       91
  MINIMUM         76    614 AM  51    1950  65     11       69
  AVERAGE         86                        76     10       80

PRECIPITATION (IN)
  TODAY            0.00          3.54 1977   0.10  -0.10     0.00
  MONTH TO DATE    3.95                      2.24   1.71     1.36
  SINCE JUN 1     11.84                      9.94   1.90    12.50
  SINCE JAN 1     33.33                     30.18   3.15    35.05

SNOWFALL (IN)
  TODAY            0.0                                       0.0
  MONTH TO DATE    0.0                                       0.0
  SINCE JUL 1      0.0                                       0.0
  SNOW DEPTH       0

..................................................................


WIND (MPH)
  HIGHEST WIND SPEED    10   HIGHEST WIND DIRECTION    SW (210)
  HIGHEST GUST SPEED    13   HIGHEST GUST DIRECTION    SW (220)




..........................................................


THE EVANSVILLE IN CLIMATE NORMALS FOR TOMORROW
                         NORMAL    RECORD    YEAR
 MAXIMUM TEMPERATURE (F)   88       101      1943
 MINIMUM TEMPERATURE (F)   65        52      1966


SUNRISE AND SUNSET
AUGUST 23 2014........SUNRISE   612 AM CDT   SUNSET   733 PM CDT
AUGUST 24 2014........SUNRISE   613 AM CDT   SUNSET   731 PM CDT


-  INDICATES NEGATIVE NUMBERS.
R  INDICATES RECORD WAS SET OR TIED.
MM INDICATES DATA IS MISSING.
T  INDICATES TRACE AMOUNT.




$$
