000
CDUS43 KPAH 172227
CLIEVV


CLIMATE REPORT
NATIONAL WEATHER SERVICE PADUCAH KY
426 PM CST FRI NOV 17 2017


...................................

...THE EVANSVILLE IN CLIMATE SUMMARY FOR NOVEMBER 17 2017...
VALID TODAY AS OF 0400 PM LOCAL TIME.

CLIMATE NORMAL PERIOD 1981 TO 2010
CLIMATE RECORD PERIOD 1896 TO 2017


WEATHER ITEM   OBSERVED TIME   RECORD YEAR NORMAL DEPARTURE LAST
                VALUE   (LST)  VALUE       VALUE  FROM      YEAR
                                                  NORMAL
..................................................................
TEMPERATURE (F)
 TODAY
  MAXIMUM         49    359 PM  80    2016  56     -7       80
                                      1958
  MINIMUM         28    132 AM  10    1959  36     -8       43
  AVERAGE         39                        46     -7       62

PRECIPITATION (IN)
  TODAY            0.00          2.24 1906   0.15  -0.15     0.00
  MONTH TO DATE    1.29                      2.34  -1.05     0.09
  SINCE SEP 1      8.24                      8.64  -0.40     4.59
  SINCE JAN 1     40.65                     39.56   1.09    43.05

SNOWFALL (IN)
  TODAY            0.0                                       0.0
  MONTH TO DATE    0.0                                       0.0
  SINCE JUL 1      0.0                                       0.0
  SNOW DEPTH       0

..................................................................


WIND (MPH)
  HIGHEST WIND SPEED    13   HIGHEST WIND DIRECTION    SE (140)
  HIGHEST GUST SPEED    19   HIGHEST GUST DIRECTION    SE (140)




..........................................................


THE EVANSVILLE IN CLIMATE NORMALS FOR TOMORROW
                         NORMAL    RECORD    YEAR
 MAXIMUM TEMPERATURE (F)   55        78      2016
 MINIMUM TEMPERATURE (F)   36         9      2014


SUNRISE AND SUNSET
NOVEMBER 17 2017......SUNRISE   633 AM CST   SUNSET   437 PM CST
NOVEMBER 18 2017......SUNRISE   634 AM CST   SUNSET   436 PM CST


-  INDICATES NEGATIVE NUMBERS.
R  INDICATES RECORD WAS SET OR TIED.
MM INDICATES DATA IS MISSING.
T  INDICATES TRACE AMOUNT.




$$
