000
CDUS43 KPAH 072231
CLIEVV


CLIMATE REPORT
NATIONAL WEATHER SERVICE PADUCAH KY
431 PM CST WED FEB 7 2018


...................................

...THE EVANSVILLE IN CLIMATE SUMMARY FOR FEBRUARY 7 2018...
VALID TODAY AS OF 0400 PM LOCAL TIME.

CLIMATE NORMAL PERIOD 1981 TO 2010
CLIMATE RECORD PERIOD 1896 TO 2018


WEATHER ITEM   OBSERVED TIME   RECORD YEAR NORMAL DEPARTURE LAST
                VALUE   (LST)  VALUE       VALUE  FROM      YEAR
                                                  NORMAL
..................................................................
TEMPERATURE (F)
 TODAY
  MAXIMUM         32    554 AM  70    1925  44    -12       64
  MINIMUM         24    842 AM  -4    1982  25     -1       47
  AVERAGE         28                        34     -6       56

PRECIPITATION (IN)
  TODAY            0.09          1.23 1921   0.11  -0.02     0.34
  MONTH TO DATE    0.61                      0.83  -0.22     0.46
  SINCE DEC 1      6.00                      7.69  -1.69     6.65
  SINCE JAN 1      3.58                      3.93  -0.35     2.73

SNOWFALL (IN)
  TODAY            0.0                                       0.0
  MONTH TO DATE    0.4                                       0.0
  SINCE JUL 1      7.5                                       0.4
  SNOW DEPTH       0

..................................................................


WIND (MPH)
  HIGHEST WIND SPEED    14   HIGHEST WIND DIRECTION     N (340)
  HIGHEST GUST SPEED    23   HIGHEST GUST DIRECTION     N (360)




..........................................................


THE EVANSVILLE IN CLIMATE NORMALS FOR TOMORROW
                         NORMAL    RECORD    YEAR
 MAXIMUM TEMPERATURE (F)   44        72      1925
 MINIMUM TEMPERATURE (F)   26        -5      1985


SUNRISE AND SUNSET
FEBRUARY  7 2018......SUNRISE   649 AM CST   SUNSET   520 PM CST
FEBRUARY  8 2018......SUNRISE   648 AM CST   SUNSET   521 PM CST


-  INDICATES NEGATIVE NUMBERS.
R  INDICATES RECORD WAS SET OR TIED.
MM INDICATES DATA IS MISSING.
T  INDICATES TRACE AMOUNT.




$$
