000
CDUS43 KPAH 180631
CLIEVV


CLIMATE REPORT
NATIONAL WEATHER SERVICE PADUCAH KY
128 AM CDT WED MAY 18 2016


...................................

...THE EVANSVILLE IN CLIMATE SUMMARY FOR MAY 17 2016...

CLIMATE NORMAL PERIOD 1981 TO 2010
CLIMATE RECORD PERIOD 1896 TO 2016


WEATHER ITEM   OBSERVED TIME   RECORD YEAR NORMAL DEPARTURE LAST
                VALUE   (LST)  VALUE       VALUE  FROM      YEAR
                                                  NORMAL
..................................................................
TEMPERATURE (F)
 YESTERDAY
  MAXIMUM         54    258 PM  95    1962  77    -23       79
  MINIMUM         49    613 AM  41    1973  55     -6       67
  AVERAGE         52                        66    -14       73

PRECIPITATION (IN)
  YESTERDAY        0.43          4.92 1995   0.16   0.27     0.23
  MONTH TO DATE    3.56                      2.97   0.59     2.23
  SINCE MAR 1     14.92                     11.58   3.34    15.70
  SINCE JAN 1     21.26                     17.85   3.41    21.23

SNOWFALL (IN)
  YESTERDAY        0.0           0.0  2002   0.0    0.0      0.0
                                      2001
  MONTH TO DATE    0.0                       0.0    0.0      0.0
  SINCE MAR 1      T                         1.1   -1.1      8.5
  SINCE JUL 1     14.2                      11.8    2.4     18.5
  SNOW DEPTH       0

DEGREE DAYS
 HEATING
  YESTERDAY       13                         3     10        0
  MONTH TO DATE   96                        64     32       22
  SINCE MAR 1    742                       945   -203      837
  SINCE JUL 1   3560                      4519   -959     4673

 COOLING
  YESTERDAY        0                         4     -4        8
  MONTH TO DATE   15                        39    -24       91
  SINCE MAR 1     37                        66    -29      119
  SINCE JAN 1     37                        66    -29      119
..................................................................


WIND (MPH)
  HIGHEST WIND SPEED    15   HIGHEST WIND DIRECTION    NE (60)
  HIGHEST GUST SPEED    21   HIGHEST GUST DIRECTION    NE (60)
  AVERAGE WIND SPEED     9.2


SKY COVER
  AVERAGE SKY COVER 0.9


WEATHER CONDITIONS
 THE FOLLOWING WEATHER WAS RECORDED YESTERDAY.
  RAIN
  LIGHT RAIN
  FOG


RELATIVE HUMIDITY (PERCENT)
 HIGHEST   100
 LOWEST     83
 AVERAGE    92

..........................................................


THE EVANSVILLE IN CLIMATE NORMALS FOR TODAY
                         NORMAL    RECORD    YEAR
 MAXIMUM TEMPERATURE (F)   77        93      1962
 MINIMUM TEMPERATURE (F)   55        41      2002


SUNRISE AND SUNSET
MAY 18 2016...........SUNRISE   537 AM CDT   SUNSET   757 PM CDT
MAY 19 2016...........SUNRISE   536 AM CDT   SUNSET   758 PM CDT


-  INDICATES NEGATIVE NUMBERS.
R  INDICATES RECORD WAS SET OR TIED.
MM INDICATES DATA IS MISSING.
T  INDICATES TRACE AMOUNT.




$$
