000
CDUS43 KPAH 160652
CLIEVV


CLIMATE REPORT
NATIONAL WEATHER SERVICE PADUCAH KY
149 AM CDT SUN APR 16 2017


...................................

...THE EVANSVILLE IN CLIMATE SUMMARY FOR APRIL 15 2017...

CLIMATE NORMAL PERIOD 1981 TO 2010
CLIMATE RECORD PERIOD 1896 TO 2017


WEATHER ITEM   OBSERVED TIME   RECORD YEAR NORMAL DEPARTURE LAST
                VALUE   (LST)  VALUE       VALUE  FROM      YEAR
                                                  NORMAL
..................................................................
TEMPERATURE (F)
 YESTERDAY
  MAXIMUM         84    234 PM  86    1977  68     16       76
  MINIMUM         62    543 AM  30    1957  44     18       54
                                      1950
                                      1943
  AVERAGE         73                        56     17       65

PRECIPITATION (IN)
  YESTERDAY        0.00          2.18 1972   0.15  -0.15      T
  MONTH TO DATE    0.30                      2.03  -1.73     1.38
  SINCE MAR 1      4.15                      6.27  -2.12     7.25
  SINCE JAN 1      7.42                     12.54  -5.12    13.59

SNOWFALL (IN)
  YESTERDAY        0.0           1.3  1961   0.0    0.0      0.0
  MONTH TO DATE    0.0                       0.1   -0.1      0.0
  SINCE MAR 1      1.0                       1.1   -0.1       T
  SINCE JUL 1      1.4                      11.8  -10.4     14.2
  SNOW DEPTH       0

DEGREE DAYS
 HEATING
  YESTERDAY        0                        10    -10        0
  MONTH TO DATE   85                       178    -93      215
  SINCE MAR 1    583                       770   -187      620
  SINCE JUL 1   3282                      4344  -1062     3438

 COOLING
  YESTERDAY        8                         1      7        0
  MONTH TO DATE   21                         7     14        0
  SINCE MAR 1     26                        10     16        1
  SINCE JAN 1     26                        10     16        1
..................................................................


WIND (MPH)
  HIGHEST WIND SPEED    25   HIGHEST WIND DIRECTION    SW (220)
  HIGHEST GUST SPEED    33   HIGHEST GUST DIRECTION    SW (240)
  AVERAGE WIND SPEED    10.4


SKY COVER
  AVERAGE SKY COVER 0.1


WEATHER CONDITIONS
 THE FOLLOWING WEATHER WAS RECORDED YESTERDAY.
  NO SIGNIFICANT WEATHER WAS OBSERVED.


RELATIVE HUMIDITY (PERCENT)
 HIGHEST    78
 LOWEST     26
 AVERAGE    52

..........................................................


THE EVANSVILLE IN CLIMATE NORMALS FOR TODAY
                         NORMAL    RECORD    YEAR
 MAXIMUM TEMPERATURE (F)   68        90      1967
 MINIMUM TEMPERATURE (F)   45        28      1962


SUNRISE AND SUNSET
APRIL 16 2017.........SUNRISE   613 AM CDT   SUNSET   727 PM CDT
APRIL 17 2017.........SUNRISE   612 AM CDT   SUNSET   728 PM CDT


-  INDICATES NEGATIVE NUMBERS.
R  INDICATES RECORD WAS SET OR TIED.
MM INDICATES DATA IS MISSING.
T  INDICATES TRACE AMOUNT.




$$
