000
CDUS43 KPAH 080634
CLIEVV


CLIMATE REPORT
NATIONAL WEATHER SERVICE PADUCAH KY
1233 AM CST MON FEB 8 2016


...................................

...THE EVANSVILLE IN CLIMATE SUMMARY FOR FEBRUARY 7 2016...

CLIMATE NORMAL PERIOD 1981 TO 2010
CLIMATE RECORD PERIOD 1896 TO 2016


WEATHER ITEM   OBSERVED TIME   RECORD YEAR NORMAL DEPARTURE LAST
                VALUE   (LST)  VALUE       VALUE  FROM      YEAR
                                                  NORMAL
..................................................................
TEMPERATURE (F)
 YESTERDAY
  MAXIMUM         58    253 PM  70    1925  44     14       62
  MINIMUM         34    617 AM  -4    1982  25      9       30
  AVERAGE         46                        34     12       46

PRECIPITATION (IN)
  YESTERDAY        0.01          1.23 1921   0.11  -0.10     0.00
  MONTH TO DATE    1.76                      0.83   0.93     0.67
  SINCE DEC 1      8.96                      7.69   1.27     7.07
  SINCE JAN 1      3.76                      3.93  -0.17     3.64

SNOWFALL (IN)
  YESTERDAY        0.0           2.0  1979   0.1   -0.1      0.0
  MONTH TO DATE    0.0                       1.0   -1.0      0.2
  SINCE DEC 1     10.9                       7.6    3.3      0.4
  SINCE JUL 1     10.9                       7.9    3.0      2.8
  SNOW DEPTH       0

DEGREE DAYS
 HEATING
  YESTERDAY       19                        31    -12       19
  MONTH TO DATE  145                       218    -73      218
  SINCE DEC 1   1626                      2136   -510     1982
  SINCE JUL 1   2235                      2997   -762     2985

 COOLING
  YESTERDAY        0                         0      0        0
  MONTH TO DATE    0                         0      0        0
  SINCE DEC 1      3                         0      3        0
  SINCE JAN 1      0                         0      0        0
..................................................................


WIND (MPH)
  HIGHEST WIND SPEED    25   HIGHEST WIND DIRECTION    SW (220)
  HIGHEST GUST SPEED    33   HIGHEST GUST DIRECTION    SW (230)
  AVERAGE WIND SPEED    10.7


SKY COVER
  AVERAGE SKY COVER 0.2


WEATHER CONDITIONS
 THE FOLLOWING WEATHER WAS RECORDED YESTERDAY.
  LIGHT RAIN


RELATIVE HUMIDITY (PERCENT)
 HIGHEST    64
 LOWEST     28
 AVERAGE    46

..........................................................


THE EVANSVILLE IN CLIMATE NORMALS FOR TODAY
                         NORMAL    RECORD    YEAR
 MAXIMUM TEMPERATURE (F)   44        72      1925
 MINIMUM TEMPERATURE (F)   26        -5      1985


SUNRISE AND SUNSET
FEBRUARY  8 2016......SUNRISE   648 AM CST   SUNSET   521 PM CST
FEBRUARY  9 2016......SUNRISE   647 AM CST   SUNSET   522 PM CST


-  INDICATES NEGATIVE NUMBERS.
R  INDICATES RECORD WAS SET OR TIED.
MM INDICATES DATA IS MISSING.
T  INDICATES TRACE AMOUNT.




$$
