000
CDUS43 KPAH 140023
CLIEVV


CLIMATE REPORT
NATIONAL WEATHER SERVICE PADUCAH KY
721 PM CDT MON MAR 13 2017


...................................

...THE EVANSVILLE IN CLIMATE SUMMARY FOR MARCH 13 2017...
VALID TODAY AS OF 0500 PM LOCAL TIME.

CLIMATE NORMAL PERIOD 1981 TO 2010
CLIMATE RECORD PERIOD 1896 TO 2017


WEATHER ITEM   OBSERVED TIME   RECORD YEAR NORMAL DEPARTURE LAST
                VALUE   (LST)  VALUE       VALUE  FROM      YEAR
                                                  NORMAL
..................................................................
TEMPERATURE (F)
 TODAY
  MAXIMUM         37    359 PM  82    1990  56    -19       71
                                      1967
  MINIMUM         31   1038 AM   3    1960  35     -4       55
  AVERAGE         34                        45    -11       63

PRECIPITATION (IN)
  TODAY            0.13          1.82 2015   0.14  -0.01     0.10
  MONTH TO DATE    2.51                      1.63   0.88     3.17
  SINCE MAR 1      2.51                      1.63   0.88     3.17
  SINCE JAN 1      5.78                      7.90  -2.12     9.51

SNOWFALL (IN)
  TODAY            0.7                                       0.0
  MONTH TO DATE    1.0                                        T
  SINCE JUL 1      1.4                                      14.2
  SNOW DEPTH       0

..................................................................


WIND (MPH)
  HIGHEST WIND SPEED     8   HIGHEST WIND DIRECTION    SE (120)
  HIGHEST GUST SPEED    11   HIGHEST GUST DIRECTION    SE (130)




..........................................................


THE EVANSVILLE IN CLIMATE NORMALS FOR TOMORROW
                         NORMAL    RECORD    YEAR
 MAXIMUM TEMPERATURE (F)   56        82      2012
 MINIMUM TEMPERATURE (F)   35         3      1960


SUNRISE AND SUNSET
MARCH 13 2017.........SUNRISE   704 AM CDT   SUNSET   656 PM CDT
MARCH 14 2017.........SUNRISE   702 AM CDT   SUNSET   657 PM CDT


-  INDICATES NEGATIVE NUMBERS.
R  INDICATES RECORD WAS SET OR TIED.
MM INDICATES DATA IS MISSING.
T  INDICATES TRACE AMOUNT.




$$
