000
CDUS43 KPAH 240631
CLIEVV


CLIMATE REPORT
NATIONAL WEATHER SERVICE PADUCAH KY
128 AM CDT WED JUN 24 2015


...................................

...THE EVANSVILLE IN CLIMATE SUMMARY FOR JUNE 23 2015...

CLIMATE NORMAL PERIOD 1981 TO 2010
CLIMATE RECORD PERIOD 1896 TO 2015


WEATHER ITEM   OBSERVED TIME   RECORD YEAR NORMAL DEPARTURE LAST
                VALUE   (LST)  VALUE       VALUE  FROM      YEAR
                                                  NORMAL
..................................................................
TEMPERATURE (F)
 YESTERDAY
  MAXIMUM         90    225 PM 100    1988  88      2       94
  MINIMUM         71   1155 PM  45    1972  66      5       71
  AVERAGE         81                        77      4       83

PRECIPITATION (IN)
  YESTERDAY        0.00          3.01 1960   0.11  -0.11     0.44
  MONTH TO DATE    7.00                      3.01   3.99     3.00
  SINCE JUN 1      7.00                      3.01   3.99     3.00
  SINCE JAN 1     29.44                     23.25   6.19    24.49

SNOWFALL (IN)
  YESTERDAY        0.0                       0.0    0.0      0.0
  MONTH TO DATE    0.0                       0.0    0.0      0.0
  SINCE JUN 1      0.0                       0.0    0.0      0.0
  SINCE JUL 1     18.5                      11.8    6.7     12.6
  SNOW DEPTH       0

DEGREE DAYS
 HEATING
  YESTERDAY        0                         0      0        0
  MONTH TO DATE    7                         4      3        0
  SINCE JUN 1      7                         4      3        0
  SINCE JUL 1   4713                      4545    168     4980

 COOLING
  YESTERDAY       16                        12      4       18
  MONTH TO DATE  279                       212     67      263
  SINCE JUN 1    279                       212     67      263
  SINCE JAN 1    470                       347    123      474
..................................................................


WIND (MPH)
  HIGHEST WIND SPEED    18   HIGHEST WIND DIRECTION    SW (220)
  HIGHEST GUST SPEED    24   HIGHEST GUST DIRECTION    SW (210)
  AVERAGE WIND SPEED     8.5


SKY COVER
  AVERAGE SKY COVER 0.3


WEATHER CONDITIONS
 THE FOLLOWING WEATHER WAS RECORDED YESTERDAY.
  HAZE


RELATIVE HUMIDITY (PERCENT)
 HIGHEST    85
 LOWEST     59
 AVERAGE    72

..........................................................


THE EVANSVILLE IN CLIMATE NORMALS FOR TODAY
                         NORMAL    RECORD    YEAR
 MAXIMUM TEMPERATURE (F)   88       100      1914
 MINIMUM TEMPERATURE (F)   66        49      1972


SUNRISE AND SUNSET
JUNE 24 2015..........SUNRISE   528 AM CDT   SUNSET   817 PM CDT
JUNE 25 2015..........SUNRISE   529 AM CDT   SUNSET   817 PM CDT


-  INDICATES NEGATIVE NUMBERS.
R  INDICATES RECORD WAS SET OR TIED.
MM INDICATES DATA IS MISSING.
T  INDICATES TRACE AMOUNT.




$$
