526
CDUS43 KPAH 082134
CLIEVV


CLIMATE REPORT
NATIONAL WEATHER SERVICE PADUCAH KY
432 PM CDT FRI MAY 8 2015


...................................

...THE EVANSVILLE IN CLIMATE SUMMARY FOR MAY 8 2015...
VALID TODAY AS OF 0400 PM LOCAL TIME.

CLIMATE NORMAL PERIOD 1981 TO 2010
CLIMATE RECORD PERIOD 1896 TO 2015


WEATHER ITEM   OBSERVED TIME   RECORD YEAR NORMAL DEPARTURE LAST
                VALUE   (LST)  VALUE       VALUE  FROM      YEAR
                                                  NORMAL
..................................................................
TEMPERATURE (F)
 TODAY
  MAXIMUM         88    204 PM  90    1897  75     13       85
  MINIMUM         63    534 AM  38    1989  52     11       68
                                      1980
                                      1954
  AVERAGE         76                        63     13       77

PRECIPITATION (IN)
  TODAY            0.00          3.56 1961   0.17  -0.17     0.00
  MONTH TO DATE    0.00                      1.37  -1.37      T
  SINCE MAR 1     13.47                      9.98   3.49    13.82
  SINCE JAN 1     19.00                     16.25   2.75    17.77

SNOWFALL (IN)
  TODAY            0.0                                       0.0
  MONTH TO DATE    0.0                                       0.0
  SINCE JUL 1     18.5                                      12.6
  SNOW DEPTH       0

..................................................................


WIND (MPH)
  HIGHEST WIND SPEED    20   HIGHEST WIND DIRECTION     S (190)
  HIGHEST GUST SPEED    25   HIGHEST GUST DIRECTION     S (160)




..........................................................


THE EVANSVILLE IN CLIMATE NORMALS FOR TOMORROW
                         NORMAL    RECORD    YEAR
 MAXIMUM TEMPERATURE (F)   75        90      1963
                                             1934
 MINIMUM TEMPERATURE (F)   52        34      1980


SUNRISE AND SUNSET
MAY  8 2015...........SUNRISE   546 AM CDT   SUNSET   747 PM CDT
MAY  9 2015...........SUNRISE   545 AM CDT   SUNSET   748 PM CDT


-  INDICATES NEGATIVE NUMBERS.
R  INDICATES RECORD WAS SET OR TIED.
MM INDICATES DATA IS MISSING.
T  INDICATES TRACE AMOUNT.




$$
