000
CDUS43 KPAH 160633
CLIEVV


CLIMATE REPORT
NATIONAL WEATHER SERVICE PADUCAH KY
132 AM CDT SAT APR 16 2016


...................................

...THE EVANSVILLE IN CLIMATE SUMMARY FOR APRIL 15 2016...

CLIMATE NORMAL PERIOD 1981 TO 2010
CLIMATE RECORD PERIOD 1896 TO 2016


WEATHER ITEM   OBSERVED TIME   RECORD YEAR NORMAL DEPARTURE LAST
                VALUE   (LST)  VALUE       VALUE  FROM      YEAR
                                                  NORMAL
..................................................................
TEMPERATURE (F)
 YESTERDAY
  MAXIMUM         76    501 PM  86    1977  68      8       68
  MINIMUM         54    529 AM  30    1957  44     10       55
                                      1950
                                      1943
  AVERAGE         65                        56      9       62

PRECIPITATION (IN)
  YESTERDAY        T             2.18 1972   0.15  -0.15     0.01
  MONTH TO DATE    1.38                      2.03  -0.65     4.13
  SINCE MAR 1      7.25                      6.27   0.98    10.98
  SINCE JAN 1     13.59                     12.54   1.05    16.51

SNOWFALL (IN)
  YESTERDAY        0.0           1.3  1961   0.0    0.0      0.0
  MONTH TO DATE    0.0                       0.1   -0.1      0.0
  SINCE MAR 1      T                         1.1   -1.1      8.5
  SINCE JUL 1     14.2                      11.8    2.4     18.5
  SNOW DEPTH       0

DEGREE DAYS
 HEATING
  YESTERDAY        0                        10    -10        3
  MONTH TO DATE  215                       178     37       82
  SINCE MAR 1    620                       770   -150      701
  SINCE JUL 1   3438                      4344   -906     4537

 COOLING
  YESTERDAY        0                         1     -1        0
  MONTH TO DATE    0                         7     -7       21
  SINCE MAR 1      1                        10     -9       21
  SINCE JAN 1      1                        10     -9       21
..................................................................


WIND (MPH)
  HIGHEST WIND SPEED    13   HIGHEST WIND DIRECTION     S (180)
  HIGHEST GUST SPEED    17   HIGHEST GUST DIRECTION     S (170)
  AVERAGE WIND SPEED     4.3


SKY COVER
  AVERAGE SKY COVER 0.5


WEATHER CONDITIONS
 THE FOLLOWING WEATHER WAS RECORDED YESTERDAY.
  LIGHT RAIN


RELATIVE HUMIDITY (PERCENT)
 HIGHEST    72
 LOWEST     36
 AVERAGE    54

..........................................................


THE EVANSVILLE IN CLIMATE NORMALS FOR TODAY
                         NORMAL    RECORD    YEAR
 MAXIMUM TEMPERATURE (F)   68        90      1967
 MINIMUM TEMPERATURE (F)   45        28      1962


SUNRISE AND SUNSET
APRIL 16 2016.........SUNRISE   613 AM CDT   SUNSET   728 PM CDT
APRIL 17 2016.........SUNRISE   611 AM CDT   SUNSET   729 PM CDT


-  INDICATES NEGATIVE NUMBERS.
R  INDICATES RECORD WAS SET OR TIED.
MM INDICATES DATA IS MISSING.
T  INDICATES TRACE AMOUNT.




$$
