300
CDUS43 KPAH 092229
CLIEVV


CLIMATE REPORT
NATIONAL WEATHER SERVICE PADUCAH KY
427 PM CST SAT DEC 9 2017


...................................

...THE EVANSVILLE IN CLIMATE SUMMARY FOR DECEMBER 9 2017...
VALID TODAY AS OF 0400 PM LOCAL TIME.

CLIMATE NORMAL PERIOD 1981 TO 2010
CLIMATE RECORD PERIOD 1896 TO 2017


WEATHER ITEM   OBSERVED TIME   RECORD YEAR NORMAL DEPARTURE LAST
                VALUE   (LST)  VALUE       VALUE  FROM      YEAR
                                                  NORMAL
..................................................................
TEMPERATURE (F)
 TODAY
  MAXIMUM         37    203 PM  68    1897  46     -9       33
  MINIMUM         21    108 AM  -5    1917  28     -7       18
  AVERAGE         29                        37     -8       26

PRECIPITATION (IN)
  TODAY            T             1.66 1923   0.13  -0.13      T
  MONTH TO DATE    0.74                      1.19  -0.45     0.86
  SINCE DEC 1      0.74                      1.19  -0.45     0.86
  SINCE JAN 1     41.80                     42.74  -0.94    46.52

SNOWFALL (IN)
  TODAY            T                                          T
  MONTH TO DATE    T                                          T
  SINCE JUL 1      T                                          T
  SNOW DEPTH       0

..................................................................


WIND (MPH)
  HIGHEST WIND SPEED    18   HIGHEST WIND DIRECTION    NW (310)
  HIGHEST GUST SPEED    29   HIGHEST GUST DIRECTION    NW (310)




..........................................................


THE EVANSVILLE IN CLIMATE NORMALS FOR TOMORROW
                         NORMAL    RECORD    YEAR
 MAXIMUM TEMPERATURE (F)   45        70      1971
 MINIMUM TEMPERATURE (F)   28        -4      1917


SUNRISE AND SUNSET
DECEMBER  9 2017......SUNRISE   655 AM CST   SUNSET   430 PM CST
DECEMBER 10 2017......SUNRISE   656 AM CST   SUNSET   431 PM CST


-  INDICATES NEGATIVE NUMBERS.
R  INDICATES RECORD WAS SET OR TIED.
MM INDICATES DATA IS MISSING.
T  INDICATES TRACE AMOUNT.




$$
