000
CDUS43 KPAH 202233
CLIEVV


CLIMATE REPORT
NATIONAL WEATHER SERVICE PADUCAH KY
431 PM CST THU NOV 20 2014


...................................

...THE EVANSVILLE IN CLIMATE SUMMARY FOR NOVEMBER 20 2014...
VALID TODAY AS OF 0400 PM LOCAL TIME.

CLIMATE NORMAL PERIOD 1981 TO 2010
CLIMATE RECORD PERIOD 1896 TO 2014


WEATHER ITEM   OBSERVED TIME   RECORD YEAR NORMAL DEPARTURE LAST
                VALUE   (LST)  VALUE       VALUE  FROM      YEAR
                                                  NORMAL
..................................................................
TEMPERATURE (F)
 TODAY
  MAXIMUM         35    347 PM  75    1913  54    -19       56
  MINIMUM         22    628 AM  12    1914  35    -13       27
  AVERAGE         29                        44    -15       42

PRECIPITATION (IN)
  TODAY            0.00          2.27 1900   0.16  -0.16     0.00
  MONTH TO DATE    0.92                      2.82  -1.90     1.72
  SINCE SEP 1      7.67                      9.12  -1.45    10.60
  SINCE JAN 1     41.85                     40.04   1.81    45.93

SNOWFALL (IN)
  TODAY            0.0                                       0.0
  MONTH TO DATE    2.2                                        T
  SINCE JUL 1      2.2                                        T
  SNOW DEPTH       0

..................................................................


WIND (MPH)
  HIGHEST WIND SPEED    14   HIGHEST WIND DIRECTION     W (250)
  HIGHEST GUST SPEED    18   HIGHEST GUST DIRECTION     W (260)




..........................................................


THE EVANSVILLE IN CLIMATE NORMALS FOR TOMORROW
                         NORMAL    RECORD    YEAR
 MAXIMUM TEMPERATURE (F)   54        74      1990
                                             1934
 MINIMUM TEMPERATURE (F)   35        13      1964


SUNRISE AND SUNSET
NOVEMBER 20 2014......SUNRISE   636 AM CST   SUNSET   435 PM CST
NOVEMBER 21 2014......SUNRISE   637 AM CST   SUNSET   434 PM CST


-  INDICATES NEGATIVE NUMBERS.
R  INDICATES RECORD WAS SET OR TIED.
MM INDICATES DATA IS MISSING.
T  INDICATES TRACE AMOUNT.




$$
