000
CDUS43 KPAH 230631
CLIEVV


CLIMATE REPORT
NATIONAL WEATHER SERVICE PADUCAH KY
128 AM CDT SAT MAY 23 2015


...................................

...THE EVANSVILLE IN CLIMATE SUMMARY FOR MAY 22 2015...

CLIMATE NORMAL PERIOD 1981 TO 2010
CLIMATE RECORD PERIOD 1896 TO 2015


WEATHER ITEM   OBSERVED TIME   RECORD YEAR NORMAL DEPARTURE LAST
                VALUE   (LST)  VALUE       VALUE  FROM      YEAR
                                                  NORMAL
..................................................................
TEMPERATURE (F)
 YESTERDAY
  MAXIMUM         75    328 PM  93    1975  79     -4       86
  MINIMUM         45    457 AM  38    1963  56    -11       69
  AVERAGE         60                        68     -8       78

PRECIPITATION (IN)
  YESTERDAY        0.00          2.83 1908   0.16  -0.16     0.00
  MONTH TO DATE    2.43                      3.82  -1.39     3.64
  SINCE MAR 1     15.90                     12.43   3.47    17.46
  SINCE JAN 1     21.43                     18.70   2.73    21.41

SNOWFALL (IN)
  YESTERDAY        0.0           0.0  2002   0.0    0.0      0.0
                                      2001
  MONTH TO DATE    0.0                       0.0    0.0      0.0
  SINCE MAR 1      8.5                       1.1    7.4      2.6
  SINCE JUL 1     18.5                      11.8    6.7     12.6
  SNOW DEPTH       0

DEGREE DAYS
 HEATING
  YESTERDAY        5                         2      3        0
  MONTH TO DATE   52                        74    -22       92
  SINCE MAR 1    867                       955    -88     1018
  SINCE JUL 1   4703                      4529    174     4980

 COOLING
  YESTERDAY        0                         4     -4       13
  MONTH TO DATE   99                        59     40      107
  SINCE MAR 1    127                        86     41      117
  SINCE JAN 1    127                        86     41      117
..................................................................


WIND (MPH)
  HIGHEST WIND SPEED    16   HIGHEST WIND DIRECTION    SW (230)
  HIGHEST GUST SPEED    21   HIGHEST GUST DIRECTION    SW (240)
  AVERAGE WIND SPEED     6.2


SKY COVER
  AVERAGE SKY COVER 0.0


WEATHER CONDITIONS
 THE FOLLOWING WEATHER WAS RECORDED YESTERDAY.
  NO SIGNIFICANT WEATHER WAS OBSERVED.


RELATIVE HUMIDITY (PERCENT)
 HIGHEST    93
 LOWEST     41
 AVERAGE    67

..........................................................


THE EVANSVILLE IN CLIMATE NORMALS FOR TODAY
                         NORMAL    RECORD    YEAR
 MAXIMUM TEMPERATURE (F)   79        95      1975
 MINIMUM TEMPERATURE (F)   57        34      1963


SUNRISE AND SUNSET
MAY 23 2015...........SUNRISE   534 AM CDT   SUNSET   800 PM CDT
MAY 24 2015...........SUNRISE   533 AM CDT   SUNSET   801 PM CDT


-  INDICATES NEGATIVE NUMBERS.
R  INDICATES RECORD WAS SET OR TIED.
MM INDICATES DATA IS MISSING.
T  INDICATES TRACE AMOUNT.




$$
