000
CDUS43 KPAH 130652
CLIEVV


CLIMATE REPORT
NATIONAL WEATHER SERVICE PADUCAH KY
141 AM CDT FRI MAY 13 2016


...................................

...THE EVANSVILLE IN CLIMATE SUMMARY FOR MAY 12 2016...

CLIMATE NORMAL PERIOD 1981 TO 2010
CLIMATE RECORD PERIOD 1896 TO 2016


WEATHER ITEM   OBSERVED TIME   RECORD YEAR NORMAL DEPARTURE LAST
                VALUE   (LST)  VALUE       VALUE  FROM      YEAR
                                                  NORMAL
..................................................................
TEMPERATURE (F)
 YESTERDAY
  MAXIMUM         74   1027 AM  90    1902  76     -2       69
  MINIMUM         56   1159 PM  37    1981  53      3       52
  AVERAGE         65                        64      1       61

PRECIPITATION (IN)
  YESTERDAY        0.69          3.15 1959   0.19   0.50     0.00
  MONTH TO DATE    3.06                      2.09   0.97     1.43
  SINCE MAR 1     14.42                     10.70   3.72    14.90
  SINCE JAN 1     20.76                     16.97   3.79    20.43

SNOWFALL (IN)
  YESTERDAY        0.0           0.0  2002   0.0    0.0      0.0
                                      2001
  MONTH TO DATE    0.0                       0.0    0.0      0.0
  SINCE MAR 1      T                         1.1   -1.1      8.5
  SINCE JUL 1     14.2                      11.8    2.4     18.5
  SNOW DEPTH       0

DEGREE DAYS
 HEATING
  YESTERDAY        0                         3     -3        4
  MONTH TO DATE   40                        49     -9       16
  SINCE MAR 1    686                       930   -244      831
  SINCE JUL 1   3504                      4504  -1000     4667

 COOLING
  YESTERDAY        0                         3     -3        0
  MONTH TO DATE   15                        23     -8       69
  SINCE MAR 1     37                        50    -13       97
  SINCE JAN 1     37                        50    -13       97
..................................................................


WIND (MPH)
  HIGHEST WIND SPEED    16   HIGHEST WIND DIRECTION     W (260)
  HIGHEST GUST SPEED    25   HIGHEST GUST DIRECTION     W (280)
  AVERAGE WIND SPEED     6.1


SKY COVER
  AVERAGE SKY COVER 0.5


WEATHER CONDITIONS
 THE FOLLOWING WEATHER WAS RECORDED YESTERDAY.
  THUNDERSTORM
  HEAVY RAIN
  RAIN
  LIGHT RAIN
  FOG


RELATIVE HUMIDITY (PERCENT)
 HIGHEST    93
 LOWEST     68
 AVERAGE    81

..........................................................


THE EVANSVILLE IN CLIMATE NORMALS FOR TODAY
                         NORMAL    RECORD    YEAR
 MAXIMUM TEMPERATURE (F)   76        92      1962
 MINIMUM TEMPERATURE (F)   54        36      1960


SUNRISE AND SUNSET
MAY 13 2016...........SUNRISE   541 AM CDT   SUNSET   752 PM CDT
MAY 14 2016...........SUNRISE   540 AM CDT   SUNSET   753 PM CDT


-  INDICATES NEGATIVE NUMBERS.
R  INDICATES RECORD WAS SET OR TIED.
MM INDICATES DATA IS MISSING.
T  INDICATES TRACE AMOUNT.




$$
