000
CDUS43 KPAH 240630
CLIEVV


CLIMATE REPORT
NATIONAL WEATHER SERVICE PADUCAH KY
1229 AM CST SAT JAN 24 2015


...................................

...THE EVANSVILLE IN CLIMATE SUMMARY FOR JANUARY 23 2015...

CLIMATE NORMAL PERIOD 1981 TO 2010
CLIMATE RECORD PERIOD 1896 TO 2015


WEATHER ITEM   OBSERVED TIME   RECORD YEAR NORMAL DEPARTURE LAST
                VALUE   (LST)  VALUE       VALUE  FROM      YEAR
                                                  NORMAL
..................................................................
TEMPERATURE (F)
 YESTERDAY
  MAXIMUM         39    238 PM  72    1967  41     -2       21
  MINIMUM         29   1159 PM -14    1963  24      5        5
  AVERAGE         34                        32      2       13

PRECIPITATION (IN)
  YESTERDAY        0.00          1.16 1996   0.10  -0.10     0.00
  MONTH TO DATE    2.56                      2.26   0.30     1.66
  SINCE DEC 1      5.99                      6.02  -0.03     8.99
  SINCE JAN 1      2.56                      2.26   0.30     1.66

SNOWFALL (IN)
  YESTERDAY        0.0           2.6  1977   0.2   -0.2      0.0
  MONTH TO DATE    0.1                       2.5   -2.4      0.6
  SINCE DEC 1      0.1                       5.7   -5.6      7.8
  SINCE JUL 1      2.5                       6.0   -3.5      7.8
  SNOW DEPTH       0

DEGREE DAYS
 HEATING
  YESTERDAY       31                        33     -2       52
  MONTH TO DATE  754                       754      0      822
  SINCE DEC 1   1535                      1665   -130     1742
  SINCE JUL 1   2538                      2526     12     2656

 COOLING
  YESTERDAY        0                         0      0        0
  MONTH TO DATE    0                         0      0        0
  SINCE DEC 1      0                         0      0        0
  SINCE JAN 1      0                         0      0        0
..................................................................


WIND (MPH)
  HIGHEST WIND SPEED    12   HIGHEST WIND DIRECTION    NE (60)
  HIGHEST GUST SPEED    15   HIGHEST GUST DIRECTION     N (340)
  AVERAGE WIND SPEED     6.6


SKY COVER
  AVERAGE SKY COVER 0.5


WEATHER CONDITIONS
 THE FOLLOWING WEATHER WAS RECORDED YESTERDAY.
  NO SIGNIFICANT WEATHER WAS OBSERVED.


RELATIVE HUMIDITY (PERCENT)
 HIGHEST    78
 LOWEST     64
 AVERAGE    71

..........................................................


THE EVANSVILLE IN CLIMATE NORMALS FOR TODAY
                         NORMAL    RECORD    YEAR
 MAXIMUM TEMPERATURE (F)   41        76      1943
 MINIMUM TEMPERATURE (F)   24       -15      1963


SUNRISE AND SUNSET
JANUARY 24 2015.......SUNRISE   701 AM CST   SUNSET   504 PM CST
JANUARY 25 2015.......SUNRISE   700 AM CST   SUNSET   505 PM CST


-  INDICATES NEGATIVE NUMBERS.
R  INDICATES RECORD WAS SET OR TIED.
MM INDICATES DATA IS MISSING.
T  INDICATES TRACE AMOUNT.




$$
