000
CDUS43 KPAH 052129
CLIEVV


CLIMATE REPORT
NATIONAL WEATHER SERVICE PADUCAH KY
427 PM CDT THU OCT 5 2017


...................................

...THE EVANSVILLE IN CLIMATE SUMMARY FOR OCTOBER 5 2017...
VALID TODAY AS OF 0400 PM LOCAL TIME.

CLIMATE NORMAL PERIOD 1981 TO 2010
CLIMATE RECORD PERIOD 1896 TO 2017


WEATHER ITEM   OBSERVED TIME   RECORD YEAR NORMAL DEPARTURE LAST
                VALUE   (LST)  VALUE       VALUE  FROM      YEAR
                                                  NORMAL
..................................................................
TEMPERATURE (F)
 TODAY
  MAXIMUM         83    223 PM  91    1954  74      9       83
                                      1951
                                      1897
  MINIMUM         65    559 AM  31    1968  49     16       67
  AVERAGE         74                        61     13       75

PRECIPITATION (IN)
  TODAY            0.00          6.50 1910   0.11  -0.11     0.00
  MONTH TO DATE    0.00                      0.53  -0.53     0.34
  SINCE SEP 1      3.24                      3.58  -0.34     4.35
  SINCE JAN 1     35.65                     34.50   1.15    42.81

SNOWFALL (IN)
  TODAY            0.0                                       0.0
  MONTH TO DATE    0.0                                       0.0
  SINCE JUL 1      0.0                                       0.0
  SNOW DEPTH       0

..................................................................


WIND (MPH)
  HIGHEST WIND SPEED    12   HIGHEST WIND DIRECTION     S (180)
  HIGHEST GUST SPEED    15   HIGHEST GUST DIRECTION     S (180)




..........................................................


THE EVANSVILLE IN CLIMATE NORMALS FOR TOMORROW
                         NORMAL    RECORD    YEAR
 MAXIMUM TEMPERATURE (F)   73        90      2007
                                             1941
 MINIMUM TEMPERATURE (F)   48        32      1964


SUNRISE AND SUNSET
OCTOBER  5 2017.......SUNRISE   650 AM CDT   SUNSET   627 PM CDT
OCTOBER  6 2017.......SUNRISE   651 AM CDT   SUNSET   625 PM CDT


-  INDICATES NEGATIVE NUMBERS.
R  INDICATES RECORD WAS SET OR TIED.
MM INDICATES DATA IS MISSING.
T  INDICATES TRACE AMOUNT.




$$
