000
CDUS43 KPAH 230637
CLIEVV


CLIMATE REPORT
NATIONAL WEATHER SERVICE PADUCAH KY
135 AM CDT MON MAY 23 2016


...................................

...THE EVANSVILLE IN CLIMATE SUMMARY FOR MAY 22 2016...

CLIMATE NORMAL PERIOD 1981 TO 2010
CLIMATE RECORD PERIOD 1896 TO 2016


WEATHER ITEM   OBSERVED TIME   RECORD YEAR NORMAL DEPARTURE LAST
                VALUE   (LST)  VALUE       VALUE  FROM      YEAR
                                                  NORMAL
..................................................................
TEMPERATURE (F)
 YESTERDAY
  MAXIMUM         80    415 PM  93    1975  79      1       75
  MINIMUM         50    319 AM  38    1963  56     -6       45
  AVERAGE         65                        68     -3       60

PRECIPITATION (IN)
  YESTERDAY        0.00          2.83 1908   0.16  -0.16     0.00
  MONTH TO DATE    3.75                      3.82  -0.07     2.43
  SINCE MAR 1     15.11                     12.43   2.68    15.90
  SINCE JAN 1     21.45                     18.70   2.75    21.43

SNOWFALL (IN)
  YESTERDAY        0.0           0.0  2002   0.0    0.0      0.0
                                      2001
  MONTH TO DATE    0.0                       0.0    0.0      0.0
  SINCE MAR 1      T                         1.1   -1.1      8.5
  SINCE JUL 1     14.2                      11.8    2.4     18.5
  SNOW DEPTH       0

DEGREE DAYS
 HEATING
  YESTERDAY        0                         2     -2        5
  MONTH TO DATE  114                        74     40       52
  SINCE MAR 1    760                       955   -195      867
  SINCE JUL 1   3578                      4529   -951     4703

 COOLING
  YESTERDAY        0                         4     -4        0
  MONTH TO DATE   15                        59    -44       99
  SINCE MAR 1     37                        86    -49      127
  SINCE JAN 1     37                        86    -49      127
..................................................................


WIND (MPH)
  HIGHEST WIND SPEED    12   HIGHEST WIND DIRECTION    NW (330)
  HIGHEST GUST SPEED    17   HIGHEST GUST DIRECTION    NW (300)
  AVERAGE WIND SPEED     4.6


SKY COVER
  AVERAGE SKY COVER 0.0


WEATHER CONDITIONS
 THE FOLLOWING WEATHER WAS RECORDED YESTERDAY.
  NO SIGNIFICANT WEATHER WAS OBSERVED.


RELATIVE HUMIDITY (PERCENT)
 HIGHEST    89
 LOWEST     30
 AVERAGE    60

..........................................................


THE EVANSVILLE IN CLIMATE NORMALS FOR TODAY
                         NORMAL    RECORD    YEAR
 MAXIMUM TEMPERATURE (F)   79        95      1975
 MINIMUM TEMPERATURE (F)   57        34      1963


SUNRISE AND SUNSET
MAY 23 2016...........SUNRISE   533 AM CDT   SUNSET   801 PM CDT
MAY 24 2016...........SUNRISE   533 AM CDT   SUNSET   802 PM CDT


-  INDICATES NEGATIVE NUMBERS.
R  INDICATES RECORD WAS SET OR TIED.
MM INDICATES DATA IS MISSING.
T  INDICATES TRACE AMOUNT.




$$
