000
CDUS43 KPAH 042128
CLIEVV


CLIMATE REPORT
NATIONAL WEATHER SERVICE PADUCAH KY
426 PM CDT WED OCT 4 2017


...................................

...THE EVANSVILLE IN CLIMATE SUMMARY FOR OCTOBER 4 2017...
VALID TODAY AS OF 0400 PM LOCAL TIME.

CLIMATE NORMAL PERIOD 1981 TO 2010
CLIMATE RECORD PERIOD 1896 TO 2017


WEATHER ITEM   OBSERVED TIME   RECORD YEAR NORMAL DEPARTURE LAST
                VALUE   (LST)  VALUE       VALUE  FROM      YEAR
                                                  NORMAL
..................................................................
TEMPERATURE (F)
 TODAY
  MAXIMUM         86    159 PM  92    1954  74     12       83
  MINIMUM         64    225 AM  31    1987  49     15       55
  AVERAGE         75                        62     13       69

PRECIPITATION (IN)
  TODAY            0.00          3.66 1910   0.11  -0.11     0.00
  MONTH TO DATE    0.00                      0.42  -0.42     0.34
  SINCE SEP 1      3.24                      3.47  -0.23     4.35
  SINCE JAN 1     35.65                     34.39   1.26    42.81

SNOWFALL (IN)
  TODAY            0.0                                       0.0
  MONTH TO DATE    0.0                                       0.0
  SINCE JUL 1      0.0                                       0.0
  SNOW DEPTH       0

..................................................................


WIND (MPH)
  HIGHEST WIND SPEED    13   HIGHEST WIND DIRECTION    SW (230)
  HIGHEST GUST SPEED    17   HIGHEST GUST DIRECTION    SW (220)




..........................................................


THE EVANSVILLE IN CLIMATE NORMALS FOR TOMORROW
                         NORMAL    RECORD    YEAR
 MAXIMUM TEMPERATURE (F)   74        91      1954
                                             1951
                                             1897
 MINIMUM TEMPERATURE (F)   49        31      1968


SUNRISE AND SUNSET
OCTOBER  4 2017.......SUNRISE   649 AM CDT   SUNSET   628 PM CDT
OCTOBER  5 2017.......SUNRISE   650 AM CDT   SUNSET   627 PM CDT


-  INDICATES NEGATIVE NUMBERS.
R  INDICATES RECORD WAS SET OR TIED.
MM INDICATES DATA IS MISSING.
T  INDICATES TRACE AMOUNT.




$$
