000
CDUS43 KPAH 120635
CLIEVV


CLIMATE REPORT
NATIONAL WEATHER SERVICE PADUCAH KY
133 AM CDT FRI AUG 12 2016


...................................

...THE EVANSVILLE IN CLIMATE SUMMARY FOR AUGUST 11 2016...

CLIMATE NORMAL PERIOD 1981 TO 2010
CLIMATE RECORD PERIOD 1896 TO 2016


WEATHER ITEM   OBSERVED TIME   RECORD YEAR NORMAL DEPARTURE LAST
                VALUE   (LST)  VALUE       VALUE  FROM      YEAR
                                                  NORMAL
..................................................................
TEMPERATURE (F)
 YESTERDAY
  MAXIMUM         89    338 PM 101    1941  88      1       87
                                      1918
  MINIMUM         76    535 AM  50    1967  66     10       71
  AVERAGE         83                        77      6       79

PRECIPITATION (IN)
  YESTERDAY        0.00          1.80 1952   0.10  -0.10     0.00
  MONTH TO DATE    0.93                      1.04  -0.11     1.38
  SINCE JUN 1     14.50                      8.74   5.76    13.44
  SINCE JAN 1     36.25                     28.98   7.27    35.88

SNOWFALL (IN)
  YESTERDAY        0.0           0.0  2002   0.0    0.0      0.0
                                      2001
  MONTH TO DATE    0.0                       0.0    0.0      0.0
  SINCE JUN 1      0.0                       0.0    0.0      0.0
  SINCE JUL 1      0.0                       0.0    0.0      0.0
  SNOW DEPTH       0

DEGREE DAYS
 HEATING
  YESTERDAY        0                         0      0        0
  MONTH TO DATE    0                         0      0        0
  SINCE JUN 1      0                         6     -6        7
  SINCE JUL 1      0                         0      0        0

 COOLING
  YESTERDAY       18                        12      6       14
  MONTH TO DATE  172                       135     37      139
  SINCE JUN 1   1004                       836    168      935
  SINCE JAN 1   1109                       971    138     1126
..................................................................


WIND (MPH)
  HIGHEST WIND SPEED    12   HIGHEST WIND DIRECTION    SE (150)
  HIGHEST GUST SPEED    15   HIGHEST GUST DIRECTION     S (170)
  AVERAGE WIND SPEED     4.5


SKY COVER
  AVERAGE SKY COVER 0.5


WEATHER CONDITIONS
 THE FOLLOWING WEATHER WAS RECORDED YESTERDAY.
  FOG


RELATIVE HUMIDITY (PERCENT)
 HIGHEST    94
 LOWEST     63
 AVERAGE    79

..........................................................


THE EVANSVILLE IN CLIMATE NORMALS FOR TODAY
                         NORMAL    RECORD    YEAR
 MAXIMUM TEMPERATURE (F)   88       101      2010
 MINIMUM TEMPERATURE (F)   66        50      1967
                                             1964


SUNRISE AND SUNSET
AUGUST 12 2016........SUNRISE   603 AM CDT   SUNSET   746 PM CDT
AUGUST 13 2016........SUNRISE   604 AM CDT   SUNSET   745 PM CDT


-  INDICATES NEGATIVE NUMBERS.
R  INDICATES RECORD WAS SET OR TIED.
MM INDICATES DATA IS MISSING.
T  INDICATES TRACE AMOUNT.




$$
