000
CDUS43 KPAH 120628
CLIEVV


CLIMATE REPORT
NATIONAL WEATHER SERVICE PADUCAH KY
1226 AM CST FRI DEC 12 2014

...................................

...THE EVANSVILLE IN CLIMATE SUMMARY FOR DECEMBER 11 2014...

CLIMATE NORMAL PERIOD 1981 TO 2010
CLIMATE RECORD PERIOD 1896 TO 2014

WEATHER ITEM   OBSERVED TIME   RECORD YEAR NORMAL DEPARTURE LAST
                VALUE   (LST)  VALUE       VALUE  FROM      YEAR
                                                  NORMAL
..................................................................
TEMPERATURE (F)
 YESTERDAY
  MAXIMUM         40    224 PM  73    1931  45     -5       35
  MINIMUM         26   1159 PM  -2    1962  28     -2       14
  AVERAGE         33                        36     -3       25

PRECIPITATION (IN)
  YESTERDAY        0.00          1.60 2000   0.13  -0.13     0.00
  MONTH TO DATE    1.95                      1.45   0.50     1.94
  SINCE DEC 1      1.95                      1.45   0.50     1.94
  SINCE JAN 1     45.73                     43.00   2.73    48.19

SNOWFALL (IN)
  YESTERDAY        0.0           1.8  2002   0.1   -0.1      0.0
                                      1950
  MONTH TO DATE    0.0                       0.7   -0.7      7.2
  SINCE DEC 1      0.0                       0.7   -0.7      7.2
  SINCE JUL 1      2.4                       1.0    1.4      7.2
  SNOW DEPTH       0

DEGREE DAYS
 HEATING
  YESTERDAY       32                        29      3       40
  MONTH TO DATE  271                       297    -26      323
  SINCE DEC 1    271                       297    -26      323
  SINCE JUL 1   1274                      1158    116     1237

 COOLING
  YESTERDAY        0                         0      0        0
  MONTH TO DATE    0                         0      0        0
  SINCE DEC 1      0                         0      0        0
  SINCE JAN 1   1477                      1397     80     1464
..................................................................

WIND (MPH)
  HIGHEST WIND SPEED    12   HIGHEST WIND DIRECTION    NE (40)
  HIGHEST GUST SPEED    14   HIGHEST GUST DIRECTION     N (20)
  AVERAGE WIND SPEED     4.1

SKY COVER
  AVERAGE SKY COVER 0.7

WEATHER CONDITIONS
 THE FOLLOWING WEATHER WAS RECORDED YESTERDAY.
  FOG

RELATIVE HUMIDITY (PERCENT)
 HIGHEST    92
 LOWEST     59
 AVERAGE    76
..........................................................

THE EVANSVILLE IN CLIMATE NORMALS FOR TODAY
                         NORMAL    RECORD    YEAR
 MAXIMUM TEMPERATURE (F)   45        68      1948
 MINIMUM TEMPERATURE (F)   28        -7      1962

SUNRISE AND SUNSET
DECEMBER 12 2014......SUNRISE   657 AM CST   SUNSET   431 PM CST
DECEMBER 13 2014......SUNRISE   658 AM CST   SUNSET   431 PM CST

-  INDICATES NEGATIVE NUMBERS.
R  INDICATES RECORD WAS SET OR TIED.
MM INDICATES DATA IS MISSING.
T  INDICATES TRACE AMOUNT.

$$
