000
CDUS43 KPAH 230629
CLIEVV


CLIMATE REPORT
NATIONAL WEATHER SERVICE PADUCAH KY
1227 AM CST WED NOV 23 2016


...................................

...THE EVANSVILLE IN CLIMATE SUMMARY FOR NOVEMBER 22 2016...

CLIMATE NORMAL PERIOD 1981 TO 2010
CLIMATE RECORD PERIOD 1896 TO 2016


WEATHER ITEM   OBSERVED TIME   RECORD YEAR NORMAL DEPARTURE LAST
                VALUE   (LST)  VALUE       VALUE  FROM      YEAR
                                                  NORMAL
..................................................................
TEMPERATURE (F)
 YESTERDAY
  MAXIMUM         52   1250 PM  78    1900  53     -1       38
  MINIMUM         31    614 AM  10    1964  34     -3       24
  AVERAGE         42                        44     -2       31

PRECIPITATION (IN)
  YESTERDAY        0.01          1.53 1899   0.15  -0.14     0.00
  MONTH TO DATE    0.71                      3.13  -2.42     3.87
  SINCE SEP 1      5.21                      9.43  -4.22     7.93
  SINCE JAN 1     43.67                     40.35   3.32    45.49

SNOWFALL (IN)
  YESTERDAY        0.0           T    1975   0.0    0.0      0.0
  MONTH TO DATE    0.0                       0.0    0.0      0.0
  SINCE SEP 1      0.0                       0.2   -0.2      0.0
  SINCE JUL 1      0.0                       0.2   -0.2      0.0
  SNOW DEPTH       0

DEGREE DAYS
 HEATING
  YESTERDAY       23                        21      2       34
  MONTH TO DATE  281                       372    -91      300
  SINCE SEP 1    389                       674   -285      491
  SINCE JUL 1    389                       675   -286      491

 COOLING
  YESTERDAY        0                         0      0        0
  MONTH TO DATE   11                         0     11        5
  SINCE SEP 1    389                       196    193      277
  SINCE JAN 1   1775                      1395    380     1576
..................................................................


WIND (MPH)
  HIGHEST WIND SPEED    12   HIGHEST WIND DIRECTION     E (110)
  HIGHEST GUST SPEED    16   HIGHEST GUST DIRECTION     E (110)
  AVERAGE WIND SPEED     4.9


SKY COVER
  AVERAGE SKY COVER 0.2


WEATHER CONDITIONS
 THE FOLLOWING WEATHER WAS RECORDED YESTERDAY.
  LIGHT RAIN


RELATIVE HUMIDITY (PERCENT)
 HIGHEST    75
 LOWEST     38
 AVERAGE    57

..........................................................


THE EVANSVILLE IN CLIMATE NORMALS FOR TODAY
                         NORMAL    RECORD    YEAR
 MAXIMUM TEMPERATURE (F)   53        76      1931
 MINIMUM TEMPERATURE (F)   34        13      1950


SUNRISE AND SUNSET
NOVEMBER 23 2016......SUNRISE   640 AM CST   SUNSET   433 PM CST
NOVEMBER 24 2016......SUNRISE   641 AM CST   SUNSET   433 PM CST


-  INDICATES NEGATIVE NUMBERS.
R  INDICATES RECORD WAS SET OR TIED.
MM INDICATES DATA IS MISSING.
T  INDICATES TRACE AMOUNT.




$$
