000
CDUS43 KPAH 122128
CLIEVV


CLIMATE REPORT
NATIONAL WEATHER SERVICE PADUCAH KY
426 PM CDT SUN MAR 12 2017

...................................

...THE EVANSVILLE IN CLIMATE SUMMARY FOR MARCH 12 2017...
VALID TODAY AS OF 0400 PM LOCAL TIME.

CLIMATE NORMAL PERIOD 1981 TO 2010
CLIMATE RECORD PERIOD 1896 TO 2017

WEATHER ITEM   OBSERVED TIME   RECORD YEAR NORMAL DEPARTURE LAST
                VALUE   (LST)  VALUE       VALUE  FROM      YEAR
                                                  NORMAL
..................................................................
TEMPERATURE (F)
 TODAY
  MAXIMUM         44    259 PM  79    1967  55    -11       65
  MINIMUM         24    605 AM  11    1998  34    -10       53
                                      1948
  AVERAGE         34                        45    -11       59

PRECIPITATION (IN)
  TODAY            0.00          2.61 2006   0.13  -0.13     0.23
  MONTH TO DATE    2.38                      1.49   0.89     3.07
  SINCE MAR 1      2.38                      1.49   0.89     3.07
  SINCE JAN 1      5.65                      7.76  -2.11     9.41

SNOWFALL (IN)
  TODAY            0.0                                       0.0
  MONTH TO DATE    0.3                                        T
  SINCE JUL 1      0.7                                      14.2
  SNOW DEPTH       0
..................................................................

WIND (MPH)
  HIGHEST WIND SPEED    12   HIGHEST WIND DIRECTION    NW (330)
  HIGHEST GUST SPEED    15   HIGHEST GUST DIRECTION    NW (320)
..........................................................

THE EVANSVILLE IN CLIMATE NORMALS FOR TOMORROW
                         NORMAL    RECORD    YEAR
 MAXIMUM TEMPERATURE (F)   56        82      1990
                                             1967
 MINIMUM TEMPERATURE (F)   35         3      1960

SUNRISE AND SUNSET
MARCH 12 2017.........SUNRISE   705 AM CDT   SUNSET   655 PM CDT
MARCH 13 2017.........SUNRISE   704 AM CDT   SUNSET   656 PM CDT

-  INDICATES NEGATIVE NUMBERS.
R  INDICATES RECORD WAS SET OR TIED.
MM INDICATES DATA IS MISSING.
T  INDICATES TRACE AMOUNT.

$$
