000
CDUS43 KPAH 290658
CLIEVV


CLIMATE REPORT
NATIONAL WEATHER SERVICE PADUCAH KY
155 AM CDT WED OCT 29 2014


...................................

...THE EVANSVILLE IN CLIMATE SUMMARY FOR OCTOBER 28 2014...

CLIMATE NORMAL PERIOD 1981 TO 2010
CLIMATE RECORD PERIOD 1896 TO 2014


WEATHER ITEM   OBSERVED TIME   RECORD YEAR NORMAL DEPARTURE LAST
                VALUE   (LST)  VALUE       VALUE  FROM      YEAR
                                                  NORMAL
..................................................................
TEMPERATURE (F)
 YESTERDAY
  MAXIMUM         71   1252 AM  85    1927  65      6       69
  MINIMUM         56   1159 PM  24    1976  42     14       35
  AVERAGE         64                        54     10       52

PRECIPITATION (IN)
  YESTERDAY        0.53          1.16 1984   0.11   0.42     0.00
  MONTH TO DATE    4.19                      2.91   1.28     4.84
  SINCE SEP 1      6.74                      5.96   0.78     7.65
  SINCE JAN 1     40.92                     36.88   4.04    42.98

SNOWFALL (IN)
  YESTERDAY        0.0           0.0  2002   0.0    0.0      0.0
                                      2001
  MONTH TO DATE    0.0                       0.2   -0.2      0.0
  SINCE SEP 1      0.0                       0.2   -0.2      0.0
  SINCE JUL 1      0.0                       0.2   -0.2      0.0
  SNOW DEPTH       0

DEGREE DAYS
 HEATING
  YESTERDAY        1                        11    -10       13
  MONTH TO DATE  167                       221    -54      231
  SINCE SEP 1    203                       267    -64      241
  SINCE JUL 1    203                       268    -65      241

 COOLING
  YESTERDAY        0                         0      0        0
  MONTH TO DATE   34                        28      6       55
  SINCE SEP 1    197                       195      2      270
  SINCE JAN 1   1477                      1394     83     1462
..................................................................


WIND (MPH)
  HIGHEST WIND SPEED    20   HIGHEST WIND DIRECTION    NW (300)
  HIGHEST GUST SPEED    29   HIGHEST GUST DIRECTION    NW (300)
  AVERAGE WIND SPEED     6.7


SKY COVER
  AVERAGE SKY COVER 0.8


WEATHER CONDITIONS
 THE FOLLOWING WEATHER WAS RECORDED YESTERDAY.
  HEAVY RAIN
  RAIN
  LIGHT RAIN
  FOG


RELATIVE HUMIDITY (PERCENT)
 HIGHEST    93
 LOWEST     47
 AVERAGE    70

..........................................................


THE EVANSVILLE IN CLIMATE NORMALS FOR TODAY
                         NORMAL    RECORD    YEAR
 MAXIMUM TEMPERATURE (F)   65        83      1927
 MINIMUM TEMPERATURE (F)   42        21      1952


SUNRISE AND SUNSET
OCTOBER 29 2014.......SUNRISE   713 AM CDT   SUNSET   554 PM CDT
OCTOBER 30 2014.......SUNRISE   714 AM CDT   SUNSET   553 PM CDT


-  INDICATES NEGATIVE NUMBERS.
R  INDICATES RECORD WAS SET OR TIED.
MM INDICATES DATA IS MISSING.
T  INDICATES TRACE AMOUNT.




$$
