000
CDUS43 KPAH 260640
CLIEVV


CLIMATE REPORT
NATIONAL WEATHER SERVICE PADUCAH KY
139 AM CDT THU MAR 26 2015


...................................

...THE EVANSVILLE IN CLIMATE SUMMARY FOR MARCH 25 2015...

CLIMATE NORMAL PERIOD 1981 TO 2010
CLIMATE RECORD PERIOD 1896 TO 2015


WEATHER ITEM   OBSERVED TIME   RECORD YEAR NORMAL DEPARTURE LAST
                VALUE   (LST)  VALUE       VALUE  FROM      YEAR
                                                  NORMAL
..................................................................
TEMPERATURE (F)
 YESTERDAY
  MAXIMUM         67   1248 PM  82    2007  60      7       39
                                      1929
                                      1907
  MINIMUM         51   1159 PM  18    1974  38     13       27
                                      1955
  AVERAGE         59                        49     10       33

PRECIPITATION (IN)
  YESTERDAY        0.28          4.01 1913   0.15   0.13     0.03
  MONTH TO DATE    6.09                      3.36   2.73     1.38
  SINCE MAR 1      6.09                      3.36   2.73     1.38
  SINCE JAN 1     11.62                      9.63   1.99     5.33

SNOWFALL (IN)
  YESTERDAY        0.0           1.3  1971   0.0    0.0      0.2
  MONTH TO DATE    8.5                       0.9    7.6      2.6
  SINCE MAR 1      8.5                       0.9    7.6      2.6
  SINCE JUL 1     18.5                      11.6    6.9     12.6
  SNOW DEPTH       0

DEGREE DAYS
 HEATING
  YESTERDAY        6                        16    -10       32
  MONTH TO DATE  505                       500      5      603
  SINCE MAR 1    505                       500      5      603
  SINCE JUL 1   4341                      4074    267     4565

 COOLING
  YESTERDAY        0                         0      0        0
  MONTH TO DATE    0                         0      0        0
  SINCE MAR 1      0                         0      0        0
  SINCE JAN 1      0                         0      0        0
..................................................................


WIND (MPH)
  HIGHEST WIND SPEED    26   HIGHEST WIND DIRECTION     W (250)
  HIGHEST GUST SPEED    33   HIGHEST GUST DIRECTION     N (350)
  AVERAGE WIND SPEED     8.5


SKY COVER
  AVERAGE SKY COVER 0.5


WEATHER CONDITIONS
 THE FOLLOWING WEATHER WAS RECORDED YESTERDAY.
  THUNDERSTORM
  HEAVY RAIN
  RAIN
  LIGHT RAIN
  FOG
  HAZE


RELATIVE HUMIDITY (PERCENT)
 HIGHEST    83
 LOWEST     60
 AVERAGE    72

..........................................................


THE EVANSVILLE IN CLIMATE NORMALS FOR TODAY
                         NORMAL    RECORD    YEAR
 MAXIMUM TEMPERATURE (F)   61        80      2007
                                             1991
                                             1921
 MINIMUM TEMPERATURE (F)   38        10      1955


SUNRISE AND SUNSET
MARCH 26 2015.........SUNRISE   645 AM CDT   SUNSET   707 PM CDT
MARCH 27 2015.........SUNRISE   643 AM CDT   SUNSET   708 PM CDT


-  INDICATES NEGATIVE NUMBERS.
R  INDICATES RECORD WAS SET OR TIED.
MM INDICATES DATA IS MISSING.
T  INDICATES TRACE AMOUNT.




$$
