000
CDUS43 KPAH 220628
CLIEVV


CLIMATE REPORT
NATIONAL WEATHER SERVICE PADUCAH KY
127 AM CDT TUE APR 22 2014

...................................

...THE EVANSVILLE IN CLIMATE SUMMARY FOR APRIL 21 2014...

CLIMATE NORMAL PERIOD 1981 TO 2010
CLIMATE RECORD PERIOD 1896 TO 2014

WEATHER ITEM   OBSERVED TIME   RECORD YEAR NORMAL DEPARTURE LAST
                VALUE   (LST)  VALUE       VALUE  FROM      YEAR
                                                  NORMAL
..................................................................
TEMPERATURE (F)
 YESTERDAY
  MAXIMUM         77    239 PM  87    1987  70      7       64
  MINIMUM         53    542 AM  31    1904  46      7       35
  AVERAGE         65                        58      7       50

PRECIPITATION (IN)
  YESTERDAY        0.02          3.41 1928   0.15  -0.13     0.00
  MONTH TO DATE    8.05                      2.93   5.12     3.43
  SINCE MAR 1     10.90                      7.17   3.73     7.51
  SINCE JAN 1     14.85                     13.44   1.41    17.04

SNOWFALL (IN)
  YESTERDAY        0.0           0.0  2002   0.0    0.0      0.0
                                      2001
  MONTH TO DATE    0.0                       0.1   -0.1      0.0
  SINCE MAR 1      2.6                       1.1    1.5       T
  SINCE JUL 1     12.6                      11.8    0.8     12.3
  SNOW DEPTH       0

DEGREE DAYS
 HEATING
  YESTERDAY        0                         8     -8       15
  MONTH TO DATE  183                       230    -47      220
  SINCE MAR 1    896                       822     74     1001
  SINCE JUL 1   4858                      4396    462     4364

 COOLING
  YESTERDAY        0                         1     -1        0
  MONTH TO DATE    5                        13     -8       33
  SINCE MAR 1      5                        16    -11       33
  SINCE JAN 1      5                        16    -11       33
..................................................................

WIND (MPH)
  HIGHEST WIND SPEED    18   HIGHEST WIND DIRECTION    SW (230)
  HIGHEST GUST SPEED    22   HIGHEST GUST DIRECTION    SW (240)
  AVERAGE WIND SPEED     5.8

SKY COVER
  AVERAGE SKY COVER 0.4

WEATHER CONDITIONS
 THE FOLLOWING WEATHER WAS RECORDED YESTERDAY.
  LIGHT RAIN
  HAZE

RELATIVE HUMIDITY (PERCENT)
 HIGHEST    84
 LOWEST     38
 AVERAGE    61
..........................................................

THE EVANSVILLE IN CLIMATE NORMALS FOR TODAY
                         NORMAL    RECORD    YEAR
 MAXIMUM TEMPERATURE (F)   70        87      1965
 MINIMUM TEMPERATURE (F)   47        32      1978
                                             1936

SUNRISE AND SUNSET
APRIL 22 2014.........SUNRISE   605 AM CDT   SUNSET   733 PM CDT
APRIL 23 2014.........SUNRISE   604 AM CDT   SUNSET   734 PM CDT

-  INDICATES NEGATIVE NUMBERS.
R  INDICATES RECORD WAS SET OR TIED.
MM INDICATES DATA IS MISSING.
T  INDICATES TRACE AMOUNT.

$$
