000
CDUS43 KPAH 230639
CLIEVV


CLIMATE REPORT
NATIONAL WEATHER SERVICE PADUCAH KY
137 AM CDT TUE SEP 23 2014

...................................

...THE EVANSVILLE IN CLIMATE SUMMARY FOR SEPTEMBER 22 2014...

CLIMATE NORMAL PERIOD 1981 TO 2010
CLIMATE RECORD PERIOD 1896 TO 2014

WEATHER ITEM   OBSERVED TIME   RECORD YEAR NORMAL DEPARTURE LAST
                VALUE   (LST)  VALUE       VALUE  FROM      YEAR
                                                  NORMAL
..................................................................
TEMPERATURE (F)
 YESTERDAY
  MAXIMUM         72    402 PM  94    2010  79     -7       74
                                      1940
  MINIMUM         50   1159 PM  36    1983  54     -4       50
  AVERAGE         61                        66     -5       62

PRECIPITATION (IN)
  YESTERDAY        0.00          2.51 2006   0.10  -0.10     0.00
  MONTH TO DATE    2.55                      2.21   0.34     2.25
  SINCE SEP 1      2.55                      2.21   0.34     2.25
  SINCE JAN 1     36.73                     33.13   3.60    37.58

SNOWFALL (IN)
  YESTERDAY        0.0           0.0  2002   0.0    0.0      0.0
                                      2001
  MONTH TO DATE    0.0                       0.0    0.0      0.0
  SINCE SEP 1      0.0                       0.0    0.0      0.0
  SINCE JUL 1      0.0                       0.0    0.0      0.0
  SNOW DEPTH       0

DEGREE DAYS
 HEATING
  YESTERDAY        4                         2      2        3
  MONTH TO DATE   31                        17     14        8
  SINCE SEP 1     31                        17     14        8
  SINCE JUL 1     31                        18     13        8

 COOLING
  YESTERDAY        0                         4     -4        0
  MONTH TO DATE  122                       144    -22      182
  SINCE SEP 1    122                       144    -22      182
  SINCE JAN 1   1402                      1343     59     1374
..................................................................

WIND (MPH)
  HIGHEST WIND SPEED    15   HIGHEST WIND DIRECTION    NE (30)
  HIGHEST GUST SPEED    20   HIGHEST GUST DIRECTION    NW (330)
  AVERAGE WIND SPEED     5.7

SKY COVER
  AVERAGE SKY COVER 0.0

WEATHER CONDITIONS
 THE FOLLOWING WEATHER WAS RECORDED YESTERDAY.
  NO SIGNIFICANT WEATHER WAS OBSERVED.

RELATIVE HUMIDITY (PERCENT)
 HIGHEST    89
 LOWEST     35
 AVERAGE    62
..........................................................

THE EVANSVILLE IN CLIMATE NORMALS FOR TODAY
                         NORMAL    RECORD    YEAR
 MAXIMUM TEMPERATURE (F)   78        96      2010
 MINIMUM TEMPERATURE (F)   54        36      1995

SUNRISE AND SUNSET
SEPTEMBER 23 2014.....SUNRISE   639 AM CDT   SUNSET   646 PM CDT
SEPTEMBER 24 2014.....SUNRISE   640 AM CDT   SUNSET   644 PM CDT

-  INDICATES NEGATIVE NUMBERS.
R  INDICATES RECORD WAS SET OR TIED.
MM INDICATES DATA IS MISSING.
T  INDICATES TRACE AMOUNT.

$$
