000
CDUS43 KPAH 300643
CLIEVV


CLIMATE REPORT
NATIONAL WEATHER SERVICE PADUCAH KY
142 AM CDT THU OCT 30 2014


...................................

...THE EVANSVILLE IN CLIMATE SUMMARY FOR OCTOBER 29 2014...

CLIMATE NORMAL PERIOD 1981 TO 2010
CLIMATE RECORD PERIOD 1896 TO 2014


WEATHER ITEM   OBSERVED TIME   RECORD YEAR NORMAL DEPARTURE LAST
                VALUE   (LST)  VALUE       VALUE  FROM      YEAR
                                                  NORMAL
..................................................................
TEMPERATURE (F)
 YESTERDAY
  MAXIMUM         61    139 PM  83    1927  65     -4       59
  MINIMUM         42    640 AM  21    1952  42      0       41
  AVERAGE         52                        54     -2       50

PRECIPITATION (IN)
  YESTERDAY        0.00          1.38 1985   0.11  -0.11     0.20
  MONTH TO DATE    4.19                      3.02   1.17     5.04
  SINCE SEP 1      6.74                      6.07   0.67     7.85
  SINCE JAN 1     40.92                     36.99   3.93    43.18

SNOWFALL (IN)
  YESTERDAY        0.0           0.4  1993   0.0    0.0      0.0
  MONTH TO DATE    0.0                       0.2   -0.2      0.0
  SINCE SEP 1      0.0                       0.2   -0.2      0.0
  SINCE JUL 1      0.0                       0.2   -0.2      0.0
  SNOW DEPTH       0

DEGREE DAYS
 HEATING
  YESTERDAY       13                        12      1       15
  MONTH TO DATE  180                       233    -53      246
  SINCE SEP 1    216                       279    -63      256
  SINCE JUL 1    216                       280    -64      256

 COOLING
  YESTERDAY        0                         0      0        0
  MONTH TO DATE   34                        28      6       55
  SINCE SEP 1    197                       195      2      270
  SINCE JAN 1   1477                      1394     83     1462
..................................................................


WIND (MPH)
  HIGHEST WIND SPEED    16   HIGHEST WIND DIRECTION    NW (300)
  HIGHEST GUST SPEED    22   HIGHEST GUST DIRECTION    NW (320)
  AVERAGE WIND SPEED     6.2


SKY COVER
  AVERAGE SKY COVER 0.0


WEATHER CONDITIONS
 THE FOLLOWING WEATHER WAS RECORDED YESTERDAY.
  NO SIGNIFICANT WEATHER WAS OBSERVED.


RELATIVE HUMIDITY (PERCENT)
 HIGHEST    89
 LOWEST     39
 AVERAGE    64

..........................................................


THE EVANSVILLE IN CLIMATE NORMALS FOR TODAY
                         NORMAL    RECORD    YEAR
 MAXIMUM TEMPERATURE (F)   65        85      1950
 MINIMUM TEMPERATURE (F)   42        26      1965


SUNRISE AND SUNSET
OCTOBER 30 2014.......SUNRISE   714 AM CDT   SUNSET   553 PM CDT
OCTOBER 31 2014.......SUNRISE   715 AM CDT   SUNSET   552 PM CDT


-  INDICATES NEGATIVE NUMBERS.
R  INDICATES RECORD WAS SET OR TIED.
MM INDICATES DATA IS MISSING.
T  INDICATES TRACE AMOUNT.




$$
