000
CDUS43 KPAH 160630
CLIEVV


CLIMATE REPORT
NATIONAL WEATHER SERVICE PADUCAH KY
1229 AM CST SAT DEC 16 2017


...................................

...THE EVANSVILLE IN CLIMATE SUMMARY FOR DECEMBER 15 2017...

CLIMATE NORMAL PERIOD 1981 TO 2010
CLIMATE RECORD PERIOD 1896 TO 2017


WEATHER ITEM   OBSERVED TIME   RECORD YEAR NORMAL DEPARTURE LAST
                VALUE   (LST)  VALUE       VALUE  FROM      YEAR
                                                  NORMAL
..................................................................
TEMPERATURE (F)
 YESTERDAY
  MAXIMUM         40    110 PM  70    1933  44     -4       22
  MINIMUM         29    813 AM  -6    1901  27      2       14
  AVERAGE         35                        35      0       18

PRECIPITATION (IN)
  YESTERDAY        0.00          1.82 1902   0.11  -0.11     0.00
  MONTH TO DATE    0.75                      1.93  -1.18     1.26
  SINCE DEC 1      0.75                      1.93  -1.18     1.26
  SINCE JAN 1     41.81                     43.48  -1.67    46.92

SNOWFALL (IN)
  YESTERDAY        0.0           2.8  1972   0.1   -0.1      0.0
  MONTH TO DATE    T                         1.2   -1.2       T
  SINCE DEC 1      T                         1.2   -1.2       T
  SINCE JUL 1      T                         1.5   -1.5       T
  SNOW DEPTH       0

DEGREE DAYS
 HEATING
  YESTERDAY       30                        30      0       47
  MONTH TO DATE  405                       414     -9      462
  SINCE DEC 1    405                       414     -9      462
  SINCE JUL 1   1185                      1275    -90      992

 COOLING
  YESTERDAY        0                         0      0        0
  MONTH TO DATE    0                         0      0        0
  SINCE DEC 1      0                         0      0        0
  SINCE JAN 1   1567                      1397    170     1775
..................................................................


WIND (MPH)
  HIGHEST WIND SPEED    16   HIGHEST WIND DIRECTION    SW (240)
  HIGHEST GUST SPEED    22   HIGHEST GUST DIRECTION    SW (240)
  AVERAGE WIND SPEED     6.8


SKY COVER
  AVERAGE SKY COVER 0.9


WEATHER CONDITIONS
 THE FOLLOWING WEATHER WAS RECORDED YESTERDAY.
  NO SIGNIFICANT WEATHER WAS OBSERVED.


RELATIVE HUMIDITY (PERCENT)
 HIGHEST    75
 LOWEST     54
 AVERAGE    65

..........................................................


THE EVANSVILLE IN CLIMATE NORMALS FOR TODAY
                         NORMAL    RECORD    YEAR
 MAXIMUM TEMPERATURE (F)   44        69      1984
 MINIMUM TEMPERATURE (F)   27        -6      1989


SUNRISE AND SUNSET
DECEMBER 16 2017......SUNRISE   700 AM CST   SUNSET   432 PM CST
DECEMBER 17 2017......SUNRISE   700 AM CST   SUNSET   432 PM CST


-  INDICATES NEGATIVE NUMBERS.
R  INDICATES RECORD WAS SET OR TIED.
MM INDICATES DATA IS MISSING.
T  INDICATES TRACE AMOUNT.




$$
