000
CDUS43 KPAH 022129
CLIEVV


CLIMATE REPORT
NATIONAL WEATHER SERVICE PADUCAH KY
427 PM CDT WED AUG 2 2017


...................................

...THE EVANSVILLE IN CLIMATE SUMMARY FOR AUGUST 2 2017...
VALID TODAY AS OF 0400 PM LOCAL TIME.

CLIMATE NORMAL PERIOD 1981 TO 2010
CLIMATE RECORD PERIOD 1896 TO 2017


WEATHER ITEM   OBSERVED TIME   RECORD YEAR NORMAL DEPARTURE LAST
                VALUE   (LST)  VALUE       VALUE  FROM      YEAR
                                                  NORMAL
..................................................................
TEMPERATURE (F)
 TODAY
  MAXIMUM         88    257 PM  99    2012  88      0       90
  MINIMUM         66    442 AM  57    1977  67     -1       71
                                      1965
  AVERAGE         77                        78     -1       81

PRECIPITATION (IN)
  TODAY            0.00          2.31 2012   0.10  -0.10      T
  MONTH TO DATE    0.00                      0.20  -0.20      T
  SINCE JUN 1      9.26                      7.90   1.36    13.57
  SINCE JAN 1     30.26                     28.14   2.12    35.32

SNOWFALL (IN)
  TODAY            0.0                                       0.0
  MONTH TO DATE    0.0                                       0.0
  SINCE JUL 1      0.0                                       0.0
  SNOW DEPTH       0

..................................................................


WIND (MPH)
  HIGHEST WIND SPEED    13   HIGHEST WIND DIRECTION     W (260)
  HIGHEST GUST SPEED    17   HIGHEST GUST DIRECTION     W (250)




..........................................................


THE EVANSVILLE IN CLIMATE NORMALS FOR TOMORROW
                         NORMAL    RECORD    YEAR
 MAXIMUM TEMPERATURE (F)   88       102      1964
 MINIMUM TEMPERATURE (F)   67        51      1965


SUNRISE AND SUNSET
AUGUST  2 2017........SUNRISE   554 AM CDT   SUNSET   758 PM CDT
AUGUST  3 2017........SUNRISE   555 AM CDT   SUNSET   757 PM CDT


-  INDICATES NEGATIVE NUMBERS.
R  INDICATES RECORD WAS SET OR TIED.
MM INDICATES DATA IS MISSING.
T  INDICATES TRACE AMOUNT.




$$
