000
CDUS43 KPAH 310630
CLIEVV


CLIMATE REPORT
NATIONAL WEATHER SERVICE PADUCAH KY
1229 AM CST SUN JAN 31 2016


...................................

...THE EVANSVILLE IN CLIMATE SUMMARY FOR JANUARY 30 2016...

CLIMATE NORMAL PERIOD 1981 TO 2010
CLIMATE RECORD PERIOD 1896 TO 2016


WEATHER ITEM   OBSERVED TIME   RECORD YEAR NORMAL DEPARTURE LAST
                VALUE   (LST)  VALUE       VALUE  FROM      YEAR
                                                  NORMAL
..................................................................
TEMPERATURE (F)
 YESTERDAY
  MAXIMUM         66    306 PM  69    1947  42     24       42
  MINIMUM         34    140 AM -10    1978  24     10       25
  AVERAGE         50                        33     17       34

PRECIPITATION (IN)
  YESTERDAY        0.00          2.70 1982   0.11  -0.11     0.00
  MONTH TO DATE    2.00                      2.99  -0.99     2.97
  SINCE DEC 1      7.20                      6.75   0.45     6.40
  SINCE JAN 1      2.00                      2.99  -0.99     2.97

SNOWFALL (IN)
  YESTERDAY        0.0           6.0  1980   0.1   -0.1      0.0
  MONTH TO DATE   10.9                       3.3    7.6      0.2
  SINCE DEC 1     10.9                       6.5    4.4      0.2
  SINCE JUL 1     10.9                       6.8    4.1      2.6
  SNOW DEPTH       0

DEGREE DAYS
 HEATING
  YESTERDAY       15                        32    -17       31
  MONTH TO DATE  946                       978    -32      952
  SINCE DEC 1   1475                      1889   -414     1733
  SINCE JUL 1   2084                      2750   -666     2736

 COOLING
  YESTERDAY        0                         0      0        0
  MONTH TO DATE    0                         0      0        0
  SINCE DEC 1      3                         0      3        0
  SINCE JAN 1      0                         0      0        0
..................................................................


WIND (MPH)
  HIGHEST WIND SPEED    21   HIGHEST WIND DIRECTION    SW (220)
  HIGHEST GUST SPEED    28   HIGHEST GUST DIRECTION    SW (210)
  AVERAGE WIND SPEED     8.6


SKY COVER
  AVERAGE SKY COVER 0.0


WEATHER CONDITIONS
 THE FOLLOWING WEATHER WAS RECORDED YESTERDAY.
  NO SIGNIFICANT WEATHER WAS OBSERVED.


RELATIVE HUMIDITY (PERCENT)
 HIGHEST    70
 LOWEST     37
 AVERAGE    54

..........................................................


THE EVANSVILLE IN CLIMATE NORMALS FOR TODAY
                         NORMAL    RECORD    YEAR
 MAXIMUM TEMPERATURE (F)   42        68      1989
 MINIMUM TEMPERATURE (F)   24       -14      1965


SUNRISE AND SUNSET
JANUARY 31 2016.......SUNRISE   656 AM CST   SUNSET   512 PM CST
FEBRUARY  1 2016......SUNRISE   655 AM CST   SUNSET   513 PM CST


-  INDICATES NEGATIVE NUMBERS.
R  INDICATES RECORD WAS SET OR TIED.
MM INDICATES DATA IS MISSING.
T  INDICATES TRACE AMOUNT.




$$
