000
CDUS43 KPAH 050638
CLIEVV


CLIMATE REPORT
NATIONAL WEATHER SERVICE PADUCAH KY
135 AM CDT SAT APR 5 2014


...................................

...THE EVANSVILLE IN CLIMATE SUMMARY FOR APRIL 4 2014...

CLIMATE NORMAL PERIOD 1981 TO 2010
CLIMATE RECORD PERIOD 1896 TO 2014


WEATHER ITEM   OBSERVED TIME   RECORD YEAR NORMAL DEPARTURE LAST
                VALUE   (LST)  VALUE       VALUE  FROM      YEAR
                                                  NORMAL
..................................................................
TEMPERATURE (F)
 YESTERDAY
  MAXIMUM         63   1203 AM  86    1934  64     -1       60
  MINIMUM         44   1159 PM  26    1987  41      3       35
  AVERAGE         54                        52      2       48

PRECIPITATION (IN)
  YESTERDAY        0.75          1.13 1952   0.12   0.63     0.00
  MONTH TO DATE    6.24                      0.53   5.71     0.00
  SINCE MAR 1      9.09                      4.77   4.32     4.08
  SINCE JAN 1     13.04                     11.04   2.00    13.61

SNOWFALL (IN)
  YESTERDAY        0.0           0.0  2002   0.0    0.0      0.0
                                      2001
  MONTH TO DATE    0.0                       0.0    0.0      0.0
  SINCE MAR 1      2.6                       1.0    1.6       T
  SINCE JUL 1     12.6                      11.7    0.9     12.3
  SNOW DEPTH       0

DEGREE DAYS
 HEATING
  YESTERDAY       11                        13     -2       17
  MONTH TO DATE   25                        54    -29       91
  SINCE MAR 1    738                       646     92      872
  SINCE JUL 1   4700                      4220    480     4235

 COOLING
  YESTERDAY        0                         0      0        0
  MONTH TO DATE    0                         0      0        0
  SINCE MAR 1      0                         3     -3        0
  SINCE JAN 1      0                         3     -3        0
..................................................................


WIND (MPH)
  HIGHEST WIND SPEED    25   HIGHEST WIND DIRECTION     W (270)
  HIGHEST GUST SPEED    48   HIGHEST GUST DIRECTION    SW (230)
  AVERAGE WIND SPEED    12.0


SKY COVER
  AVERAGE SKY COVER 0.9


WEATHER CONDITIONS
 THE FOLLOWING WEATHER WAS RECORDED YESTERDAY.
  THUNDERSTORM
  HEAVY RAIN
  RAIN
  LIGHT RAIN
  FOG


RELATIVE HUMIDITY (PERCENT)
 HIGHEST    93
 LOWEST     53
 AVERAGE    73

..........................................................


THE EVANSVILLE IN CLIMATE NORMALS FOR TODAY
                         NORMAL    RECORD    YEAR
 MAXIMUM TEMPERATURE (F)   64        87      1988
 MINIMUM TEMPERATURE (F)   41        24      1944


SUNRISE AND SUNSET
APRIL  5 2014.........SUNRISE   629 AM CDT   SUNSET   717 PM CDT
APRIL  6 2014.........SUNRISE   628 AM CDT   SUNSET   718 PM CDT


-  INDICATES NEGATIVE NUMBERS.
R  INDICATES RECORD WAS SET OR TIED.
MM INDICATES DATA IS MISSING.
T  INDICATES TRACE AMOUNT.




$$
