635
CDUS43 KPAH 270632
CLIEVV


CLIMATE REPORT
NATIONAL WEATHER SERVICE PADUCAH KY
130 AM CDT WED APR 27 2016


...................................

...THE EVANSVILLE IN CLIMATE SUMMARY FOR APRIL 26 2016...

CLIMATE NORMAL PERIOD 1981 TO 2010
CLIMATE RECORD PERIOD 1896 TO 2016


WEATHER ITEM   OBSERVED TIME   RECORD YEAR NORMAL DEPARTURE LAST
                VALUE   (LST)  VALUE       VALUE  FROM      YEAR
                                                  NORMAL
..................................................................
TEMPERATURE (F)
 YESTERDAY
  MAXIMUM         83    154 PM  91    1989  71     12       64
  MINIMUM         60   1138 PM  34    1947  48     12       48
  AVERAGE         72                        60     12       56

PRECIPITATION (IN)
  YESTERDAY        0.89          1.88 1898   0.16   0.73     0.00
  MONTH TO DATE    3.43                      3.72  -0.29     6.62
  SINCE MAR 1      9.30                      7.96   1.34    13.47
  SINCE JAN 1     15.64                     14.23   1.41    19.00

SNOWFALL (IN)
  YESTERDAY        0.0           T    1953   0.0    0.0      0.0
  MONTH TO DATE    0.0                       0.1   -0.1      0.0
  SINCE MAR 1      T                         1.1   -1.1      8.5
  SINCE JUL 1     14.2                      11.8    2.4     18.5
  SNOW DEPTH       0

DEGREE DAYS
 HEATING
  YESTERDAY        0                         6     -6        9
  MONTH TO DATE  233                       265    -32      162
  SINCE MAR 1    638                       857   -219      781
  SINCE JUL 1   3456                      4431   -975     4617

 COOLING
  YESTERDAY        7                         1      6        0
  MONTH TO DATE   19                        18      1       28
  SINCE MAR 1     20                        21     -1       28
  SINCE JAN 1     20                        21     -1       28
..................................................................


WIND (MPH)
  HIGHEST WIND SPEED    29   HIGHEST WIND DIRECTION    NW (310)
  HIGHEST GUST SPEED    41   HIGHEST GUST DIRECTION    NW (330)
  AVERAGE WIND SPEED     8.2


SKY COVER
  AVERAGE SKY COVER 0.5


WEATHER CONDITIONS
 THE FOLLOWING WEATHER WAS RECORDED YESTERDAY.
  THUNDERSTORM
  HEAVY RAIN
  RAIN
  LIGHT RAIN
  FOG


RELATIVE HUMIDITY (PERCENT)
 HIGHEST   100
 LOWEST     51
 AVERAGE    76

..........................................................


THE EVANSVILLE IN CLIMATE NORMALS FOR TODAY
                         NORMAL    RECORD    YEAR
 MAXIMUM TEMPERATURE (F)   71        91      1989
 MINIMUM TEMPERATURE (F)   48        32      1946


SUNRISE AND SUNSET
APRIL 27 2016.........SUNRISE   558 AM CDT   SUNSET   738 PM CDT
APRIL 28 2016.........SUNRISE   557 AM CDT   SUNSET   739 PM CDT


-  INDICATES NEGATIVE NUMBERS.
R  INDICATES RECORD WAS SET OR TIED.
MM INDICATES DATA IS MISSING.
T  INDICATES TRACE AMOUNT.




$$
