622
CDUS43 KPAH 210636
CLIEVV


CLIMATE REPORT
NATIONAL WEATHER SERVICE PADUCAH KY
133 AM CDT FRI APR 21 2017


...................................

...THE EVANSVILLE IN CLIMATE SUMMARY FOR APRIL 20 2017...

CLIMATE NORMAL PERIOD 1981 TO 2010
CLIMATE RECORD PERIOD 1896 TO 2017


WEATHER ITEM   OBSERVED TIME   RECORD YEAR NORMAL DEPARTURE LAST
                VALUE   (LST)  VALUE       VALUE  FROM      YEAR
                                                  NORMAL
..................................................................
TEMPERATURE (F)
 YESTERDAY
  MAXIMUM         83    240 PM  88    1976  69     14       82
                                      1971
  MINIMUM         62    430 AM  27    1904  46     16       56
  AVERAGE         73                        58     15       69

PRECIPITATION (IN)
  YESTERDAY        0.01          3.65 1995   0.15  -0.14     0.09
  MONTH TO DATE    2.03                      2.78  -0.75     1.47
  SINCE MAR 1      5.88                      7.02  -1.14     7.34
  SINCE JAN 1      9.15                     13.29  -4.14    13.68

SNOWFALL (IN)
  YESTERDAY        0.0           0.0  2002   0.0    0.0      0.0
                                      2001
  MONTH TO DATE    0.0                       0.1   -0.1      0.0
  SINCE MAR 1      1.0                       1.1   -0.1       T
  SINCE JUL 1      1.4                      11.8  -10.4     14.2
  SNOW DEPTH       0

DEGREE DAYS
 HEATING
  YESTERDAY        0                         8     -8        0
  MONTH TO DATE   85                       222   -137      216
  SINCE MAR 1    583                       814   -231      621
  SINCE JUL 1   3282                      4388  -1106     3439

 COOLING
  YESTERDAY        8                         1      7        4
  MONTH TO DATE   48                        12     36        9
  SINCE MAR 1     53                        15     38       10
  SINCE JAN 1     53                        15     38       10
..................................................................


WIND (MPH)
  HIGHEST WIND SPEED    28   HIGHEST WIND DIRECTION    SW (230)
  HIGHEST GUST SPEED    34   HIGHEST GUST DIRECTION    SW (240)
  AVERAGE WIND SPEED    11.5


SKY COVER
  AVERAGE SKY COVER 0.4


WEATHER CONDITIONS
 THE FOLLOWING WEATHER WAS RECORDED YESTERDAY.
  THUNDERSTORM
  LIGHT RAIN


RELATIVE HUMIDITY (PERCENT)
 HIGHEST    87
 LOWEST     51
 AVERAGE    69

..........................................................


THE EVANSVILLE IN CLIMATE NORMALS FOR TODAY
                         NORMAL    RECORD    YEAR
 MAXIMUM TEMPERATURE (F)   70        87      1987
 MINIMUM TEMPERATURE (F)   46        31      1904


SUNRISE AND SUNSET
APRIL 21 2017.........SUNRISE   606 AM CDT   SUNSET   732 PM CDT
APRIL 22 2017.........SUNRISE   605 AM CDT   SUNSET   733 PM CDT


-  INDICATES NEGATIVE NUMBERS.
R  INDICATES RECORD WAS SET OR TIED.
MM INDICATES DATA IS MISSING.
T  INDICATES TRACE AMOUNT.




$$
