000
CDUS43 KPAH 240628
CLIEVV


CLIMATE REPORT
NATIONAL WEATHER SERVICE PADUCAH KY
127 AM CDT WED SEP 24 2014

...................................

...THE EVANSVILLE IN CLIMATE SUMMARY FOR SEPTEMBER 23 2014...

CLIMATE NORMAL PERIOD 1981 TO 2010
CLIMATE RECORD PERIOD 1896 TO 2014

WEATHER ITEM   OBSERVED TIME   RECORD YEAR NORMAL DEPARTURE LAST
                VALUE   (LST)  VALUE       VALUE  FROM      YEAR
                                                  NORMAL
..................................................................
TEMPERATURE (F)
 YESTERDAY
  MAXIMUM         75    253 PM  96    2010  78     -3       76
  MINIMUM         46    557 AM  36    1995  54     -8       50
  AVERAGE         61                        66     -5       63

PRECIPITATION (IN)
  YESTERDAY        0.00          2.40 1955   0.10  -0.10     0.00
  MONTH TO DATE    2.55                      2.31   0.24     2.25
  SINCE SEP 1      2.55                      2.31   0.24     2.25
  SINCE JAN 1     36.73                     33.23   3.50    37.58

SNOWFALL (IN)
  YESTERDAY        0.0           0.0  2002   0.0    0.0      0.0
                                      2001
  MONTH TO DATE    0.0                       0.0    0.0      0.0
  SINCE SEP 1      0.0                       0.0    0.0      0.0
  SINCE JUL 1      0.0                       0.0    0.0      0.0
  SNOW DEPTH       0

DEGREE DAYS
 HEATING
  YESTERDAY        4                         3      1        2
  MONTH TO DATE   35                        20     15       10
  SINCE SEP 1     35                        20     15       10
  SINCE JUL 1     35                        21     14       10

 COOLING
  YESTERDAY        0                         3     -3        0
  MONTH TO DATE  122                       147    -25      182
  SINCE SEP 1    122                       147    -25      182
  SINCE JAN 1   1402                      1346     56     1374
..................................................................

WIND (MPH)
  HIGHEST WIND SPEED    12   HIGHEST WIND DIRECTION    NE (60)
  HIGHEST GUST SPEED    16   HIGHEST GUST DIRECTION    NE (60)
  AVERAGE WIND SPEED     4.2

SKY COVER
  AVERAGE SKY COVER 0.0

WEATHER CONDITIONS
 THE FOLLOWING WEATHER WAS RECORDED YESTERDAY.
  NO SIGNIFICANT WEATHER WAS OBSERVED.

RELATIVE HUMIDITY (PERCENT)
 HIGHEST    93
 LOWEST     35
 AVERAGE    64
..........................................................

THE EVANSVILLE IN CLIMATE NORMALS FOR TODAY
                         NORMAL    RECORD    YEAR
 MAXIMUM TEMPERATURE (F)   78        94      2007
                                             1961
 MINIMUM TEMPERATURE (F)   53        34      1983

SUNRISE AND SUNSET
SEPTEMBER 24 2014.....SUNRISE   640 AM CDT   SUNSET   644 PM CDT
SEPTEMBER 25 2014.....SUNRISE   640 AM CDT   SUNSET   642 PM CDT

-  INDICATES NEGATIVE NUMBERS.
R  INDICATES RECORD WAS SET OR TIED.
MM INDICATES DATA IS MISSING.
T  INDICATES TRACE AMOUNT.

$$
