428
CDUS43 KPAH 170631
CLIEVV


CLIMATE REPORT
NATIONAL WEATHER SERVICE PADUCAH KY
129 AM CDT TUE MAY 17 2016


...................................

...THE EVANSVILLE IN CLIMATE SUMMARY FOR MAY 16 2016...

CLIMATE NORMAL PERIOD 1981 TO 2010
CLIMATE RECORD PERIOD 1896 TO 2016


WEATHER ITEM   OBSERVED TIME   RECORD YEAR NORMAL DEPARTURE LAST
                VALUE   (LST)  VALUE       VALUE  FROM      YEAR
                                                  NORMAL
..................................................................
TEMPERATURE (F)
 YESTERDAY
  MAXIMUM         57    136 PM  92    1962  77    -20       74
  MINIMUM         47   1246 AM  34    1997  55     -8       67
  AVERAGE         52                        66    -14       71

PRECIPITATION (IN)
  YESTERDAY        0.06          2.74 1990   0.18  -0.12     0.14
  MONTH TO DATE    3.13                      2.81   0.32     2.00
  SINCE MAR 1     14.49                     11.42   3.07    15.47
  SINCE JAN 1     20.83                     17.69   3.14    21.00

SNOWFALL (IN)
  YESTERDAY        0.0           0.0  2002   0.0    0.0      0.0
                                      2001
  MONTH TO DATE    0.0                       0.0    0.0      0.0
  SINCE MAR 1      T                         1.1   -1.1      8.5
  SINCE JUL 1     14.2                      11.8    2.4     18.5
  SNOW DEPTH       0

DEGREE DAYS
 HEATING
  YESTERDAY       13                         3     10        0
  MONTH TO DATE   83                        61     22       22
  SINCE MAR 1    729                       942   -213      837
  SINCE JUL 1   3547                      4516   -969     4673

 COOLING
  YESTERDAY        0                         3     -3        6
  MONTH TO DATE   15                        35    -20       83
  SINCE MAR 1     37                        62    -25      111
  SINCE JAN 1     37                        62    -25      111
..................................................................


WIND (MPH)
  HIGHEST WIND SPEED    10   HIGHEST WIND DIRECTION     S (180)
  HIGHEST GUST SPEED    13   HIGHEST GUST DIRECTION     S (160)
  AVERAGE WIND SPEED     4.6


SKY COVER
  AVERAGE SKY COVER 0.7


WEATHER CONDITIONS
 THE FOLLOWING WEATHER WAS RECORDED YESTERDAY.
  LIGHT RAIN


RELATIVE HUMIDITY (PERCENT)
 HIGHEST    83
 LOWEST     50
 AVERAGE    67

..........................................................


THE EVANSVILLE IN CLIMATE NORMALS FOR TODAY
                         NORMAL    RECORD    YEAR
 MAXIMUM TEMPERATURE (F)   77        95      1962
 MINIMUM TEMPERATURE (F)   55        41      1973


SUNRISE AND SUNSET
MAY 17 2016...........SUNRISE   538 AM CDT   SUNSET   756 PM CDT
MAY 18 2016...........SUNRISE   537 AM CDT   SUNSET   757 PM CDT


-  INDICATES NEGATIVE NUMBERS.
R  INDICATES RECORD WAS SET OR TIED.
MM INDICATES DATA IS MISSING.
T  INDICATES TRACE AMOUNT.




$$
