000
CDUS43 KPAH 010629
CLIEVV


CLIMATE REPORT
NATIONAL WEATHER SERVICE PADUCAH KY
127 AM CDT TUE APR 1 2014

...................................

...THE EVANSVILLE IN CLIMATE SUMMARY FOR MARCH 31 2014...

CLIMATE NORMAL PERIOD 1981 TO 2010
CLIMATE RECORD PERIOD 1896 TO 2014

WEATHER ITEM   OBSERVED TIME   RECORD YEAR NORMAL DEPARTURE LAST
                VALUE   (LST)  VALUE       VALUE  FROM      YEAR
                                                  NORMAL
..................................................................
TEMPERATURE (F)
 YESTERDAY
  MAXIMUM         71    349 PM  84    1986  62      9       64
                                      1981
  MINIMUM         36    601 AM  19    1923  40     -4       46
  AVERAGE         54                        51      3       55

PRECIPITATION (IN)
  YESTERDAY        T             2.02 1979   0.15  -0.15     0.01
  MONTH TO DATE    2.85                      4.24  -1.39     4.08
  SINCE MAR 1      2.85                      4.24  -1.39     4.08
  SINCE JAN 1      6.80                     10.51  -3.71    13.61

SNOWFALL (IN)
  YESTERDAY        0.0           0.0  2002   0.0    0.0      0.0
                                      2001
  MONTH TO DATE    2.6                       1.0    1.6       T
  SINCE MAR 1      2.6                       1.0    1.6       T
  SINCE JUL 1     12.6                      11.7    0.9     12.3
  SNOW DEPTH       0

DEGREE DAYS
 HEATING
  YESTERDAY       11                        14     -3       10
  MONTH TO DATE  713                       590    123      781
  SINCE MAR 1    713                       592    121      781
  SINCE JUL 1   4675                      4166    509     4144

 COOLING
  YESTERDAY        0                         0      0        0
  MONTH TO DATE    0                         3     -3        0
  SINCE MAR 1      0                         3     -3        0
  SINCE JAN 1      0                         3     -3        0
..................................................................

WIND (MPH)
  HIGHEST WIND SPEED    20   HIGHEST WIND DIRECTION    SE (140)
  HIGHEST GUST SPEED    26   HIGHEST GUST DIRECTION    SE (140)
  AVERAGE WIND SPEED     7.5

SKY COVER
  AVERAGE SKY COVER 0.2

WEATHER CONDITIONS
 THE FOLLOWING WEATHER WAS RECORDED YESTERDAY.
  LIGHT RAIN
  HAZE

RELATIVE HUMIDITY (PERCENT)
 HIGHEST    82
 LOWEST     23
 AVERAGE    53
..........................................................

THE EVANSVILLE IN CLIMATE NORMALS FOR TODAY
                         NORMAL    RECORD    YEAR
 MAXIMUM TEMPERATURE (F)   63        86      2012
 MINIMUM TEMPERATURE (F)   40        24      1923

SUNRISE AND SUNSET
APRIL  1 2014.........SUNRISE   635 AM CDT   SUNSET   713 PM CDT
APRIL  2 2014.........SUNRISE   634 AM CDT   SUNSET   714 PM CDT

-  INDICATES NEGATIVE NUMBERS.
R  INDICATES RECORD WAS SET OR TIED.
MM INDICATES DATA IS MISSING.
T  INDICATES TRACE AMOUNT.

$$
