000
CDUS43 KPAH 220634
CLIEVV


CLIMATE REPORT
NATIONAL WEATHER SERVICE PADUCAH KY
1231 AM CST THU JAN 22 2015


...................................

...THE EVANSVILLE IN CLIMATE SUMMARY FOR JANUARY 21 2015...

CLIMATE NORMAL PERIOD 1981 TO 2010
CLIMATE RECORD PERIOD 1896 TO 2015


WEATHER ITEM   OBSERVED TIME   RECORD YEAR NORMAL DEPARTURE LAST
                VALUE   (LST)  VALUE       VALUE  FROM      YEAR
                                                  NORMAL
..................................................................
TEMPERATURE (F)
 YESTERDAY
  MAXIMUM         54    207 PM  71    1986  41     13       37
  MINIMUM         28   1156 PM -15    1984  24      4       11
  AVERAGE         41                        32      9       24

PRECIPITATION (IN)
  YESTERDAY        0.00          2.62 1959   0.10  -0.10     0.04
  MONTH TO DATE    2.56                      2.06   0.50     1.66
  SINCE DEC 1      5.99                      5.82   0.17     8.99
  SINCE JAN 1      2.56                      2.06   0.50     1.66

SNOWFALL (IN)
  YESTERDAY        0.0           0.8  1979   0.1   -0.1       T
  MONTH TO DATE    0.1                       2.2   -2.1      0.6
  SINCE DEC 1      0.1                       5.4   -5.3      7.8
  SINCE JUL 1      2.5                       5.7   -3.2      7.8
  SNOW DEPTH       0

DEGREE DAYS
 HEATING
  YESTERDAY       24                        33     -9       41
  MONTH TO DATE  692                       688      4      723
  SINCE DEC 1   1473                      1599   -126     1643
  SINCE JUL 1   2476                      2460     16     2557

 COOLING
  YESTERDAY        0                         0      0        0
  MONTH TO DATE    0                         0      0        0
  SINCE DEC 1      0                         0      0        0
  SINCE JAN 1      0                         0      0        0
..................................................................


WIND (MPH)
  HIGHEST WIND SPEED    21   HIGHEST WIND DIRECTION     W (260)
  HIGHEST GUST SPEED    27   HIGHEST GUST DIRECTION     W (270)
  AVERAGE WIND SPEED     7.9


SKY COVER
  AVERAGE SKY COVER 0.1


WEATHER CONDITIONS
 THE FOLLOWING WEATHER WAS RECORDED YESTERDAY.
  FOG


RELATIVE HUMIDITY (PERCENT)
 HIGHEST    89
 LOWEST     41
 AVERAGE    65

..........................................................


THE EVANSVILLE IN CLIMATE NORMALS FOR TODAY
                         NORMAL    RECORD    YEAR
 MAXIMUM TEMPERATURE (F)   41        70      1964
 MINIMUM TEMPERATURE (F)   24        -6      1977
                                             1936


SUNRISE AND SUNSET
JANUARY 22 2015.......SUNRISE   702 AM CST   SUNSET   502 PM CST
JANUARY 23 2015.......SUNRISE   701 AM CST   SUNSET   503 PM CST


-  INDICATES NEGATIVE NUMBERS.
R  INDICATES RECORD WAS SET OR TIED.
MM INDICATES DATA IS MISSING.
T  INDICATES TRACE AMOUNT.




$$
