000
CDUS43 KPAH 130634
CLIEVV


CLIMATE REPORT
NATIONAL WEATHER SERVICE PADUCAH KY
132 AM CDT SAT SEP 13 2014


...................................

...THE EVANSVILLE IN CLIMATE SUMMARY FOR SEPTEMBER 12 2014...

CLIMATE NORMAL PERIOD 1981 TO 2010
CLIMATE RECORD PERIOD 1896 TO 2014


WEATHER ITEM   OBSERVED TIME   RECORD YEAR NORMAL DEPARTURE LAST
                VALUE   (LST)  VALUE       VALUE  FROM      YEAR
                                                  NORMAL
..................................................................
TEMPERATURE (F)
 YESTERDAY
  MAXIMUM         65    230 PM  99    1897  83    -18       88
  MINIMUM         57    316 AM  41    1940  59     -2       66
  AVERAGE         61                        71    -10       77

PRECIPITATION (IN)
  YESTERDAY        0.00          2.18 2006   0.10  -0.10     0.00
  MONTH TO DATE    1.64                      1.20   0.44     1.20
  SINCE SEP 1      1.64                      1.20   0.44     1.20
  SINCE JAN 1     35.82                     32.12   3.70    36.53

SNOWFALL (IN)
  YESTERDAY        0.0           0.0  2002   0.0    0.0      0.0
                                      2001
  MONTH TO DATE    0.0                       0.0    0.0      0.0
  SINCE SEP 1      0.0                       0.0    0.0      0.0
  SINCE JUL 1      0.0                       0.0    0.0      0.0
  SNOW DEPTH       0

DEGREE DAYS
 HEATING
  YESTERDAY        4                         1      3        0
  MONTH TO DATE    4                         2      2        0
  SINCE SEP 1      4                         2      2        0
  SINCE JUL 1      4                         3      1        0

 COOLING
  YESTERDAY        0                         6     -6       12
  MONTH TO DATE  108                        96     12      149
  SINCE SEP 1    108                        96     12      149
  SINCE JAN 1   1388                      1295     93     1341
..................................................................


WIND (MPH)
  HIGHEST WIND SPEED    15   HIGHEST WIND DIRECTION    NE (30)
  HIGHEST GUST SPEED    18   HIGHEST GUST DIRECTION     N (20)
  AVERAGE WIND SPEED     8.1


SKY COVER
  AVERAGE SKY COVER 1.0


WEATHER CONDITIONS
 THE FOLLOWING WEATHER WAS RECORDED YESTERDAY.
  NO SIGNIFICANT WEATHER WAS OBSERVED.


RELATIVE HUMIDITY (PERCENT)
 HIGHEST    93
 LOWEST     72
 AVERAGE    83

..........................................................


THE EVANSVILLE IN CLIMATE NORMALS FOR TODAY
                         NORMAL    RECORD    YEAR
 MAXIMUM TEMPERATURE (F)   83        99      1939
 MINIMUM TEMPERATURE (F)   58        40      1940


SUNRISE AND SUNSET
SEPTEMBER 13 2014.....SUNRISE   630 AM CDT   SUNSET   701 PM CDT
SEPTEMBER 14 2014.....SUNRISE   631 AM CDT   SUNSET   700 PM CDT


-  INDICATES NEGATIVE NUMBERS.
R  INDICATES RECORD WAS SET OR TIED.
MM INDICATES DATA IS MISSING.
T  INDICATES TRACE AMOUNT.




$$
