000
CDUS43 KPAH 150648
CLIEVV


CLIMATE REPORT
NATIONAL WEATHER SERVICE PADUCAH KY
1240 AM CST WED FEB 15 2017


...................................

...THE EVANSVILLE IN CLIMATE SUMMARY FOR FEBRUARY 14 2017...

CLIMATE NORMAL PERIOD 1981 TO 2010
CLIMATE RECORD PERIOD 1896 TO 2017


WEATHER ITEM   OBSERVED TIME   RECORD YEAR NORMAL DEPARTURE LAST
                VALUE   (LST)  VALUE       VALUE  FROM      YEAR
                                                  NORMAL
..................................................................
TEMPERATURE (F)
 YESTERDAY
  MAXIMUM         54    318 PM  71    1921  46      8       29
  MINIMUM         37   1204 AM   1    1905  27     10       23
  AVERAGE         46                        36     10       26

PRECIPITATION (IN)
  YESTERDAY        0.04          2.07 1908   0.11  -0.07     0.13
  MONTH TO DATE    0.52                      1.63  -1.11     2.09
  SINCE DEC 1      6.71                      8.49  -1.78     9.29
  SINCE JAN 1      2.79                      4.73  -1.94     4.09

SNOWFALL (IN)
  YESTERDAY       MM             4.1  1970   0.1   MM        1.1
  MONTH TO DATE    T                         2.1   -2.1      3.0
  SINCE DEC 1      0.4                       8.7   -8.3     13.9
  SINCE JUL 1      0.4                       9.0   -8.6     13.9
  SNOW DEPTH       0

DEGREE DAYS
 HEATING
  YESTERDAY       19                        29    -10       39
  MONTH TO DATE  328                       425    -97      418
  SINCE DEC 1   1991                      2343   -352     1899
  SINCE JUL 1   2521                      3204   -683     2508

 COOLING
  YESTERDAY        0                         0      0        0
  MONTH TO DATE    0                         0      0        0
  SINCE DEC 1      0                         0      0        3
  SINCE JAN 1      0                         0      0        0
..................................................................


WIND (MPH)
  HIGHEST WIND SPEED    16   HIGHEST WIND DIRECTION     W (250)
  HIGHEST GUST SPEED    19   HIGHEST GUST DIRECTION    SW (240)
  AVERAGE WIND SPEED     6.9


SKY COVER
  AVERAGE SKY COVER 0.3


WEATHER CONDITIONS
 THE FOLLOWING WEATHER WAS RECORDED YESTERDAY.
  RAIN
  LIGHT RAIN


RELATIVE HUMIDITY (PERCENT)
 HIGHEST    79
 LOWEST     50
 AVERAGE    65

..........................................................


THE EVANSVILLE IN CLIMATE NORMALS FOR TODAY
                         NORMAL    RECORD    YEAR
 MAXIMUM TEMPERATURE (F)   46        73      1954
 MINIMUM TEMPERATURE (F)   27        -2      1986


SUNRISE AND SUNSET
FEBRUARY 15 2017......SUNRISE   640 AM CST   SUNSET   529 PM CST
FEBRUARY 16 2017......SUNRISE   639 AM CST   SUNSET   530 PM CST


-  INDICATES NEGATIVE NUMBERS.
R  INDICATES RECORD WAS SET OR TIED.
MM INDICATES DATA IS MISSING.
T  INDICATES TRACE AMOUNT.




$$
