000
CDUS43 KPAH 220632
CLIEVV


CLIMATE REPORT
NATIONAL WEATHER SERVICE PADUCAH KY
128 AM CDT MON AUG 22 2016


...................................

...THE EVANSVILLE IN CLIMATE SUMMARY FOR AUGUST 21 2016...

CLIMATE NORMAL PERIOD 1981 TO 2010
CLIMATE RECORD PERIOD 1896 TO 2016


WEATHER ITEM   OBSERVED TIME   RECORD YEAR NORMAL DEPARTURE LAST
                VALUE   (LST)  VALUE       VALUE  FROM      YEAR
                                                  NORMAL
..................................................................
TEMPERATURE (F)
 YESTERDAY
  MAXIMUM         80    416 PM 101    1983  88     -8       81
  MINIMUM         63   1159 PM  49    1950  65     -2       57
  AVERAGE         72                        77     -5       69

PRECIPITATION (IN)
  YESTERDAY        0.00          1.34 1989   0.10  -0.10     0.00
  MONTH TO DATE    3.00                      2.04   0.96     3.06
  SINCE JUN 1     16.57                      9.74   6.83    15.12
  SINCE JAN 1     38.32                     29.98   8.34    37.56

SNOWFALL (IN)
  YESTERDAY        0.0                       0.0    0.0      0.0
  MONTH TO DATE    0.0                       0.0    0.0      0.0
  SINCE JUN 1      0.0                       0.0    0.0      0.0
  SINCE JUL 1      0.0                       0.0    0.0      0.0
  SNOW DEPTH       0

DEGREE DAYS
 HEATING
  YESTERDAY        0                         0      0        0
  MONTH TO DATE    0                         0      0        0
  SINCE JUN 1      0                         6     -6        7
  SINCE JUL 1      0                         0      0        0

 COOLING
  YESTERDAY        7                        12     -5        4
  MONTH TO DATE  302                       255     47      238
  SINCE JUN 1   1134                       956    178     1034
  SINCE JAN 1   1239                      1091    148     1225
..................................................................


WIND (MPH)
  HIGHEST WIND SPEED    14   HIGHEST WIND DIRECTION     W (280)
  HIGHEST GUST SPEED    19   HIGHEST GUST DIRECTION     W (280)
  AVERAGE WIND SPEED     5.4


SKY COVER
  AVERAGE SKY COVER 0.3


WEATHER CONDITIONS
 THE FOLLOWING WEATHER WAS RECORDED YESTERDAY.
  NO SIGNIFICANT WEATHER WAS OBSERVED.


RELATIVE HUMIDITY (PERCENT)
 HIGHEST    87
 LOWEST     45
 AVERAGE    66

..........................................................


THE EVANSVILLE IN CLIMATE NORMALS FOR TODAY
                         NORMAL    RECORD    YEAR
 MAXIMUM TEMPERATURE (F)   88       101      1983
                                             1936
 MINIMUM TEMPERATURE (F)   65        49      1956
                                             1950


SUNRISE AND SUNSET
AUGUST 22 2016........SUNRISE   612 AM CDT   SUNSET   733 PM CDT
AUGUST 23 2016........SUNRISE   613 AM CDT   SUNSET   732 PM CDT


-  INDICATES NEGATIVE NUMBERS.
R  INDICATES RECORD WAS SET OR TIED.
MM INDICATES DATA IS MISSING.
T  INDICATES TRACE AMOUNT.




$$
