420
CDUS43 KPAH 160632
CLIEVV


CLIMATE REPORT
NATIONAL WEATHER SERVICE PADUCAH KY
1227 AM CST TUE JAN 16 2018

...................................

...THE EVANSVILLE IN CLIMATE SUMMARY FOR JANUARY 15 2018...

CLIMATE NORMAL PERIOD 1981 TO 2010
CLIMATE RECORD PERIOD 1896 TO 2018

WEATHER ITEM   OBSERVED TIME   RECORD YEAR NORMAL DEPARTURE LAST
                VALUE   (LST)  VALUE       VALUE  FROM      YEAR
                                                  NORMAL
..................................................................
TEMPERATURE (F)
 YESTERDAY
  MAXIMUM         29    239 PM  70    1949  41    -12       41
  MINIMUM         11   1159 PM  -7    1979  24    -13       36
  AVERAGE         20                        32    -12       39

PRECIPITATION (IN)
  YESTERDAY        0.14          1.13 1950   0.10   0.04     0.09
  MONTH TO DATE    1.83                      1.47   0.36     1.46
  SINCE DEC 1      4.25                      5.23  -0.98     5.38
  SINCE JAN 1      1.83                      1.47   0.36     1.46

SNOWFALL (IN)
  YESTERDAY        2.8 R         2.1  1965   0.1    2.7      0.0
  MONTH TO DATE    7.1                       1.6    5.5      0.4
  SINCE DEC 1      7.1                       4.8    2.3      0.4
  SINCE JUL 1      7.1                       5.1    2.0      0.4
  SNOW DEPTH       4

DEGREE DAYS
 HEATING
  YESTERDAY       45                        33     12       26
  MONTH TO DATE  601                       490    111      444
  SINCE DEC 1   1482                      1401     81     1344
  SINCE JUL 1   2262                      2262      0     1874

 COOLING
  YESTERDAY        0                         0      0        0
  MONTH TO DATE    0                         0      0        0
  SINCE DEC 1      0                         0      0        0
  SINCE JAN 1      0                         0      0        0
..................................................................

WIND (MPH)
  HIGHEST WIND SPEED    21   HIGHEST WIND DIRECTION    SW (210)
  HIGHEST GUST SPEED    27   HIGHEST GUST DIRECTION     W (270)
  AVERAGE WIND SPEED     9.8

SKY COVER
  AVERAGE SKY COVER 1.0

WEATHER CONDITIONS
 THE FOLLOWING WEATHER WAS RECORDED YESTERDAY.
  SNOW
  LIGHT SNOW
  FOG
  FOG W/VISIBILITY <= 1/4 MILE

RELATIVE HUMIDITY (PERCENT)
 HIGHEST   100
 LOWEST     54
 AVERAGE    77
..........................................................

THE EVANSVILLE IN CLIMATE NORMALS FOR TODAY
                         NORMAL    RECORD    YEAR
 MAXIMUM TEMPERATURE (F)   41        71      1928
 MINIMUM TEMPERATURE (F)   24       -17      1982

SUNRISE AND SUNSET
JANUARY 16 2018.......SUNRISE   705 AM CST   SUNSET   456 PM CST
JANUARY 17 2018.......SUNRISE   704 AM CST   SUNSET   457 PM CST

-  INDICATES NEGATIVE NUMBERS.
R  INDICATES RECORD WAS SET OR TIED.
MM INDICATES DATA IS MISSING.
T  INDICATES TRACE AMOUNT.

$$
