000
CDUS43 KPAH 110638
CLIEVV


CLIMATE REPORT
NATIONAL WEATHER SERVICE PADUCAH KY
131 AM CDT THU MAY 11 2017


...................................

...THE EVANSVILLE IN CLIMATE SUMMARY FOR MAY 10 2017...

CLIMATE NORMAL PERIOD 1981 TO 2010
CLIMATE RECORD PERIOD 1896 TO 2017


WEATHER ITEM   OBSERVED TIME   RECORD YEAR NORMAL DEPARTURE LAST
                VALUE   (LST)  VALUE       VALUE  FROM      YEAR
                                                  NORMAL
..................................................................
TEMPERATURE (F)
 YESTERDAY
  MAXIMUM         86    204 PM  88    1979  75     11       71
                                      1936
                                      1922
  MINIMUM         61    453 AM  31    1966  53      8       60
  AVERAGE         74                        64     10       66

PRECIPITATION (IN)
  YESTERDAY        0.00          1.96 1970   0.17  -0.17     0.87
  MONTH TO DATE    2.56                      1.72   0.84     1.66
  SINCE MAR 1     16.30                     10.33   5.97    13.02
  SINCE JAN 1     19.57                     16.60   2.97    19.36

SNOWFALL (IN)
  YESTERDAY        0.0           0.0  2002   0.0    0.0      0.0
                                      2001
  MONTH TO DATE    0.0                       0.0    0.0      0.0
  SINCE MAR 1      1.0                       1.1   -0.1       T
  SINCE JUL 1      1.4                      11.8  -10.4     14.2
  SNOW DEPTH       0

DEGREE DAYS
 HEATING
  YESTERDAY        0                         4     -4        0
  MONTH TO DATE   65                        43     22       40
  SINCE MAR 1    685                       924   -239      686
  SINCE JUL 1   3384                      4498  -1114     3504

 COOLING
  YESTERDAY        9                         2      7        1
  MONTH TO DATE   17                        17      0       10
  SINCE MAR 1     78                        44     34       32
  SINCE JAN 1     78                        44     34       32
..................................................................


WIND (MPH)
  HIGHEST WIND SPEED    16   HIGHEST WIND DIRECTION    SW (210)
  HIGHEST GUST SPEED    21   HIGHEST GUST DIRECTION    SW (210)
  AVERAGE WIND SPEED     8.6


SKY COVER
  AVERAGE SKY COVER 0.2


WEATHER CONDITIONS
 THE FOLLOWING WEATHER WAS RECORDED YESTERDAY.
  HAZE


RELATIVE HUMIDITY (PERCENT)
 HIGHEST    79
 LOWEST     45
 AVERAGE    62

..........................................................


THE EVANSVILLE IN CLIMATE NORMALS FOR TODAY
                         NORMAL    RECORD    YEAR
 MAXIMUM TEMPERATURE (F)   75        88      2005
                                             2000
 MINIMUM TEMPERATURE (F)   53        36      1945


SUNRISE AND SUNSET
MAY 11 2017...........SUNRISE   543 AM CDT   SUNSET   750 PM CDT
MAY 12 2017...........SUNRISE   542 AM CDT   SUNSET   751 PM CDT


-  INDICATES NEGATIVE NUMBERS.
R  INDICATES RECORD WAS SET OR TIED.
MM INDICATES DATA IS MISSING.
T  INDICATES TRACE AMOUNT.




$$
