000
CDUS43 KPAH 230632
CLIEVV


CLIMATE REPORT
NATIONAL WEATHER SERVICE PADUCAH KY
1230 AM CST MON FEB 23 2015


...................................

...THE EVANSVILLE IN CLIMATE SUMMARY FOR FEBRUARY 22 2015...

CLIMATE NORMAL PERIOD 1981 TO 2010
CLIMATE RECORD PERIOD 1896 TO 2015


WEATHER ITEM   OBSERVED TIME   RECORD YEAR NORMAL DEPARTURE LAST
                VALUE   (LST)  VALUE       VALUE  FROM      YEAR
                                                  NORMAL
..................................................................
TEMPERATURE (F)
 YESTERDAY
  MAXIMUM         33   1052 AM  72    1922  48    -15       63
  MINIMUM         19   1159 PM  -6    1963  29    -10       31
  AVERAGE         26                        39    -13       47

PRECIPITATION (IN)
  YESTERDAY        0.00          2.05 1897   0.11  -0.11     0.00
  MONTH TO DATE    2.56                      2.50   0.06     2.24
  SINCE DEC 1      8.96                      9.36  -0.40    11.26
  SINCE JAN 1      5.53                      5.60  -0.07     3.93

SNOWFALL (IN)
  YESTERDAY        0.0           0.8  1967   0.1   -0.1      0.0
  MONTH TO DATE    7.4                       3.1    4.3      2.0
  SINCE DEC 1      7.6                       9.7   -2.1      9.8
  SINCE JUL 1     10.0                      10.0    0.0      9.8
  SNOW DEPTH       0

DEGREE DAYS
 HEATING
  YESTERDAY       39                        26     13       18
  MONTH TO DATE  815                       644    171      766
  SINCE DEC 1   2579                      2562     17     2828
  SINCE JUL 1   3582                      3423    159     3742

 COOLING
  YESTERDAY        0                         0      0        0
  MONTH TO DATE    0                         0      0        0
  SINCE DEC 1      0                         0      0        0
  SINCE JAN 1      0                         0      0        0
..................................................................


WIND (MPH)
  HIGHEST WIND SPEED    20   HIGHEST WIND DIRECTION     N (360)
  HIGHEST GUST SPEED    27   HIGHEST GUST DIRECTION     N (360)
  AVERAGE WIND SPEED    10.9


SKY COVER
  AVERAGE SKY COVER 0.8


WEATHER CONDITIONS
 THE FOLLOWING WEATHER WAS RECORDED YESTERDAY.
  HAZE


RELATIVE HUMIDITY (PERCENT)
 HIGHEST    81
 LOWEST     52
 AVERAGE    67

..........................................................


THE EVANSVILLE IN CLIMATE NORMALS FOR TODAY
                         NORMAL    RECORD    YEAR
 MAXIMUM TEMPERATURE (F)   49        77      1985
 MINIMUM TEMPERATURE (F)   29         6      1963


SUNRISE AND SUNSET
FEBRUARY 23 2015......SUNRISE   630 AM CST   SUNSET   537 PM CST
FEBRUARY 24 2015......SUNRISE   629 AM CST   SUNSET   538 PM CST


-  INDICATES NEGATIVE NUMBERS.
R  INDICATES RECORD WAS SET OR TIED.
MM INDICATES DATA IS MISSING.
T  INDICATES TRACE AMOUNT.




$$
