000
CDUS43 KPAH 162128
CLIEVV


CLIMATE REPORT
NATIONAL WEATHER SERVICE PADUCAH KY
427 PM CDT SAT JUL 16 2016


...................................

...THE EVANSVILLE IN CLIMATE SUMMARY FOR JULY 16 2016...
VALID TODAY AS OF 0400 PM LOCAL TIME.

CLIMATE NORMAL PERIOD 1981 TO 2010
CLIMATE RECORD PERIOD 1896 TO 2016


WEATHER ITEM   OBSERVED TIME   RECORD YEAR NORMAL DEPARTURE LAST
                VALUE   (LST)  VALUE       VALUE  FROM      YEAR
                                                  NORMAL
..................................................................
TEMPERATURE (F)
 TODAY
  MAXIMUM         87    254 PM 100    1980  89     -2       87
  MINIMUM         67    459 AM  47    1930  68     -1       68
  AVERAGE         77                        78     -1       78

PRECIPITATION (IN)
  TODAY            0.00          1.63 1903   0.14  -0.14     0.00
  MONTH TO DATE    5.99                      2.12   3.87     3.53
  SINCE JUN 1     10.36                      5.90   4.46    10.92
  SINCE JAN 1     32.11                     26.14   5.97    33.36

SNOWFALL (IN)
  TODAY            0.0                                       0.0
  MONTH TO DATE    0.0                                       0.0
  SINCE JUL 1      0.0                                       0.0
  SNOW DEPTH       0

..................................................................


WIND (MPH)
  HIGHEST WIND SPEED    10   HIGHEST WIND DIRECTION     N (340)
  HIGHEST GUST SPEED    14   HIGHEST GUST DIRECTION     N (10)




..........................................................


THE EVANSVILLE IN CLIMATE NORMALS FOR TOMORROW
                         NORMAL    RECORD    YEAR
 MAXIMUM TEMPERATURE (F)   89       101      1913
 MINIMUM TEMPERATURE (F)   68        49      1930


SUNRISE AND SUNSET
JULY 16 2016..........SUNRISE   541 AM CDT   SUNSET   812 PM CDT
JULY 17 2016..........SUNRISE   541 AM CDT   SUNSET   811 PM CDT


-  INDICATES NEGATIVE NUMBERS.
R  INDICATES RECORD WAS SET OR TIED.
MM INDICATES DATA IS MISSING.
T  INDICATES TRACE AMOUNT.




$$
