568
CDUS43 KPAH 170632
CLIEVV


CLIMATE REPORT
NATIONAL WEATHER SERVICE PADUCAH KY
130 AM CDT FRI MAR 17 2017


...................................

...THE EVANSVILLE IN CLIMATE SUMMARY FOR MARCH 16 2017...

CLIMATE NORMAL PERIOD 1981 TO 2010
CLIMATE RECORD PERIOD 1896 TO 2017


WEATHER ITEM   OBSERVED TIME   RECORD YEAR NORMAL DEPARTURE LAST
                VALUE   (LST)  VALUE       VALUE  FROM      YEAR
                                                  NORMAL
..................................................................
TEMPERATURE (F)
 YESTERDAY
  MAXIMUM         49    441 PM  83    1945  57     -8       66
  MINIMUM         18    401 AM  14    1900  35    -17       52
  AVERAGE         34                        46    -12       59

PRECIPITATION (IN)
  YESTERDAY        0.00          2.71 1919   0.14  -0.14     0.00
  MONTH TO DATE    2.51                      2.03   0.48     3.77
  SINCE MAR 1      2.51                      2.03   0.48     3.77
  SINCE JAN 1      5.78                      8.30  -2.52    10.11

SNOWFALL (IN)
  YESTERDAY        0.0           0.2  2014   0.0    0.0      0.0
                                      1976
  MONTH TO DATE    1.0                       0.7    0.3       T
  SINCE MAR 1      1.0                       0.7    0.3       T
  SINCE JUL 1      1.4                      11.4  -10.0     14.2
  SNOW DEPTH       0

DEGREE DAYS
 HEATING
  YESTERDAY       31                        19     12        6
  MONTH TO DATE  341                       344     -3      203
  SINCE MAR 1    341                       344     -3      203
  SINCE JUL 1   3040                      3918   -878     3021

 COOLING
  YESTERDAY        0                         0      0        0
  MONTH TO DATE    0                         0      0        1
  SINCE MAR 1      0                         0      0        1
  SINCE JAN 1      0                         0      0        1
..................................................................


WIND (MPH)
  HIGHEST WIND SPEED    14   HIGHEST WIND DIRECTION    SW (220)
  HIGHEST GUST SPEED    19   HIGHEST GUST DIRECTION    SW (230)
  AVERAGE WIND SPEED     4.9


SKY COVER
  AVERAGE SKY COVER 0.2


WEATHER CONDITIONS
 THE FOLLOWING WEATHER WAS RECORDED YESTERDAY.
  NO SIGNIFICANT WEATHER WAS OBSERVED.


RELATIVE HUMIDITY (PERCENT)
 HIGHEST    84
 LOWEST     25
 AVERAGE    55

..........................................................


THE EVANSVILLE IN CLIMATE NORMALS FOR TODAY
                         NORMAL    RECORD    YEAR
 MAXIMUM TEMPERATURE (F)   57        80      2012
 MINIMUM TEMPERATURE (F)   36        13      1900


SUNRISE AND SUNSET
MARCH 17 2017.........SUNRISE   658 AM CDT   SUNSET   659 PM CDT
MARCH 18 2017.........SUNRISE   656 AM CDT   SUNSET   700 PM CDT


-  INDICATES NEGATIVE NUMBERS.
R  INDICATES RECORD WAS SET OR TIED.
MM INDICATES DATA IS MISSING.
T  INDICATES TRACE AMOUNT.




$$
