000
CDUS43 KPAH 180634
CLIEVV


CLIMATE REPORT
NATIONAL WEATHER SERVICE PADUCAH KY
1232 AM CST FRI NOV 18 2016


...................................

...THE EVANSVILLE IN CLIMATE SUMMARY FOR NOVEMBER 17 2016...

CLIMATE NORMAL PERIOD 1981 TO 2010
CLIMATE RECORD PERIOD 1896 TO 2016


WEATHER ITEM   OBSERVED TIME   RECORD YEAR NORMAL DEPARTURE LAST
                VALUE   (LST)  VALUE       VALUE  FROM      YEAR
                                                  NORMAL
..................................................................
TEMPERATURE (F)
 YESTERDAY
  MAXIMUM         80R   257 PM  80    1958  56     24       67
  MINIMUM         43    159 AM  10    1959  36      7       51
  AVERAGE         62                        46     16       59

PRECIPITATION (IN)
  YESTERDAY        0.00          2.24 1906   0.15  -0.15     1.29
  MONTH TO DATE    0.09                      2.34  -2.25     2.99
  SINCE SEP 1      4.59                      8.64  -4.05     7.05
  SINCE JAN 1     43.05                     39.56   3.49    44.61

SNOWFALL (IN)
  YESTERDAY        0.0           1.7  2014   0.0    0.0      0.0
  MONTH TO DATE    0.0                       0.0    0.0      0.0
  SINCE SEP 1      0.0                       0.2   -0.2      0.0
  SINCE JUL 1      0.0                       0.2   -0.2      0.0
  SNOW DEPTH       0

DEGREE DAYS
 HEATING
  YESTERDAY        3                        19    -16        6
  MONTH TO DATE  171                       269    -98      191
  SINCE SEP 1    279                       571   -292      382
  SINCE JUL 1    279                       572   -293      382

 COOLING
  YESTERDAY        0                         0      0        0
  MONTH TO DATE   11                         0     11        5
  SINCE SEP 1    389                       196    193      277
  SINCE JAN 1   1775                      1395    380     1576
..................................................................


WIND (MPH)
  HIGHEST WIND SPEED    17   HIGHEST WIND DIRECTION    SW (210)
  HIGHEST GUST SPEED    24   HIGHEST GUST DIRECTION     S (200)
  AVERAGE WIND SPEED     6.4


SKY COVER
  AVERAGE SKY COVER 0.0


WEATHER CONDITIONS
 THE FOLLOWING WEATHER WAS RECORDED YESTERDAY.
  NO SIGNIFICANT WEATHER WAS OBSERVED.


RELATIVE HUMIDITY (PERCENT)
 HIGHEST    89
 LOWEST     33
 AVERAGE    61

..........................................................


THE EVANSVILLE IN CLIMATE NORMALS FOR TODAY
                         NORMAL    RECORD    YEAR
 MAXIMUM TEMPERATURE (F)   55        76      1985
                                             1930
 MINIMUM TEMPERATURE (F)   36         9      2014


SUNRISE AND SUNSET
NOVEMBER 18 2016......SUNRISE   635 AM CST   SUNSET   436 PM CST
NOVEMBER 19 2016......SUNRISE   636 AM CST   SUNSET   435 PM CST


-  INDICATES NEGATIVE NUMBERS.
R  INDICATES RECORD WAS SET OR TIED.
MM INDICATES DATA IS MISSING.
T  INDICATES TRACE AMOUNT.




$$
