948
CDUS43 KPAH 120634
CLIEVV


CLIMATE REPORT
NATIONAL WEATHER SERVICE PADUCAH KY
1233 AM CST MON FEB 12 2018


...................................

...THE EVANSVILLE IN CLIMATE SUMMARY FOR FEBRUARY 11 2018...

CLIMATE NORMAL PERIOD 1981 TO 2010
CLIMATE RECORD PERIOD 1896 TO 2018


WEATHER ITEM   OBSERVED TIME   RECORD YEAR NORMAL DEPARTURE LAST
                VALUE   (LST)  VALUE       VALUE  FROM      YEAR
                                                  NORMAL
..................................................................
TEMPERATURE (F)
 YESTERDAY
  MAXIMUM         34    239 AM  75    1999  45    -11       69
  MINIMUM         26   1159 PM   1    1955  26      0       48
                                      1899
  AVERAGE         30                        35     -5       59

PRECIPITATION (IN)
  YESTERDAY        0.41          1.02 2009   0.12   0.29     0.00
  MONTH TO DATE    1.03                      1.29  -0.26     0.48
  SINCE DEC 1      6.42                      8.15  -1.73     6.67
  SINCE JAN 1      4.00                      4.39  -0.39     2.75

SNOWFALL (IN)
  YESTERDAY        0.0           6.2  1985   0.1   -0.1      0.0
  MONTH TO DATE    0.4                       1.6   -1.2       T
  SINCE DEC 1      7.5                       8.2   -0.7      0.4
  SINCE JUL 1      7.5                       8.5   -1.0      0.4
  SNOW DEPTH       0

DEGREE DAYS
 HEATING
  YESTERDAY       35                        30      5        6
  MONTH TO DATE  378                       338     40      269
  SINCE DEC 1   2342                      2256     86     1932
  SINCE JUL 1   3122                      3117      5     2462

 COOLING
  YESTERDAY        0                         0      0        0
  MONTH TO DATE    0                         0      0        0
  SINCE DEC 1      0                         0      0        0
  SINCE JAN 1      0                         0      0        0
..................................................................


WIND (MPH)
  HIGHEST WIND SPEED    14   HIGHEST WIND DIRECTION     N (350)
  HIGHEST GUST SPEED    23   HIGHEST GUST DIRECTION    NW (310)
  AVERAGE WIND SPEED     7.3


SKY COVER
  AVERAGE SKY COVER 0.9


WEATHER CONDITIONS
 THE FOLLOWING WEATHER WAS RECORDED YESTERDAY.
  LIGHT RAIN
  FREEZING RAIN
  LT FREEZING RAIN
  FOG


RELATIVE HUMIDITY (PERCENT)
 HIGHEST   100
 LOWEST     84
 AVERAGE    92

..........................................................


THE EVANSVILLE IN CLIMATE NORMALS FOR TODAY
                         NORMAL    RECORD    YEAR
 MAXIMUM TEMPERATURE (F)   45        72      1938
 MINIMUM TEMPERATURE (F)   26       -11      1899


SUNRISE AND SUNSET
FEBRUARY 12 2018......SUNRISE   644 AM CST   SUNSET   526 PM CST
FEBRUARY 13 2018......SUNRISE   642 AM CST   SUNSET   527 PM CST


-  INDICATES NEGATIVE NUMBERS.
R  INDICATES RECORD WAS SET OR TIED.
MM INDICATES DATA IS MISSING.
T  INDICATES TRACE AMOUNT.




$$
