000
CDUS43 KPAH 120636
CLIEVV


CLIMATE REPORT
NATIONAL WEATHER SERVICE PADUCAH KY
1232 AM CST THU JAN 12 2017


...................................

...THE EVANSVILLE IN CLIMATE SUMMARY FOR JANUARY 11 2017...

CLIMATE NORMAL PERIOD 1981 TO 2010
CLIMATE RECORD PERIOD 1896 TO 2017


WEATHER ITEM   OBSERVED TIME   RECORD YEAR NORMAL DEPARTURE LAST
                VALUE   (LST)  VALUE       VALUE  FROM      YEAR
                                                  NORMAL
..................................................................
TEMPERATURE (F)
 YESTERDAY
  MAXIMUM         66R  1158 PM  65    1911  41     25       38
  MINIMUM         32    327 AM -16    1977  24      8        8
  AVERAGE         49                        32     17       23

PRECIPITATION (IN)
  YESTERDAY        0.12          1.94 1913   0.10   0.02     0.00
  MONTH TO DATE    0.50                      1.09  -0.59     1.37
  SINCE DEC 1      4.42                      4.85  -0.43     6.57
  SINCE JAN 1      0.50                      1.09  -0.59     1.37

SNOWFALL (IN)
  YESTERDAY        0.0           3.1  2011   0.1   -0.1      0.0
  MONTH TO DATE    0.4                       1.2   -0.8      2.5
  SINCE DEC 1      0.4                       4.4   -4.0      2.5
  SINCE JUL 1      0.4                       4.7   -4.3      2.5
  SNOW DEPTH       0

DEGREE DAYS
 HEATING
  YESTERDAY       16                        33    -17       42
  MONTH TO DATE  348                       358    -10      329
  SINCE DEC 1   1248                      1269    -21      858
  SINCE JUL 1   1778                      2130   -352     1467

 COOLING
  YESTERDAY        0                         0      0        0
  MONTH TO DATE    0                         0      0        0
  SINCE DEC 1      0                         0      0        3
  SINCE JAN 1      0                         0      0        0
..................................................................


WIND (MPH)
  HIGHEST WIND SPEED    28   HIGHEST WIND DIRECTION     S (200)
  HIGHEST GUST SPEED    39   HIGHEST GUST DIRECTION     S (200)
  AVERAGE WIND SPEED    11.3


SKY COVER
  AVERAGE SKY COVER 0.6


WEATHER CONDITIONS
 THE FOLLOWING WEATHER WAS RECORDED YESTERDAY.
  HEAVY RAIN
  LIGHT RAIN
  FOG


RELATIVE HUMIDITY (PERCENT)
 HIGHEST    89
 LOWEST     62
 AVERAGE    76

..........................................................


THE EVANSVILLE IN CLIMATE NORMALS FOR TODAY
                         NORMAL    RECORD    YEAR
 MAXIMUM TEMPERATURE (F)   41        69      2005
                                             1960
                                             1916
 MINIMUM TEMPERATURE (F)   24       -16      1918


SUNRISE AND SUNSET
JANUARY 12 2017.......SUNRISE   706 AM CST   SUNSET   452 PM CST
JANUARY 13 2017.......SUNRISE   706 AM CST   SUNSET   453 PM CST


-  INDICATES NEGATIVE NUMBERS.
R  INDICATES RECORD WAS SET OR TIED.
MM INDICATES DATA IS MISSING.
T  INDICATES TRACE AMOUNT.




$$
