000
CDUS43 KPAH 220632
CLIEVV


CLIMATE REPORT
NATIONAL WEATHER SERVICE PADUCAH KY
130 AM CDT FRI APR 22 2016


...................................

...THE EVANSVILLE IN CLIMATE SUMMARY FOR APRIL 21 2016...

CLIMATE NORMAL PERIOD 1981 TO 2010
CLIMATE RECORD PERIOD 1896 TO 2016


WEATHER ITEM   OBSERVED TIME   RECORD YEAR NORMAL DEPARTURE LAST
                VALUE   (LST)  VALUE       VALUE  FROM      YEAR
                                                  NORMAL
..................................................................
TEMPERATURE (F)
 YESTERDAY
  MAXIMUM         69   1243 PM  87    1987  70     -1       66
  MINIMUM         56    955 PM  31    1904  46     10       43
  AVERAGE         63                        58      5       55

PRECIPITATION (IN)
  YESTERDAY        1.07          3.41 1928   0.15   0.92      T
  MONTH TO DATE    2.54                      2.93  -0.39     6.26
  SINCE MAR 1      8.41                      7.17   1.24    13.11
  SINCE JAN 1     14.75                     13.44   1.31    18.64

SNOWFALL (IN)
  YESTERDAY        0.0           0.0  2002   0.0    0.0      0.0
                                      2001
  MONTH TO DATE    0.0                       0.1   -0.1      0.0
  SINCE MAR 1      T                         1.1   -1.1      8.5
  SINCE JUL 1     14.2                      11.8    2.4     18.5
  SNOW DEPTH       0

DEGREE DAYS
 HEATING
  YESTERDAY        2                         8     -6       10
  MONTH TO DATE  218                       230    -12      104
  SINCE MAR 1    623                       822   -199      723
  SINCE JUL 1   3441                      4396   -955     4559

 COOLING
  YESTERDAY        0                         1     -1        0
  MONTH TO DATE    9                        13     -4       28
  SINCE MAR 1     10                        16     -6       28
  SINCE JAN 1     10                        16     -6       28
..................................................................


WIND (MPH)
  HIGHEST WIND SPEED    23   HIGHEST WIND DIRECTION     W (250)
  HIGHEST GUST SPEED    31   HIGHEST GUST DIRECTION     W (260)
  AVERAGE WIND SPEED     8.3


SKY COVER
  AVERAGE SKY COVER 0.8


WEATHER CONDITIONS
 THE FOLLOWING WEATHER WAS RECORDED YESTERDAY.
  THUNDERSTORM
  HEAVY RAIN
  LIGHT RAIN
  FOG


RELATIVE HUMIDITY (PERCENT)
 HIGHEST   100
 LOWEST     76
 AVERAGE    88

..........................................................


THE EVANSVILLE IN CLIMATE NORMALS FOR TODAY
                         NORMAL    RECORD    YEAR
 MAXIMUM TEMPERATURE (F)   70        87      1965
 MINIMUM TEMPERATURE (F)   47        32      1978
                                             1936


SUNRISE AND SUNSET
APRIL 22 2016.........SUNRISE   604 AM CDT   SUNSET   733 PM CDT
APRIL 23 2016.........SUNRISE   603 AM CDT   SUNSET   734 PM CDT


-  INDICATES NEGATIVE NUMBERS.
R  INDICATES RECORD WAS SET OR TIED.
MM INDICATES DATA IS MISSING.
T  INDICATES TRACE AMOUNT.




$$
