000
CDUS43 KPAH 080634
CLIEVV


CLIMATE REPORT
NATIONAL WEATHER SERVICE PADUCAH KY
129 AM CDT MON MAY 8 2017


...................................

...THE EVANSVILLE IN CLIMATE SUMMARY FOR MAY 7 2017...

CLIMATE NORMAL PERIOD 1981 TO 2010
CLIMATE RECORD PERIOD 1896 TO 2017


WEATHER ITEM   OBSERVED TIME   RECORD YEAR NORMAL DEPARTURE LAST
                VALUE   (LST)  VALUE       VALUE  FROM      YEAR
                                                  NORMAL
..................................................................
TEMPERATURE (F)
 YESTERDAY
  MAXIMUM         73    327 PM  89    1986  74     -1       85
  MINIMUM         40    446 AM  33    1944  52    -12       53
  AVERAGE         57                        63     -6       69

PRECIPITATION (IN)
  YESTERDAY        T             4.28 1961   0.17  -0.17     0.31
  MONTH TO DATE    2.56                      1.20   1.36     0.59
  SINCE MAR 1     16.30                      9.81   6.49    11.95
  SINCE JAN 1     19.57                     16.08   3.49    18.29

SNOWFALL (IN)
  YESTERDAY        0.0           T    1955   0.0    0.0      0.0
  MONTH TO DATE    0.0                       0.0    0.0      0.0
  SINCE MAR 1      1.0                       1.1   -0.1       T
  SINCE JUL 1      1.4                      11.8  -10.4     14.2
  SNOW DEPTH       0

DEGREE DAYS
 HEATING
  YESTERDAY        8                         4      4        0
  MONTH TO DATE   61                        31     30       39
  SINCE MAR 1    681                       912   -231      685
  SINCE JUL 1   3380                      4486  -1106     3503

 COOLING
  YESTERDAY        0                         2     -2        4
  MONTH TO DATE    0                        11    -11        6
  SINCE MAR 1     61                        38     23       28
  SINCE JAN 1     61                        38     23       28
..................................................................


WIND (MPH)
  HIGHEST WIND SPEED    16   HIGHEST WIND DIRECTION     W (260)
  HIGHEST GUST SPEED    21   HIGHEST GUST DIRECTION     W (250)
  AVERAGE WIND SPEED     5.1


SKY COVER
  AVERAGE SKY COVER 0.1


WEATHER CONDITIONS
 THE FOLLOWING WEATHER WAS RECORDED YESTERDAY.
  LIGHT RAIN


RELATIVE HUMIDITY (PERCENT)
 HIGHEST    93
 LOWEST     35
 AVERAGE    64

..........................................................


THE EVANSVILLE IN CLIMATE NORMALS FOR TODAY
                         NORMAL    RECORD    YEAR
 MAXIMUM TEMPERATURE (F)   75        90      1897
 MINIMUM TEMPERATURE (F)   52        38      1989
                                             1980
                                             1954


SUNRISE AND SUNSET
MAY  8 2017...........SUNRISE   546 AM CDT   SUNSET   748 PM CDT
MAY  9 2017...........SUNRISE   545 AM CDT   SUNSET   749 PM CDT


-  INDICATES NEGATIVE NUMBERS.
R  INDICATES RECORD WAS SET OR TIED.
MM INDICATES DATA IS MISSING.
T  INDICATES TRACE AMOUNT.




$$
