000
CDUS43 KPAH 302135
CLIEVV


CLIMATE REPORT
NATIONAL WEATHER SERVICE PADUCAH KY
434 PM CDT SAT SEP 30 2017


...................................

...THE EVANSVILLE IN CLIMATE SUMMARY FOR SEPTEMBER 30 2017...
VALID TODAY AS OF 0400 PM LOCAL TIME.

CLIMATE NORMAL PERIOD 1981 TO 2010
CLIMATE RECORD PERIOD 1896 TO 2017


WEATHER ITEM   OBSERVED TIME   RECORD YEAR NORMAL DEPARTURE LAST
                VALUE   (LST)  VALUE       VALUE  FROM      YEAR
                                                  NORMAL
..................................................................
TEMPERATURE (F)
 TODAY
  MAXIMUM         75    228 PM  99    1919  76     -1       72
  MINIMUM         48    500 AM  33    1949  51     -3       56
                                      1899
  AVERAGE         62                        63     -1       64

PRECIPITATION (IN)
  TODAY            0.00          1.07 1927   0.11  -0.11     0.72
  MONTH TO DATE    3.24                      3.05   0.19     4.01
  SINCE SEP 1      3.24                      3.05   0.19     4.01
  SINCE JAN 1     35.65                     33.97   1.68    42.47

SNOWFALL (IN)
  TODAY            0.0                                       0.0
  MONTH TO DATE    0.0                                       0.0
  SINCE JUL 1      0.0                                       0.0
  SNOW DEPTH       0

..................................................................


WIND (MPH)
  HIGHEST WIND SPEED    17   HIGHEST WIND DIRECTION     E (80)
  HIGHEST GUST SPEED    24   HIGHEST GUST DIRECTION     E (80)




..........................................................


THE EVANSVILLE IN CLIMATE NORMALS FOR TOMORROW
                         NORMAL    RECORD    YEAR
 MAXIMUM TEMPERATURE (F)   75        93      1919
 MINIMUM TEMPERATURE (F)   50        34      1963


SUNRISE AND SUNSET
SEPTEMBER 30 2017.....SUNRISE   645 AM CDT   SUNSET   634 PM CDT
OCTOBER  1 2017.......SUNRISE   646 AM CDT   SUNSET   633 PM CDT


-  INDICATES NEGATIVE NUMBERS.
R  INDICATES RECORD WAS SET OR TIED.
MM INDICATES DATA IS MISSING.
T  INDICATES TRACE AMOUNT.




$$
