000
CDUS43 KPAH 122129
CLIEVV


CLIMATE REPORT
NATIONAL WEATHER SERVICE PADUCAH KY
425 PM CDT MON JUN 12 2017

...................................

...THE EVANSVILLE IN CLIMATE SUMMARY FOR JUNE 12 2017...
VALID TODAY AS OF 0400 PM LOCAL TIME.

CLIMATE NORMAL PERIOD 1981 TO 2010
CLIMATE RECORD PERIOD 1896 TO 2017

WEATHER ITEM   OBSERVED TIME   RECORD YEAR NORMAL DEPARTURE LAST
                VALUE   (LST)  VALUE       VALUE  FROM      YEAR
                                                  NORMAL
..................................................................
TEMPERATURE (F)
 TODAY
  MAXIMUM         94    234 PM  97    1953  85      9       96
                                      1902
  MINIMUM         69    414 AM  44    1903  63      6       67
  AVERAGE         82                        74      8       82

PRECIPITATION (IN)
  TODAY            0.00          2.65 1987   0.12  -0.12     0.00
  MONTH TO DATE    0.06                      1.71  -1.65     1.19
  SINCE JUN 1      0.06                      1.71  -1.65     1.19
  SINCE JAN 1     21.06                     21.95  -0.89    22.94

SNOWFALL (IN)
  TODAY            0.0                                       0.0
  MONTH TO DATE    0.0                                       0.0
  SINCE JUL 1      1.4                                      14.2
  SNOW DEPTH       0
..................................................................

WIND (MPH)
  HIGHEST WIND SPEED    18   HIGHEST WIND DIRECTION    SW (220)
  HIGHEST GUST SPEED    24   HIGHEST GUST DIRECTION    SW (220)
..........................................................

THE EVANSVILLE IN CLIMATE NORMALS FOR TOMORROW
                         NORMAL    RECORD    YEAR
 MAXIMUM TEMPERATURE (F)   85        96      1954
                                             1902
 MINIMUM TEMPERATURE (F)   64        47      1903

SUNRISE AND SUNSET
JUNE 12 2017..........SUNRISE   527 AM CDT   SUNSET   813 PM CDT
JUNE 13 2017..........SUNRISE   527 AM CDT   SUNSET   814 PM CDT

-  INDICATES NEGATIVE NUMBERS.
R  INDICATES RECORD WAS SET OR TIED.
MM INDICATES DATA IS MISSING.
T  INDICATES TRACE AMOUNT.

$$
