000
CDUS43 KPAH 080629
CLIEVV


CLIMATE REPORT
NATIONAL WEATHER SERVICE PADUCAH KY
128 AM CDT TUE APR 8 2014


...................................

...THE EVANSVILLE IN CLIMATE SUMMARY FOR APRIL 7 2014...

CLIMATE NORMAL PERIOD 1981 TO 2010
CLIMATE RECORD PERIOD 1896 TO 2014


WEATHER ITEM   OBSERVED TIME   RECORD YEAR NORMAL DEPARTURE LAST
                VALUE   (LST)  VALUE       VALUE  FROM      YEAR
                                                  NORMAL
..................................................................
TEMPERATURE (F)
 YESTERDAY
  MAXIMUM         55    346 AM  84    2001  65    -10       76
                                      1959
  MINIMUM         44   1157 PM  23    1990  42      2       55
  AVERAGE         50                        53     -3       66

PRECIPITATION (IN)
  YESTERDAY        0.73          1.02 2000   0.14   0.59     0.00
  MONTH TO DATE    6.97                      0.93   6.04     0.00
  SINCE MAR 1      9.82                      5.17   4.65     4.08
  SINCE JAN 1     13.77                     11.44   2.33    13.61

SNOWFALL (IN)
  YESTERDAY        0.0           0.5  1982   0.0    0.0      0.0
  MONTH TO DATE    0.0                       0.0    0.0      0.0
  SINCE MAR 1      2.6                       1.0    1.6       T
  SINCE JUL 1     12.6                      11.7    0.9     12.3
  SNOW DEPTH       0

DEGREE DAYS
 HEATING
  YESTERDAY       15                        12      3        0
  MONTH TO DATE   73                        91    -18      113
  SINCE MAR 1    786                       683    103      894
  SINCE JUL 1   4748                      4257    491     4257

 COOLING
  YESTERDAY        0                         0      0        1
  MONTH TO DATE    0                         0      0        1
  SINCE MAR 1      0                         3     -3        1
  SINCE JAN 1      0                         3     -3        1
..................................................................


WIND (MPH)
  HIGHEST WIND SPEED    25   HIGHEST WIND DIRECTION    NE (40)
  HIGHEST GUST SPEED    31   HIGHEST GUST DIRECTION    NE (50)
  AVERAGE WIND SPEED     9.0


SKY COVER
  AVERAGE SKY COVER 1.0


WEATHER CONDITIONS
 THE FOLLOWING WEATHER WAS RECORDED YESTERDAY.
  THUNDERSTORM
  HEAVY RAIN
  RAIN
  LIGHT RAIN
  FOG


RELATIVE HUMIDITY (PERCENT)
 HIGHEST    93
 LOWEST     54
 AVERAGE    74

..........................................................


THE EVANSVILLE IN CLIMATE NORMALS FOR TODAY
                         NORMAL    RECORD    YEAR
 MAXIMUM TEMPERATURE (F)   65        84      2011
                                             1922
 MINIMUM TEMPERATURE (F)   42        24      1972


SUNRISE AND SUNSET
APRIL  8 2014.........SUNRISE   625 AM CDT   SUNSET   720 PM CDT
APRIL  9 2014.........SUNRISE   623 AM CDT   SUNSET   721 PM CDT


-  INDICATES NEGATIVE NUMBERS.
R  INDICATES RECORD WAS SET OR TIED.
MM INDICATES DATA IS MISSING.
T  INDICATES TRACE AMOUNT.




$$
