000
CDUS43 KPAH 142133
CLIEVV


CLIMATE REPORT
NATIONAL WEATHER SERVICE PADUCAH KY
430 PM CDT FRI APR 14 2017


...................................

...THE EVANSVILLE IN CLIMATE SUMMARY FOR APRIL 14 2017...
VALID TODAY AS OF 0400 PM LOCAL TIME.

CLIMATE NORMAL PERIOD 1981 TO 2010
CLIMATE RECORD PERIOD 1896 TO 2017


WEATHER ITEM   OBSERVED TIME   RECORD YEAR NORMAL DEPARTURE LAST
                VALUE   (LST)  VALUE       VALUE  FROM      YEAR
                                                  NORMAL
..................................................................
TEMPERATURE (F)
 TODAY
  MAXIMUM         85    153 PM  86    2010  67     18       74
  MINIMUM         55    537 AM  24    1950  44     11       44
  AVERAGE         70                        56     14       59

PRECIPITATION (IN)
  TODAY            0.00          1.32 1922   0.13  -0.13     0.00
  MONTH TO DATE    0.30                      1.88  -1.58     1.38
  SINCE MAR 1      4.15                      6.12  -1.97     7.25
  SINCE JAN 1      7.42                     12.39  -4.97    13.59

SNOWFALL (IN)
  TODAY            0.0                                       0.0
  MONTH TO DATE    0.0                                       0.0
  SINCE JUL 1      1.4                                      14.2
  SNOW DEPTH       0

..................................................................


WIND (MPH)
  HIGHEST WIND SPEED    13   HIGHEST WIND DIRECTION     S (170)
  HIGHEST GUST SPEED    17   HIGHEST GUST DIRECTION     S (160)




..........................................................


THE EVANSVILLE IN CLIMATE NORMALS FOR TOMORROW
                         NORMAL    RECORD    YEAR
 MAXIMUM TEMPERATURE (F)   68        86      1977
 MINIMUM TEMPERATURE (F)   44        30      1957
                                             1950
                                             1943


SUNRISE AND SUNSET
APRIL 14 2017.........SUNRISE   616 AM CDT   SUNSET   725 PM CDT
APRIL 15 2017.........SUNRISE   614 AM CDT   SUNSET   726 PM CDT


-  INDICATES NEGATIVE NUMBERS.
R  INDICATES RECORD WAS SET OR TIED.
MM INDICATES DATA IS MISSING.
T  INDICATES TRACE AMOUNT.




$$
