000
CDUS43 KPAH 240633
CLIEVV


CLIMATE REPORT
NATIONAL WEATHER SERVICE PADUCAH KY
1230 AM CST TUE FEB 24 2015


...................................

...THE EVANSVILLE IN CLIMATE SUMMARY FOR FEBRUARY 23 2015...

CLIMATE NORMAL PERIOD 1981 TO 2010
CLIMATE RECORD PERIOD 1896 TO 2015


WEATHER ITEM   OBSERVED TIME   RECORD YEAR NORMAL DEPARTURE LAST
                VALUE   (LST)  VALUE       VALUE  FROM      YEAR
                                                  NORMAL
..................................................................
TEMPERATURE (F)
 YESTERDAY
  MAXIMUM         20    452 PM  77    1985  49    -29       43
  MINIMUM         11    746 AM   6    1963  29    -18       27
  AVERAGE         16                        39    -23       35

PRECIPITATION (IN)
  YESTERDAY        0.00          1.68 1909   0.11  -0.11      T
  MONTH TO DATE    2.56                      2.61  -0.05     2.24
  SINCE DEC 1      8.96                      9.47  -0.51    11.26
  SINCE JAN 1      5.53                      5.71  -0.18     3.93

SNOWFALL (IN)
  YESTERDAY        0.0           3.0  2003   0.2   -0.2       T
  MONTH TO DATE    7.4                       3.3    4.1      2.0
  SINCE DEC 1      7.6                       9.9   -2.3      9.8
  SINCE JUL 1     10.0                      10.2   -0.2      9.8
  SNOW DEPTH       2

DEGREE DAYS
 HEATING
  YESTERDAY       49                        26     23       30
  MONTH TO DATE  864                       670    194      796
  SINCE DEC 1   2628                      2588     40     2858
  SINCE JUL 1   3631                      3449    182     3772

 COOLING
  YESTERDAY        0                         0      0        0
  MONTH TO DATE    0                         0      0        0
  SINCE DEC 1      0                         0      0        0
  SINCE JAN 1      0                         0      0        0
..................................................................


WIND (MPH)
  HIGHEST WIND SPEED    21   HIGHEST WIND DIRECTION     N (350)
  HIGHEST GUST SPEED    26   HIGHEST GUST DIRECTION     N (360)
  AVERAGE WIND SPEED     9.5


SKY COVER
  AVERAGE SKY COVER 0.3


WEATHER CONDITIONS
 THE FOLLOWING WEATHER WAS RECORDED YESTERDAY.
  NO SIGNIFICANT WEATHER WAS OBSERVED.


RELATIVE HUMIDITY (PERCENT)
 HIGHEST    66
 LOWEST     49
 AVERAGE    58

..........................................................


THE EVANSVILLE IN CLIMATE NORMALS FOR TODAY
                         NORMAL    RECORD    YEAR
 MAXIMUM TEMPERATURE (F)   49        72      2000
 MINIMUM TEMPERATURE (F)   30         2      1967


SUNRISE AND SUNSET
FEBRUARY 24 2015......SUNRISE   629 AM CST   SUNSET   538 PM CST
FEBRUARY 25 2015......SUNRISE   628 AM CST   SUNSET   539 PM CST


-  INDICATES NEGATIVE NUMBERS.
R  INDICATES RECORD WAS SET OR TIED.
MM INDICATES DATA IS MISSING.
T  INDICATES TRACE AMOUNT.




$$
