000
CDUS43 KPAH 260637
CLIEVV


CLIMATE REPORT
NATIONAL WEATHER SERVICE PADUCAH KY
134 AM CDT FRI JUN 26 2015


...................................

...THE EVANSVILLE IN CLIMATE SUMMARY FOR JUNE 25 2015...

CLIMATE NORMAL PERIOD 1981 TO 2010
CLIMATE RECORD PERIOD 1896 TO 2015


WEATHER ITEM   OBSERVED TIME   RECORD YEAR NORMAL DEPARTURE LAST
                VALUE   (LST)  VALUE       VALUE  FROM      YEAR
                                                  NORMAL
..................................................................
TEMPERATURE (F)
 YESTERDAY
  MAXIMUM         92    404 PM 101    1988  88      4       88
  MINIMUM         70   1243 AM  53    1979  66      4       69
  AVERAGE         81                        77      4       79

PRECIPITATION (IN)
  YESTERDAY        0.15          2.42 1958   0.11   0.04     0.00
  MONTH TO DATE    7.15                      3.23   3.92     3.47
  SINCE JUN 1      7.15                      3.23   3.92     3.47
  SINCE JAN 1     29.59                     23.47   6.12    24.96

SNOWFALL (IN)
  YESTERDAY        0.0                       0.0    0.0      0.0
  MONTH TO DATE    0.0                       0.0    0.0      0.0
  SINCE JUN 1      0.0                       0.0    0.0      0.0
  SINCE JUL 1     18.5                      11.8    6.7     12.6
  SNOW DEPTH       0

DEGREE DAYS
 HEATING
  YESTERDAY        0                         0      0        0
  MONTH TO DATE    7                         4      3        0
  SINCE JUN 1      7                         4      3        0
  SINCE JUL 1   4713                      4545    168     4980

 COOLING
  YESTERDAY       16                        12      4       14
  MONTH TO DATE  307                       236     71      288
  SINCE JUN 1    307                       236     71      288
  SINCE JAN 1    498                       371    127      499
..................................................................


WIND (MPH)
  HIGHEST WIND SPEED    24   HIGHEST WIND DIRECTION    NW (320)
  HIGHEST GUST SPEED    33   HIGHEST GUST DIRECTION    NW (320)
  AVERAGE WIND SPEED     5.2


SKY COVER
  AVERAGE SKY COVER 0.2


WEATHER CONDITIONS
 THE FOLLOWING WEATHER WAS RECORDED YESTERDAY.
  THUNDERSTORM
  HEAVY RAIN
  RAIN
  LIGHT RAIN
  FOG
  HAZE


RELATIVE HUMIDITY (PERCENT)
 HIGHEST    84
 LOWEST     52
 AVERAGE    68

..........................................................


THE EVANSVILLE IN CLIMATE NORMALS FOR TODAY
                         NORMAL    RECORD    YEAR
 MAXIMUM TEMPERATURE (F)   88       104      1954
 MINIMUM TEMPERATURE (F)   67        51      1979


SUNRISE AND SUNSET
JUNE 26 2015..........SUNRISE   529 AM CDT   SUNSET   817 PM CDT
JUNE 27 2015..........SUNRISE   529 AM CDT   SUNSET   817 PM CDT


-  INDICATES NEGATIVE NUMBERS.
R  INDICATES RECORD WAS SET OR TIED.
MM INDICATES DATA IS MISSING.
T  INDICATES TRACE AMOUNT.




$$
