000
CDUS43 KPAH 132133
CLIEVV


CLIMATE REPORT
NATIONAL WEATHER SERVICE PADUCAH KY
433 PM CDT FRI MAY 13 2016


...................................

...THE EVANSVILLE IN CLIMATE SUMMARY FOR MAY 13 2016...
VALID TODAY AS OF 0400 PM LOCAL TIME.

CLIMATE NORMAL PERIOD 1981 TO 2010
CLIMATE RECORD PERIOD 1896 TO 2016


WEATHER ITEM   OBSERVED TIME   RECORD YEAR NORMAL DEPARTURE LAST
                VALUE   (LST)  VALUE       VALUE  FROM      YEAR
                                                  NORMAL
..................................................................
TEMPERATURE (F)
 TODAY
  MAXIMUM         71    259 PM  92    1962  76     -5       71
  MINIMUM         50    438 AM  36    1960  54     -4       48
  AVERAGE         61                        65     -4       60

PRECIPITATION (IN)
  TODAY            0.00          2.26 1995   0.19  -0.19     0.00
  MONTH TO DATE    3.06                      2.28   0.78     1.43
  SINCE MAR 1     14.42                     10.89   3.53    14.90
  SINCE JAN 1     20.76                     17.16   3.60    20.43

SNOWFALL (IN)
  TODAY            0.0                                       0.0
  MONTH TO DATE    0.0                                       0.0
  SINCE JUL 1     14.2                                      18.5
  SNOW DEPTH       0

..................................................................


WIND (MPH)
  HIGHEST WIND SPEED    14   HIGHEST WIND DIRECTION    NW (330)
  HIGHEST GUST SPEED    18   HIGHEST GUST DIRECTION    NW (320)




..........................................................


THE EVANSVILLE IN CLIMATE NORMALS FOR TOMORROW
                         NORMAL    RECORD    YEAR
 MAXIMUM TEMPERATURE (F)   76        90      1982
                                             1962
 MINIMUM TEMPERATURE (F)   54        39      1996


SUNRISE AND SUNSET
MAY 13 2016...........SUNRISE   541 AM CDT   SUNSET   752 PM CDT
MAY 14 2016...........SUNRISE   540 AM CDT   SUNSET   753 PM CDT


-  INDICATES NEGATIVE NUMBERS.
R  INDICATES RECORD WAS SET OR TIED.
MM INDICATES DATA IS MISSING.
T  INDICATES TRACE AMOUNT.




$$
