000
CDUS43 KPAH 090637
CLIEVV


CLIMATE REPORT
NATIONAL WEATHER SERVICE PADUCAH KY
1234 AM CST THU FEB 9 2017


...................................

...THE EVANSVILLE IN CLIMATE SUMMARY FOR FEBRUARY 8 2017...

CLIMATE NORMAL PERIOD 1981 TO 2010
CLIMATE RECORD PERIOD 1896 TO 2017


WEATHER ITEM   OBSERVED TIME   RECORD YEAR NORMAL DEPARTURE LAST
                VALUE   (LST)  VALUE       VALUE  FROM      YEAR
                                                  NORMAL
..................................................................
TEMPERATURE (F)
 YESTERDAY
  MAXIMUM         48   1238 AM  72    1925  44      4       43
  MINIMUM         30   1159 PM  -5    1985  26      4       24
  AVERAGE         39                        35      4       34

PRECIPITATION (IN)
  YESTERDAY        0.02          1.63 1950   0.11  -0.09     0.15
  MONTH TO DATE    0.48                      0.94  -0.46     1.91
  SINCE DEC 1      6.67                      7.80  -1.13     9.11
  SINCE JAN 1      2.75                      4.04  -1.29     3.91

SNOWFALL (IN)
  YESTERDAY        T             2.8  1979   0.2   -0.2      0.3
  MONTH TO DATE    T                         1.2   -1.2      0.3
  SINCE DEC 1      0.4                       7.8   -7.4     11.2
  SINCE JUL 1      0.4                       8.1   -7.7     11.2
  SNOW DEPTH       0

DEGREE DAYS
 HEATING
  YESTERDAY       26                        30     -4       31
  MONTH TO DATE  202                       248    -46      176
  SINCE DEC 1   1865                      2166   -301     1657
  SINCE JUL 1   2395                      3027   -632     2266

 COOLING
  YESTERDAY        0                         0      0        0
  MONTH TO DATE    0                         0      0        0
  SINCE DEC 1      0                         0      0        3
  SINCE JAN 1      0                         0      0        0
..................................................................


WIND (MPH)
  HIGHEST WIND SPEED    20   HIGHEST WIND DIRECTION     N (350)
  HIGHEST GUST SPEED    27   HIGHEST GUST DIRECTION    NW (320)
  AVERAGE WIND SPEED    10.1


SKY COVER
  AVERAGE SKY COVER 0.9


WEATHER CONDITIONS
 THE FOLLOWING WEATHER WAS RECORDED YESTERDAY.
  LIGHT RAIN
  LIGHT SNOW
  FOG
  HAZE


RELATIVE HUMIDITY (PERCENT)
 HIGHEST    89
 LOWEST     70
 AVERAGE    80

..........................................................


THE EVANSVILLE IN CLIMATE NORMALS FOR TODAY
                         NORMAL    RECORD    YEAR
 MAXIMUM TEMPERATURE (F)   44        72      1965
 MINIMUM TEMPERATURE (F)   26       -15      1899


SUNRISE AND SUNSET
FEBRUARY  9 2017......SUNRISE   647 AM CST   SUNSET   523 PM CST
FEBRUARY 10 2017......SUNRISE   646 AM CST   SUNSET   524 PM CST


-  INDICATES NEGATIVE NUMBERS.
R  INDICATES RECORD WAS SET OR TIED.
MM INDICATES DATA IS MISSING.
T  INDICATES TRACE AMOUNT.




$$
