199
CDUS43 KPAH 090637
CLIEVV


CLIMATE REPORT
NATIONAL WEATHER SERVICE PADUCAH KY
1234 AM CST TUE JAN 9 2018


...................................

...THE EVANSVILLE IN CLIMATE SUMMARY FOR JANUARY 8 2018...

CLIMATE NORMAL PERIOD 1981 TO 2010
CLIMATE RECORD PERIOD 1896 TO 2018


WEATHER ITEM   OBSERVED TIME   RECORD YEAR NORMAL DEPARTURE LAST
                VALUE   (LST)  VALUE       VALUE  FROM      YEAR
                                                  NORMAL
..................................................................
TEMPERATURE (F)
 YESTERDAY
  MAXIMUM         41        MM  68    1965  41      0       25
  MINIMUM         MM        MM -15    1942  24     MM        7
  AVERAGE         MM                        32     MM       16

PRECIPITATION (IN)
  YESTERDAY        0.00          2.61 2008   0.10  -0.10     0.00
  MONTH TO DATE    T                         0.80  -0.80     0.25
  SINCE DEC 1      2.42                      4.56  -2.14     4.17
  SINCE JAN 1      T                         0.80  -0.80     0.25

SNOWFALL (IN)
  YESTERDAY        0.0           1.5  1997   0.1   -0.1      0.0
  MONTH TO DATE    T                         0.9   -0.9      0.4
  SINCE DEC 1      T                         4.1   -4.1      0.4
  SINCE JUL 1      T                         4.4   -4.4      0.4
  SNOW DEPTH       0

DEGREE DAYS
 HEATING
  YESTERDAY       MM                        33     MM       49
  MONTH TO DATE  355                       259     96      285
  SINCE DEC 1   1236                      1170     66     1185
  SINCE JUL 1   2016                      2031    -15     1715

 COOLING
  YESTERDAY       MM                         0     MM        0
  MONTH TO DATE    0                         0      0        0
  SINCE DEC 1      0                         0      0        0
  SINCE JAN 1      0                         0      0        0
..................................................................


WIND (MPH)
  HIGHEST WIND SPEED     6   HIGHEST WIND DIRECTION    NW (320)
  HIGHEST GUST SPEED    MM   HIGHEST GUST DIRECTION    MM
  AVERAGE WIND SPEED     2.7


SKY COVER
  AVERAGE SKY COVER 0.7


WEATHER CONDITIONS
 THE FOLLOWING WEATHER WAS RECORDED YESTERDAY.
  LIGHT RAIN
  FOG


RELATIVE HUMIDITY (PERCENT)
 HIGHEST   100
 LOWEST     92
 AVERAGE    96

..........................................................


THE EVANSVILLE IN CLIMATE NORMALS FOR TODAY
                         NORMAL    RECORD    YEAR
 MAXIMUM TEMPERATURE (F)   41        65      1963
 MINIMUM TEMPERATURE (F)   24        -4      1962


SUNRISE AND SUNSET
JANUARY  9 2018.......SUNRISE   706 AM CST   SUNSET   448 PM CST
JANUARY 10 2018.......SUNRISE   706 AM CST   SUNSET   449 PM CST


-  INDICATES NEGATIVE NUMBERS.
R  INDICATES RECORD WAS SET OR TIED.
MM INDICATES DATA IS MISSING.
T  INDICATES TRACE AMOUNT.




$$
