000
CDUS43 KPAH 200633
CLIEVV


CLIMATE REPORT
NATIONAL WEATHER SERVICE PADUCAH KY
1230 AM CST TUE JAN 20 2015


...................................

...THE EVANSVILLE IN CLIMATE SUMMARY FOR JANUARY 19 2015...

CLIMATE NORMAL PERIOD 1981 TO 2010
CLIMATE RECORD PERIOD 1896 TO 2015


WEATHER ITEM   OBSERVED TIME   RECORD YEAR NORMAL DEPARTURE LAST
                VALUE   (LST)  VALUE       VALUE  FROM      YEAR
                                                  NORMAL
..................................................................
TEMPERATURE (F)
 YESTERDAY
  MAXIMUM         57    308 PM  69    1951  41     16       42
  MINIMUM         27    625 AM -17    1994  24      3       26
  AVERAGE         42                        32     10       34

PRECIPITATION (IN)
  YESTERDAY        0.00          2.18 1990   0.10  -0.10      T
  MONTH TO DATE    2.56                      1.86   0.70     1.62
  SINCE DEC 1      5.99                      5.62   0.37     8.95
  SINCE JAN 1      2.56                      1.86   0.70     1.62

SNOWFALL (IN)
  YESTERDAY        0.0           2.6  2002   0.1   -0.1      0.0
  MONTH TO DATE    0.1                       2.0   -1.9      0.6
  SINCE DEC 1      0.1                       5.2   -5.1      7.8
  SINCE JUL 1      2.5                       5.5   -3.0      7.8
  SNOW DEPTH       0

DEGREE DAYS
 HEATING
  YESTERDAY       23                        33    -10       31
  MONTH TO DATE  645                       622     23      659
  SINCE DEC 1   1426                      1533   -107     1579
  SINCE JUL 1   2429                      2394     35     2493

 COOLING
  YESTERDAY        0                         0      0        0
  MONTH TO DATE    0                         0      0        0
  SINCE DEC 1      0                         0      0        0
  SINCE JAN 1      0                         0      0        0
..................................................................


WIND (MPH)
  HIGHEST WIND SPEED     7   HIGHEST WIND DIRECTION    SE (120)
  HIGHEST GUST SPEED     9   HIGHEST GUST DIRECTION    SE (130)
  AVERAGE WIND SPEED     1.8


SKY COVER
  AVERAGE SKY COVER 0.0


WEATHER CONDITIONS
 THE FOLLOWING WEATHER WAS RECORDED YESTERDAY.
  NO SIGNIFICANT WEATHER WAS OBSERVED.


RELATIVE HUMIDITY (PERCENT)
 HIGHEST    85
 LOWEST     38
 AVERAGE    62

..........................................................


THE EVANSVILLE IN CLIMATE NORMALS FOR TODAY
                         NORMAL    RECORD    YEAR
 MAXIMUM TEMPERATURE (F)   41        71      1906
 MINIMUM TEMPERATURE (F)   24       -16      1985


SUNRISE AND SUNSET
JANUARY 20 2015.......SUNRISE   703 AM CST   SUNSET   500 PM CST
JANUARY 21 2015.......SUNRISE   703 AM CST   SUNSET   501 PM CST


-  INDICATES NEGATIVE NUMBERS.
R  INDICATES RECORD WAS SET OR TIED.
MM INDICATES DATA IS MISSING.
T  INDICATES TRACE AMOUNT.




$$
