000
CDUS43 KPAH 130640
CLIEVV


CLIMATE REPORT
NATIONAL WEATHER SERVICE PADUCAH KY
137 AM CDT WED AUG 13 2014


...................................

...THE EVANSVILLE IN CLIMATE SUMMARY FOR AUGUST 12 2014...

CLIMATE NORMAL PERIOD 1981 TO 2010
CLIMATE RECORD PERIOD 1896 TO 2014


WEATHER ITEM   OBSERVED TIME   RECORD YEAR NORMAL DEPARTURE LAST
                VALUE   (LST)  VALUE       VALUE  FROM      YEAR
                                                  NORMAL
..................................................................
TEMPERATURE (F)
 YESTERDAY
  MAXIMUM         80    322 PM 101    2010  88     -8       87
  MINIMUM         63   1159 PM  50    1967  66     -3       68
                                      1964
  AVERAGE         72                        77     -5       78

PRECIPITATION (IN)
  YESTERDAY        0.00          2.30 1973   0.09  -0.09     0.59
  MONTH TO DATE    1.59                      1.13   0.46     0.62
  SINCE JUN 1      9.48                      8.83   0.65    11.76
  SINCE JAN 1     30.97                     29.07   1.90    34.31

SNOWFALL (IN)
  YESTERDAY        0.0                       0.0    0.0      0.0
  MONTH TO DATE    0.0                       0.0    0.0      0.0
  SINCE JUN 1      0.0                       0.0    0.0      0.0
  SINCE JUL 1      0.0                       0.0    0.0      0.0
  SNOW DEPTH       0

DEGREE DAYS
 HEATING
  YESTERDAY        0                         0      0        0
  MONTH TO DATE    0                         0      0        0
  SINCE JUN 1      0                         6     -6        1
  SINCE JUL 1      0                         0      0        0

 COOLING
  YESTERDAY        7                        12     -5       13
  MONTH TO DATE  143                       147     -4      147
  SINCE JUN 1    800                       848    -48      794
  SINCE JAN 1   1011                       983     28      965
..................................................................


WIND (MPH)
  HIGHEST WIND SPEED    18   HIGHEST WIND DIRECTION     N (340)
  HIGHEST GUST SPEED    24   HIGHEST GUST DIRECTION    NW (330)
  AVERAGE WIND SPEED     8.4


SKY COVER
  AVERAGE SKY COVER 0.3


WEATHER CONDITIONS
 THE FOLLOWING WEATHER WAS RECORDED YESTERDAY.
  HAZE


RELATIVE HUMIDITY (PERCENT)
 HIGHEST    84
 LOWEST     43
 AVERAGE    64

..........................................................


THE EVANSVILLE IN CLIMATE NORMALS FOR TODAY
                         NORMAL    RECORD    YEAR
 MAXIMUM TEMPERATURE (F)   88        99      2010
 MINIMUM TEMPERATURE (F)   66        46      1964


SUNRISE AND SUNSET
AUGUST 13 2014........SUNRISE   603 AM CDT   SUNSET   746 PM CDT
AUGUST 14 2014........SUNRISE   604 AM CDT   SUNSET   745 PM CDT


-  INDICATES NEGATIVE NUMBERS.
R  INDICATES RECORD WAS SET OR TIED.
MM INDICATES DATA IS MISSING.
T  INDICATES TRACE AMOUNT.




$$
