000
CDUS43 KPAH 202128
CLIEVV


CLIMATE REPORT
NATIONAL WEATHER SERVICE PADUCAH KY
427 PM CDT TUE JUN 20 2017


...................................

...THE EVANSVILLE IN CLIMATE SUMMARY FOR JUNE 20 2017...
VALID TODAY AS OF 0400 PM LOCAL TIME.

CLIMATE NORMAL PERIOD 1981 TO 2010
CLIMATE RECORD PERIOD 1896 TO 2017


WEATHER ITEM   OBSERVED TIME   RECORD YEAR NORMAL DEPARTURE LAST
                VALUE   (LST)  VALUE       VALUE  FROM      YEAR
                                                  NORMAL
..................................................................
TEMPERATURE (F)
 TODAY
  MAXIMUM         90    225 PM 101    1953  87      3       93
  MINIMUM         64    515 AM  48    1980  65     -1       73
  AVERAGE         77                        76      1       83

PRECIPITATION (IN)
  TODAY            0.00          1.58 1950   0.12  -0.12     0.00
  MONTH TO DATE    1.60                      2.66  -1.06     1.39
  SINCE JUN 1      1.60                      2.66  -1.06     1.39
  SINCE JAN 1     22.60                     22.90  -0.30    23.14

SNOWFALL (IN)
  TODAY            0.0                                       0.0
  MONTH TO DATE    0.0                                       0.0
  SINCE JUL 1      1.4                                      14.2
  SNOW DEPTH       0

..................................................................


WIND (MPH)
  HIGHEST WIND SPEED    13   HIGHEST WIND DIRECTION    NW (300)
  HIGHEST GUST SPEED    18   HIGHEST GUST DIRECTION    NW (300)




..........................................................


THE EVANSVILLE IN CLIMATE NORMALS FOR TOMORROW
                         NORMAL    RECORD    YEAR
 MAXIMUM TEMPERATURE (F)   87        99      1988
                                             1933
 MINIMUM TEMPERATURE (F)   66        46      1992


SUNRISE AND SUNSET
JUNE 20 2017..........SUNRISE   527 AM CDT   SUNSET   816 PM CDT
JUNE 21 2017..........SUNRISE   528 AM CDT   SUNSET   816 PM CDT


-  INDICATES NEGATIVE NUMBERS.
R  INDICATES RECORD WAS SET OR TIED.
MM INDICATES DATA IS MISSING.
T  INDICATES TRACE AMOUNT.




$$
