000
CDUS43 KPAH 040655
CLIEVV


CLIMATE REPORT
NATIONAL WEATHER SERVICE PADUCAH KY
155 AM CDT FRI JUL 4 2014


...................................

...THE EVANSVILLE IN CLIMATE SUMMARY FOR JULY 3 2014...

CLIMATE NORMAL PERIOD 1981 TO 2010
CLIMATE RECORD PERIOD 1896 TO 2014


WEATHER ITEM   OBSERVED TIME   RECORD YEAR NORMAL DEPARTURE LAST
                VALUE   (LST)  VALUE       VALUE  FROM      YEAR
                                                  NORMAL
..................................................................
TEMPERATURE (F)
 YESTERDAY
  MAXIMUM         75    459 PM 101    1911  89    -14       81
  MINIMUM         60    501 AM  50    1930  68     -8       63
  AVERAGE         68                        78    -10       72

PRECIPITATION (IN)
  YESTERDAY        0.00          1.86 1981   0.12  -0.12     0.00
  MONTH TO DATE    2.22                      0.38   1.84     0.26
  SINCE JUN 1      6.09                      4.16   1.93     7.81
  SINCE JAN 1     27.58                     24.40   3.18    30.36

SNOWFALL (IN)
  YESTERDAY        0.0          MM      MM   0.0    0.0      0.0
  MONTH TO DATE    0.0                       0.0    0.0      0.0
  SINCE JUN 1      0.0                       0.0    0.0      0.0
  SINCE JUL 1      0.0                       0.0    0.0      0.0
  SNOW DEPTH       0

DEGREE DAYS
 HEATING
  YESTERDAY        0                         0      0        0
  MONTH TO DATE    0                         0      0        0
  SINCE JUN 1      0                         6     -6        1
  SINCE JUL 1      0                         0      0        0

 COOLING
  YESTERDAY        3                        13    -10        7
  MONTH TO DATE   28                        39    -11       18
  SINCE JUN 1    390                       337     53      314
  SINCE JAN 1    601                       472    129      485
..................................................................


WIND (MPH)
  HIGHEST WIND SPEED    14   HIGHEST WIND DIRECTION     N (340)
  HIGHEST GUST SPEED    17   HIGHEST GUST DIRECTION     N (350)
  AVERAGE WIND SPEED     5.0


SKY COVER
  AVERAGE SKY COVER 0.4


WEATHER CONDITIONS
 THE FOLLOWING WEATHER WAS RECORDED YESTERDAY.
  FOG
  HAZE


RELATIVE HUMIDITY (PERCENT)
 HIGHEST    87
 LOWEST     61
 AVERAGE    74

..........................................................


THE EVANSVILLE IN CLIMATE NORMALS FOR TODAY
                         NORMAL    RECORD    YEAR
 MAXIMUM TEMPERATURE (F)   89       103      2012
 MINIMUM TEMPERATURE (F)   68        50      1968


SUNRISE AND SUNSET
JULY  4 2014..........SUNRISE   533 AM CDT   SUNSET   816 PM CDT
JULY  5 2014..........SUNRISE   533 AM CDT   SUNSET   816 PM CDT


-  INDICATES NEGATIVE NUMBERS.
R  INDICATES RECORD WAS SET OR TIED.
MM INDICATES DATA IS MISSING.
T  INDICATES TRACE AMOUNT.




$$
