000
CDUS43 KPAH 120637
CLIEVV


CLIMATE REPORT
NATIONAL WEATHER SERVICE PADUCAH KY
1232 AM CST SUN FEB 12 2017


...................................

...THE EVANSVILLE IN CLIMATE SUMMARY FOR FEBRUARY 11 2017...

CLIMATE NORMAL PERIOD 1981 TO 2010
CLIMATE RECORD PERIOD 1896 TO 2017


WEATHER ITEM   OBSERVED TIME   RECORD YEAR NORMAL DEPARTURE LAST
                VALUE   (LST)  VALUE       VALUE  FROM      YEAR
                                                  NORMAL
..................................................................
TEMPERATURE (F)
 YESTERDAY
  MAXIMUM         69   1101 AM  75    1999  45     24       34
  MINIMUM         48    558 AM   1    1955  26     22       24
                                      1899
  AVERAGE         59                        35     24       29

PRECIPITATION (IN)
  YESTERDAY        0.00          1.02 2009   0.12  -0.12     0.00
  MONTH TO DATE    0.48                      1.29  -0.81     1.92
  SINCE DEC 1      6.67                      8.15  -1.48     9.12
  SINCE JAN 1      2.75                      4.39  -1.64     3.92

SNOWFALL (IN)
  YESTERDAY        0.0           6.2  1985   0.1   -0.1      0.0
  MONTH TO DATE    T                         1.6   -1.6      0.9
  SINCE DEC 1      0.4                       8.2   -7.8     11.8
  SINCE JUL 1      0.4                       8.5   -8.1     11.8
  SNOW DEPTH       0

DEGREE DAYS
 HEATING
  YESTERDAY        6                        30    -24       36
  MONTH TO DATE  269                       338    -69      299
  SINCE DEC 1   1932                      2256   -324     1780
  SINCE JUL 1   2462                      3117   -655     2389

 COOLING
  YESTERDAY        0                         0      0        0
  MONTH TO DATE    0                         0      0        0
  SINCE DEC 1      0                         0      0        3
  SINCE JAN 1      0                         0      0        0
..................................................................


WIND (MPH)
  HIGHEST WIND SPEED    21   HIGHEST WIND DIRECTION     S (200)
  HIGHEST GUST SPEED    26   HIGHEST GUST DIRECTION    SW (210)
  AVERAGE WIND SPEED     9.1


SKY COVER
  AVERAGE SKY COVER 0.5


WEATHER CONDITIONS
 THE FOLLOWING WEATHER WAS RECORDED YESTERDAY.
  NO SIGNIFICANT WEATHER WAS OBSERVED.


RELATIVE HUMIDITY (PERCENT)
 HIGHEST    83
 LOWEST     43
 AVERAGE    63

..........................................................


THE EVANSVILLE IN CLIMATE NORMALS FOR TODAY
                         NORMAL    RECORD    YEAR
 MAXIMUM TEMPERATURE (F)   45        72      1938
 MINIMUM TEMPERATURE (F)   26       -11      1899


SUNRISE AND SUNSET
FEBRUARY 12 2017......SUNRISE   643 AM CST   SUNSET   526 PM CST
FEBRUARY 13 2017......SUNRISE   642 AM CST   SUNSET   527 PM CST


-  INDICATES NEGATIVE NUMBERS.
R  INDICATES RECORD WAS SET OR TIED.
MM INDICATES DATA IS MISSING.
T  INDICATES TRACE AMOUNT.




$$
