000
CDUS43 KPAH 172133
CLIEVV


CLIMATE REPORT
NATIONAL WEATHER SERVICE PADUCAH KY
433 PM CDT SAT JUN 17 2017


...................................

...THE EVANSVILLE IN CLIMATE SUMMARY FOR JUNE 17 2017...
VALID TODAY AS OF 0400 PM LOCAL TIME.

CLIMATE NORMAL PERIOD 1981 TO 2010
CLIMATE RECORD PERIOD 1896 TO 2017


WEATHER ITEM   OBSERVED TIME   RECORD YEAR NORMAL DEPARTURE LAST
                VALUE   (LST)  VALUE       VALUE  FROM      YEAR
                                                  NORMAL
..................................................................
TEMPERATURE (F)
 TODAY
  MAXIMUM         90    222 PM 100    1936  86      4       87
                                      1918
                                      1913
  MINIMUM         69    437 AM  50    1961  65      4       66
  AVERAGE         80                        75      5       77

PRECIPITATION (IN)
  TODAY            0.00          1.96 1945   0.11  -0.11     0.00
  MONTH TO DATE    1.24                      2.30  -1.06     1.39
  SINCE JUN 1      1.24                      2.30  -1.06     1.39
  SINCE JAN 1     22.24                     22.54  -0.30    23.14

SNOWFALL (IN)
  TODAY            0.0                                       0.0
  MONTH TO DATE    0.0                                       0.0
  SINCE JUL 1      1.4                                      14.2
  SNOW DEPTH       0

..................................................................


WIND (MPH)
  HIGHEST WIND SPEED    20   HIGHEST WIND DIRECTION    SW (220)
  HIGHEST GUST SPEED    25   HIGHEST GUST DIRECTION    SW (210)




..........................................................


THE EVANSVILLE IN CLIMATE NORMALS FOR TOMORROW
                         NORMAL    RECORD    YEAR
 MAXIMUM TEMPERATURE (F)   87        99      1913
 MINIMUM TEMPERATURE (F)   65        48      1960


SUNRISE AND SUNSET
JUNE 17 2017..........SUNRISE   527 AM CDT   SUNSET   815 PM CDT
JUNE 18 2017..........SUNRISE   527 AM CDT   SUNSET   816 PM CDT


-  INDICATES NEGATIVE NUMBERS.
R  INDICATES RECORD WAS SET OR TIED.
MM INDICATES DATA IS MISSING.
T  INDICATES TRACE AMOUNT.




$$
