000
CDUS43 KPAH 190638
CLIEVV


CLIMATE REPORT
NATIONAL WEATHER SERVICE PADUCAH KY
135 AM CDT TUE AUG 19 2014


...................................

...THE EVANSVILLE IN CLIMATE SUMMARY FOR AUGUST 18 2014...

CLIMATE NORMAL PERIOD 1981 TO 2010
CLIMATE RECORD PERIOD 1896 TO 2014


WEATHER ITEM   OBSERVED TIME   RECORD YEAR NORMAL DEPARTURE LAST
                VALUE   (LST)  VALUE       VALUE  FROM      YEAR
                                                  NORMAL
..................................................................
TEMPERATURE (F)
 YESTERDAY
  MAXIMUM         82    354 PM 102    1936  88     -6       85
  MINIMUM         70    611 AM  51    1976  66      4       63
  AVERAGE         76                        77     -1       74

PRECIPITATION (IN)
  YESTERDAY        T             1.88 1984   0.10  -0.10      T
  MONTH TO DATE    3.92                      1.74   2.18     0.84
  SINCE JUN 1     11.81                      9.44   2.37    11.98
  SINCE JAN 1     33.30                     29.68   3.62    34.53

SNOWFALL (IN)
  YESTERDAY        0.0                       0.0    0.0      0.0
  MONTH TO DATE    0.0                       0.0    0.0      0.0
  SINCE JUN 1      0.0                       0.0    0.0      0.0
  SINCE JUL 1      0.0                       0.0    0.0      0.0
  SNOW DEPTH       0

DEGREE DAYS
 HEATING
  YESTERDAY        0                         0      0        0
  MONTH TO DATE    0                         0      0        0
  SINCE JUN 1      0                         6     -6        1
  SINCE JUL 1      0                         0      0        0

 COOLING
  YESTERDAY       11                        12     -1        9
  MONTH TO DATE  196                       219    -23      175
  SINCE JUN 1    853                       920    -67      822
  SINCE JAN 1   1064                      1055      9      993
..................................................................


WIND (MPH)
  HIGHEST WIND SPEED     8   HIGHEST WIND DIRECTION     W (250)
  HIGHEST GUST SPEED    13   HIGHEST GUST DIRECTION     W (290)
  AVERAGE WIND SPEED     2.9


SKY COVER
  AVERAGE SKY COVER 0.8


WEATHER CONDITIONS
 THE FOLLOWING WEATHER WAS RECORDED YESTERDAY.
  LIGHT RAIN
  FOG


RELATIVE HUMIDITY (PERCENT)
 HIGHEST    93
 LOWEST     65
 AVERAGE    79

..........................................................


THE EVANSVILLE IN CLIMATE NORMALS FOR TODAY
                         NORMAL    RECORD    YEAR
 MAXIMUM TEMPERATURE (F)   88       104      1936
 MINIMUM TEMPERATURE (F)   65        50      1943


SUNRISE AND SUNSET
AUGUST 19 2014........SUNRISE   609 AM CDT   SUNSET   738 PM CDT
AUGUST 20 2014........SUNRISE   610 AM CDT   SUNSET   737 PM CDT


-  INDICATES NEGATIVE NUMBERS.
R  INDICATES RECORD WAS SET OR TIED.
MM INDICATES DATA IS MISSING.
T  INDICATES TRACE AMOUNT.




$$
