000
CDUS43 KPAH 020646
CLIEVV

CLIMATE REPORT
NATIONAL WEATHER SERVICE PADUCAH KY
1227 AM CST TUE JAN 2 2018


...................................

...THE EVANSVILLE IN CLIMATE SUMMARY FOR JANUARY 1 2018...

CLIMATE NORMAL PERIOD 1981 TO 2010
CLIMATE RECORD PERIOD 1896 TO 2018


WEATHER ITEM   OBSERVED TIME   RECORD YEAR NORMAL DEPARTURE LAST
                VALUE   (LST)  VALUE       VALUE  FROM      YEAR
                                                  NORMAL
..................................................................
TEMPERATURE (F)
 YESTERDAY
  MAXIMUM         14        MM  67    1965  41    -27       50
                                      1952
  MINIMUM          1        MM  -5    1968  25    -24       40
  AVERAGE          8                        33    -25       45

PRECIPITATION (IN)
  YESTERDAY        0.00          1.97 1966   0.10  -0.10     0.01
  MONTH TO DATE    0.00                      0.10  -0.10     0.01
  SINCE DEC 1      2.42                      3.86  -1.44     3.93
  SINCE JAN 1      0.00                      0.10  -0.10     0.01

SNOWFALL (IN)
  YESTERDAY        0.0           0.3  1987   0.1   -0.1      0.0
  MONTH TO DATE    0.0                       0.1   -0.1      0.0
  SINCE DEC 1      T                         3.3   -3.3       T
  SINCE JUL 1      T                         3.6   -3.6       T
  SNOW DEPTH       0

DEGREE DAYS
 HEATING
  YESTERDAY       57                        32     25       20
  MONTH TO DATE   57                        32     25       20
  SINCE DEC 1    935                       943     -8      920
  SINCE JUL 1   1715                      1804    -89     1450

 COOLING
  YESTERDAY        0                         0      0        0
  MONTH TO DATE    0                         0      0        0
  SINCE DEC 1      0                         0      0        0
  SINCE JAN 1      0                         0      0        0
..................................................................


WIND (MPH)
  HIGHEST WIND SPEED    MM   HIGHEST WIND DIRECTION    MM
  HIGHEST GUST SPEED    MM   HIGHEST GUST DIRECTION    MM
  AVERAGE WIND SPEED    MM


SKY COVER
  AVERAGE SKY COVER 0.0


WEATHER CONDITIONS
 THE FOLLOWING WEATHER WAS RECORDED YESTERDAY.
  NO SIGNIFICANT WEATHER WAS OBSERVED.


RELATIVE HUMIDITY (PERCENT)
 HIGHEST    MM
 LOWEST     MM
 AVERAGE    MM

..........................................................


THE EVANSVILLE IN CLIMATE NORMALS FOR TODAY
                         NORMAL    RECORD    YEAR
 MAXIMUM TEMPERATURE (F)   41        69      2006
                                             2000
 MINIMUM TEMPERATURE (F)   25         0      1928


SUNRISE AND SUNSET
JANUARY  2 2018.......SUNRISE   706 AM CST   SUNSET   442 PM CST
JANUARY  3 2018.......SUNRISE   707 AM CST   SUNSET   443 PM CST


-  INDICATES NEGATIVE NUMBERS.
R  INDICATES RECORD WAS SET OR TIED.
MM INDICATES DATA IS MISSING.
T  INDICATES TRACE AMOUNT.




$$
