000
CDUS43 KPAH 210630
CLIEVV


CLIMATE REPORT
NATIONAL WEATHER SERVICE PADUCAH KY
127 AM CDT TUE JUL 21 2015

...................................

...THE EVANSVILLE IN CLIMATE SUMMARY FOR JULY 20 2015...

CLIMATE NORMAL PERIOD 1981 TO 2010
CLIMATE RECORD PERIOD 1896 TO 2015

WEATHER ITEM   OBSERVED TIME   RECORD YEAR NORMAL DEPARTURE LAST
                VALUE   (LST)  VALUE       VALUE  FROM      YEAR
                                                  NORMAL
..................................................................
TEMPERATURE (F)
 YESTERDAY
  MAXIMUM         85    503 PM 103    1930  89     -4       85
  MINIMUM         73    507 AM  53    1947  68      5       63
  AVERAGE         79                        78      1       74

PRECIPITATION (IN)
  YESTERDAY        0.48          2.61 1916   0.12   0.36     0.00
  MONTH TO DATE    4.09                      2.62   1.47     3.66
  SINCE JUN 1     11.48                      6.40   5.08     7.53
  SINCE JAN 1     33.92                     26.64   7.28    29.02

SNOWFALL (IN)
  YESTERDAY        0.0          MM      MM   0.0    0.0      0.0
  MONTH TO DATE    0.0                       0.0    0.0      0.0
  SINCE JUN 1      0.0                       0.0    0.0      0.0
  SINCE JUL 1      0.0                       0.0    0.0      0.0
  SNOW DEPTH       0

DEGREE DAYS
 HEATING
  YESTERDAY        0                         0      0        0
  MONTH TO DATE    0                         0      0        0
  SINCE JUN 1      7                         6      1        0
  SINCE JUL 1      0                         0      0        0

 COOLING
  YESTERDAY       14                        13      1        9
  MONTH TO DATE  278                       260     18      192
  SINCE JUN 1    630                       558     72      554
  SINCE JAN 1    821                       693    128      765
..................................................................

WIND (MPH)
  HIGHEST WIND SPEED    17   HIGHEST WIND DIRECTION     N (350)
  HIGHEST GUST SPEED    22   HIGHEST GUST DIRECTION     N (350)
  AVERAGE WIND SPEED     4.0

SKY COVER
  AVERAGE SKY COVER 0.6

WEATHER CONDITIONS
 THE FOLLOWING WEATHER WAS RECORDED YESTERDAY.
  THUNDERSTORM
  HEAVY RAIN
  RAIN
  LIGHT RAIN
  FOG

RELATIVE HUMIDITY (PERCENT)
 HIGHEST    94
 LOWEST     74
 AVERAGE    84
..........................................................

THE EVANSVILLE IN CLIMATE NORMALS FOR TODAY
                         NORMAL    RECORD    YEAR
 MAXIMUM TEMPERATURE (F)   88       103      1930
                                             1901
 MINIMUM TEMPERATURE (F)   68        52      1944

SUNRISE AND SUNSET
JULY 21 2015..........SUNRISE   544 AM CDT   SUNSET   809 PM CDT
JULY 22 2015..........SUNRISE   545 AM CDT   SUNSET   808 PM CDT

-  INDICATES NEGATIVE NUMBERS.
R  INDICATES RECORD WAS SET OR TIED.
MM INDICATES DATA IS MISSING.
T  INDICATES TRACE AMOUNT.

$$
