111
CDUS43 KPAH 140339
CLIEVV


CLIMATE REPORT
NATIONAL WEATHER SERVICE PADUCAH KY
1038 PM CDT FRI OCT 13 2017


...................................

...THE EVANSVILLE IN CLIMATE SUMMARY FOR OCTOBER 13 2017...
VALID TODAY AS OF 0500 PM LOCAL TIME.

CLIMATE NORMAL PERIOD 1981 TO 2010
CLIMATE RECORD PERIOD 1896 TO 2017


WEATHER ITEM   OBSERVED TIME   RECORD YEAR NORMAL DEPARTURE LAST
                VALUE   (LST)  VALUE       VALUE  FROM      YEAR
                                                  NORMAL
..................................................................
TEMPERATURE (F)
 TODAY
  MAXIMUM         76    255 PM  91    1989  71      5       63
  MINIMUM         52    630 AM  25    1988  46      6       45
  AVERAGE         64                        58      6       54

PRECIPITATION (IN)
  TODAY            0.00          1.77 2014   0.09  -0.09     0.00
  MONTH TO DATE    1.43                      1.31   0.12     0.34
  SINCE SEP 1      4.67                      4.36   0.31     4.35
  SINCE JAN 1     37.08                     35.28   1.80    42.81

SNOWFALL (IN)
  TODAY            0.0                                       0.0
  MONTH TO DATE    0.0                                       0.0
  SINCE JUL 1      0.0                                       0.0
  SNOW DEPTH       0

..................................................................


WIND (MPH)
  HIGHEST WIND SPEED     9   HIGHEST WIND DIRECTION    SE (130)
  HIGHEST GUST SPEED    13   HIGHEST GUST DIRECTION     S (170)




..........................................................


THE EVANSVILLE IN CLIMATE NORMALS FOR TOMORROW
                         NORMAL    RECORD    YEAR
 MAXIMUM TEMPERATURE (F)   71        90      1899
 MINIMUM TEMPERATURE (F)   46        29      1979


SUNRISE AND SUNSET
OCTOBER 13 2017.......SUNRISE   657 AM CDT   SUNSET   615 PM CDT
OCTOBER 14 2017.......SUNRISE   658 AM CDT   SUNSET   613 PM CDT


-  INDICATES NEGATIVE NUMBERS.
R  INDICATES RECORD WAS SET OR TIED.
MM INDICATES DATA IS MISSING.
T  INDICATES TRACE AMOUNT.




$$
