000
CDUS43 KPAH 110636
CLIEVV


CLIMATE REPORT
NATIONAL WEATHER SERVICE PADUCAH KY
1235 AM CST WED JAN 11 2017


...................................

...THE EVANSVILLE IN CLIMATE SUMMARY FOR JANUARY 10 2017...

CLIMATE NORMAL PERIOD 1981 TO 2010
CLIMATE RECORD PERIOD 1896 TO 2017


WEATHER ITEM   OBSERVED TIME   RECORD YEAR NORMAL DEPARTURE LAST
                VALUE   (LST)  VALUE       VALUE  FROM      YEAR
                                                  NORMAL
..................................................................
TEMPERATURE (F)
 YESTERDAY
  MAXIMUM         57    741 PM  62    2013  41     16       32
                                      1975
                                      1950
  MINIMUM         42   1246 AM -11    1962  24     18       11
  AVERAGE         50                        32     18       22

PRECIPITATION (IN)
  YESTERDAY        0.13          1.32 1913   0.10   0.03    MM
  MONTH TO DATE    0.38                      0.99  -0.61     1.37
  SINCE DEC 1      4.30                      4.75  -0.45     6.57
  SINCE JAN 1      0.38                      0.99  -0.61     1.37

SNOWFALL (IN)
  YESTERDAY        0.0           4.7  1955   0.1   -0.1      1.8
  MONTH TO DATE    0.4                       1.1   -0.7      2.5
  SINCE DEC 1      0.4                       4.3   -3.9      2.5
  SINCE JUL 1      0.4                       4.6   -4.2      2.5
  SNOW DEPTH       0

DEGREE DAYS
 HEATING
  YESTERDAY       15                        33    -18       43
  MONTH TO DATE  332                       325      7      287
  SINCE DEC 1   1232                      1236     -4      816
  SINCE JUL 1   1762                      2097   -335     1425

 COOLING
  YESTERDAY        0                         0      0        0
  MONTH TO DATE    0                         0      0        0
  SINCE DEC 1      0                         0      0        3
  SINCE JAN 1      0                         0      0        0
..................................................................


WIND (MPH)
  HIGHEST WIND SPEED    33   HIGHEST WIND DIRECTION     S (200)
  HIGHEST GUST SPEED    49   HIGHEST GUST DIRECTION     S (190)
  AVERAGE WIND SPEED    17.5


SKY COVER
  AVERAGE SKY COVER 0.8


WEATHER CONDITIONS
 THE FOLLOWING WEATHER WAS RECORDED YESTERDAY.
  RAIN
  LIGHT RAIN
  FOG


RELATIVE HUMIDITY (PERCENT)
 HIGHEST    93
 LOWEST     43
 AVERAGE    68

..........................................................


THE EVANSVILLE IN CLIMATE NORMALS FOR TODAY
                         NORMAL    RECORD    YEAR
 MAXIMUM TEMPERATURE (F)   41        65      1911
 MINIMUM TEMPERATURE (F)   24       -16      1977


SUNRISE AND SUNSET
JANUARY 11 2017.......SUNRISE   706 AM CST   SUNSET   451 PM CST
JANUARY 12 2017.......SUNRISE   706 AM CST   SUNSET   452 PM CST


-  INDICATES NEGATIVE NUMBERS.
R  INDICATES RECORD WAS SET OR TIED.
MM INDICATES DATA IS MISSING.
T  INDICATES TRACE AMOUNT.




$$
