000
CDUS43 KPAH 150630
CLIEVV


CLIMATE REPORT
NATIONAL WEATHER SERVICE PADUCAH KY
128 AM CDT FRI MAY 15 2015


...................................

...THE EVANSVILLE IN CLIMATE SUMMARY FOR MAY 14 2015...

CLIMATE NORMAL PERIOD 1981 TO 2010
CLIMATE RECORD PERIOD 1896 TO 2015


WEATHER ITEM   OBSERVED TIME   RECORD YEAR NORMAL DEPARTURE LAST
                VALUE   (LST)  VALUE       VALUE  FROM      YEAR
                                                  NORMAL
..................................................................
TEMPERATURE (F)
 YESTERDAY
  MAXIMUM         75    545 PM  90    1982  76     -1       60
                                      1962
  MINIMUM         53    409 AM  39    1996  54     -1       49
  AVERAGE         64                        65     -1       55

PRECIPITATION (IN)
  YESTERDAY        0.00          1.60 1961   0.18  -0.18     1.50
  MONTH TO DATE    1.43                      2.46  -1.03     3.35
  SINCE MAR 1     14.90                     11.07   3.83    17.17
  SINCE JAN 1     20.43                     17.34   3.09    21.12

SNOWFALL (IN)
  YESTERDAY        0.0           0.0  2002   0.0    0.0      0.0
                                      2001
  MONTH TO DATE    0.0                       0.0    0.0      0.0
  SINCE MAR 1      8.5                       1.1    7.4      2.6
  SINCE JUL 1     18.5                      11.8    6.7     12.6
  SNOW DEPTH       0

DEGREE DAYS
 HEATING
  YESTERDAY        1                         3     -2       10
  MONTH TO DATE   22                        55    -33       42
  SINCE MAR 1    837                       936    -99      968
  SINCE JUL 1   4673                      4510    163     4930

 COOLING
  YESTERDAY        0                         3     -3        0
  MONTH TO DATE   69                        29     40       74
  SINCE MAR 1     97                        56     41       84
  SINCE JAN 1     97                        56     41       84
..................................................................


WIND (MPH)
  HIGHEST WIND SPEED    12   HIGHEST WIND DIRECTION     E (90)
  HIGHEST GUST SPEED    15   HIGHEST GUST DIRECTION    SE (120)
  AVERAGE WIND SPEED     5.5


SKY COVER
  AVERAGE SKY COVER 0.2


WEATHER CONDITIONS
 THE FOLLOWING WEATHER WAS RECORDED YESTERDAY.
  NO SIGNIFICANT WEATHER WAS OBSERVED.


RELATIVE HUMIDITY (PERCENT)
 HIGHEST    73
 LOWEST     41
 AVERAGE    57

..........................................................


THE EVANSVILLE IN CLIMATE NORMALS FOR TODAY
                         NORMAL    RECORD    YEAR
 MAXIMUM TEMPERATURE (F)   77        92      1988
 MINIMUM TEMPERATURE (F)   54        38      1997


SUNRISE AND SUNSET
MAY 15 2015...........SUNRISE   540 AM CDT   SUNSET   754 PM CDT
MAY 16 2015...........SUNRISE   539 AM CDT   SUNSET   754 PM CDT


-  INDICATES NEGATIVE NUMBERS.
R  INDICATES RECORD WAS SET OR TIED.
MM INDICATES DATA IS MISSING.
T  INDICATES TRACE AMOUNT.




$$
