000
CDUS43 KPAH 022132
CLIEVV


CLIMATE REPORT
NATIONAL WEATHER SERVICE PADUCAH KY
426 PM CDT MON OCT 2 2017


...................................

...THE EVANSVILLE IN CLIMATE SUMMARY FOR OCTOBER 2 2017...
VALID TODAY AS OF 0400 PM LOCAL TIME.

CLIMATE NORMAL PERIOD 1981 TO 2010
CLIMATE RECORD PERIOD 1896 TO 2017


WEATHER ITEM   OBSERVED TIME   RECORD YEAR NORMAL DEPARTURE LAST
                VALUE   (LST)  VALUE       VALUE  FROM      YEAR
                                                  NORMAL
..................................................................
TEMPERATURE (F)
 TODAY
  MAXIMUM         80    257 PM  94    1953  75      5       75
  MINIMUM         61    702 AM  33    1974  50     11       58
  AVERAGE         71                        62      9       67

PRECIPITATION (IN)
  TODAY            0.00          0.97 2013   0.11  -0.11      T
  MONTH TO DATE    0.00                      0.21  -0.21     0.34
  SINCE SEP 1      3.24                      3.26  -0.02     4.35
  SINCE JAN 1     35.65                     34.18   1.47    42.81

SNOWFALL (IN)
  TODAY            0.0                                       0.0
  MONTH TO DATE    0.0                                       0.0
  SINCE JUL 1      0.0                                       0.0
  SNOW DEPTH       0

..................................................................


WIND (MPH)
  HIGHEST WIND SPEED    15   HIGHEST WIND DIRECTION     S (180)
  HIGHEST GUST SPEED    18   HIGHEST GUST DIRECTION     S (190)




..........................................................


THE EVANSVILLE IN CLIMATE NORMALS FOR TOMORROW
                         NORMAL    RECORD    YEAR
 MAXIMUM TEMPERATURE (F)   75        91      1900
                                             1897
 MINIMUM TEMPERATURE (F)   49        31      1974


SUNRISE AND SUNSET
OCTOBER  2 2017.......SUNRISE   647 AM CDT   SUNSET   631 PM CDT
OCTOBER  3 2017.......SUNRISE   648 AM CDT   SUNSET   630 PM CDT


-  INDICATES NEGATIVE NUMBERS.
R  INDICATES RECORD WAS SET OR TIED.
MM INDICATES DATA IS MISSING.
T  INDICATES TRACE AMOUNT.




$$
