000
CDUS43 KPAH 302138
CLIEVV


CLIMATE REPORT
NATIONAL WEATHER SERVICE PADUCAH KY
436 PM CDT SUN MAR 30 2014


...................................

...THE EVANSVILLE IN CLIMATE SUMMARY FOR MARCH 30 2014...
VALID TODAY AS OF 0400 PM LOCAL TIME.

CLIMATE NORMAL PERIOD 1981 TO 2010
CLIMATE RECORD PERIOD 1896 TO 2014


WEATHER ITEM   OBSERVED TIME   RECORD YEAR NORMAL DEPARTURE LAST
                VALUE   (LST)  VALUE       VALUE  FROM      YEAR
                                                  NORMAL
..................................................................
TEMPERATURE (F)
 TODAY
  MAXIMUM         57    250 PM  83    1986  62     -5       59
  MINIMUM         32    632 AM  22    1964  39     -7       35
  AVERAGE                                   51              47

PRECIPITATION (IN)
  TODAY            0.00          2.65 1985   0.14  -0.14     0.22
  MONTH TO DATE    2.85                      4.09  -1.24     4.07
  SINCE MAR 1      2.85                      4.09  -1.24     4.07
  SINCE JAN 1      6.80                     10.36  -3.56    13.60

SNOWFALL (IN)
  TODAY            0.0                                       0.0
  MONTH TO DATE    2.6                                        T
  SINCE JUL 1     12.6                                      12.3
  SNOW DEPTH       0

..................................................................


WIND (MPH)
  HIGHEST WIND SPEED     8   HIGHEST WIND DIRECTION    SW (240)
  HIGHEST GUST SPEED    12   HIGHEST GUST DIRECTION    NW (330)




..........................................................


THE EVANSVILLE IN CLIMATE NORMALS FOR TOMORROW
                         NORMAL    RECORD    YEAR
 MAXIMUM TEMPERATURE (F)   62        84      1986
                                             1981
 MINIMUM TEMPERATURE (F)   40        19      1923


SUNRISE AND SUNSET
MARCH 30 2014.........SUNRISE   638 AM CDT   SUNSET   711 PM CDT
MARCH 31 2014.........SUNRISE   637 AM CDT   SUNSET   712 PM CDT


-  INDICATES NEGATIVE NUMBERS.
R  INDICATES RECORD WAS SET OR TIED.
MM INDICATES DATA IS MISSING.
T  INDICATES TRACE AMOUNT.




$$
