000
CDUS43 KPAH 200656
CLIEVV


CLIMATE REPORT
NATIONAL WEATHER SERVICE PADUCAH KY
150 AM CDT FRI MAY 20 2016


...................................

...THE EVANSVILLE IN CLIMATE SUMMARY FOR MAY 19 2016...

CLIMATE NORMAL PERIOD 1981 TO 2010
CLIMATE RECORD PERIOD 1896 TO 2016


WEATHER ITEM   OBSERVED TIME   RECORD YEAR NORMAL DEPARTURE LAST
                VALUE   (LST)  VALUE       VALUE  FROM      YEAR
                                                  NORMAL
..................................................................
TEMPERATURE (F)
 YESTERDAY
  MAXIMUM         72    401 PM  93    1962  78     -6       69
  MINIMUM         46    434 AM  37    2002  55     -9       55
  AVERAGE         59                        67     -8       62

PRECIPITATION (IN)
  YESTERDAY        0.00          1.43 1943   0.17  -0.17     0.00
  MONTH TO DATE    3.56                      3.31   0.25     2.33
  SINCE MAR 1     14.92                     11.92   3.00    15.80
  SINCE JAN 1     21.26                     18.19   3.07    21.33

SNOWFALL (IN)
  YESTERDAY        0.0           0.0  2002   0.0    0.0      0.0
                                      2001
  MONTH TO DATE    0.0                       0.0    0.0      0.0
  SINCE MAR 1      T                         1.1   -1.1      8.5
  SINCE JUL 1     14.2                      11.8    2.4     18.5
  SNOW DEPTH       0

DEGREE DAYS
 HEATING
  YESTERDAY        6                         2      4        3
  MONTH TO DATE  107                        68     39       25
  SINCE MAR 1    753                       949   -196      840
  SINCE JUL 1   3571                      4523   -952     4676

 COOLING
  YESTERDAY        0                         4     -4        0
  MONTH TO DATE   15                        47    -32       99
  SINCE MAR 1     37                        74    -37      127
  SINCE JAN 1     37                        74    -37      127
..................................................................


WIND (MPH)
  HIGHEST WIND SPEED    17   HIGHEST WIND DIRECTION    NE (50)
  HIGHEST GUST SPEED    23   HIGHEST GUST DIRECTION    NE (60)
  AVERAGE WIND SPEED     6.7


SKY COVER
  AVERAGE SKY COVER 0.0


WEATHER CONDITIONS
 THE FOLLOWING WEATHER WAS RECORDED YESTERDAY.
  NO SIGNIFICANT WEATHER WAS OBSERVED.


RELATIVE HUMIDITY (PERCENT)
 HIGHEST    89
 LOWEST     29
 AVERAGE    59

..........................................................


THE EVANSVILLE IN CLIMATE NORMALS FOR TODAY
                         NORMAL    RECORD    YEAR
 MAXIMUM TEMPERATURE (F)   78        93      1987
                                             1962
 MINIMUM TEMPERATURE (F)   56        39      2002


SUNRISE AND SUNSET
MAY 20 2016...........SUNRISE   535 AM CDT   SUNSET   758 PM CDT
MAY 21 2016...........SUNRISE   535 AM CDT   SUNSET   759 PM CDT


-  INDICATES NEGATIVE NUMBERS.
R  INDICATES RECORD WAS SET OR TIED.
MM INDICATES DATA IS MISSING.
T  INDICATES TRACE AMOUNT.




$$
