956
CDUS43 KPAH 150634
CLIEVV


CLIMATE REPORT
NATIONAL WEATHER SERVICE PADUCAH KY
132 AM CDT MON MAY 15 2017


...................................

...THE EVANSVILLE IN CLIMATE SUMMARY FOR MAY 14 2017...

CLIMATE NORMAL PERIOD 1981 TO 2010
CLIMATE RECORD PERIOD 1896 TO 2017


WEATHER ITEM   OBSERVED TIME   RECORD YEAR NORMAL DEPARTURE LAST
                VALUE   (LST)  VALUE       VALUE  FROM      YEAR
                                                  NORMAL
..................................................................
TEMPERATURE (F)
 YESTERDAY
  MAXIMUM         85    247 PM  90    1982  76      9       64
                                      1962
  MINIMUM         54    426 AM  39    1996  54      0       42
  AVERAGE         70                        65      5       53

PRECIPITATION (IN)
  YESTERDAY        0.00          1.60 1961   0.18  -0.18     0.01
  MONTH TO DATE    2.62                      2.46   0.16     3.07
  SINCE MAR 1     16.36                     11.07   5.29    14.43
  SINCE JAN 1     19.63                     17.34   2.29    20.77

SNOWFALL (IN)
  YESTERDAY        0.0           0.0  2002   0.0    0.0      0.0
                                      2001
  MONTH TO DATE    0.0                       0.0    0.0      0.0
  SINCE MAR 1      1.0                       1.1   -0.1       T
  SINCE JUL 1      1.4                      11.8  -10.4     14.2
  SNOW DEPTH       0

DEGREE DAYS
 HEATING
  YESTERDAY        0                         3     -3       12
  MONTH TO DATE   68                        55     13       56
  SINCE MAR 1    688                       936   -248      702
  SINCE JUL 1   3387                      4510  -1123     3520

 COOLING
  YESTERDAY        5                         3      2        0
  MONTH TO DATE   29                        29      0       15
  SINCE MAR 1     90                        56     34       37
  SINCE JAN 1     90                        56     34       37
..................................................................


WIND (MPH)
  HIGHEST WIND SPEED    16   HIGHEST WIND DIRECTION    SW (240)
  HIGHEST GUST SPEED    21   HIGHEST GUST DIRECTION    SW (210)
  AVERAGE WIND SPEED     6.2


SKY COVER
  AVERAGE SKY COVER 0.0


WEATHER CONDITIONS
 THE FOLLOWING WEATHER WAS RECORDED YESTERDAY.
  NO SIGNIFICANT WEATHER WAS OBSERVED.


RELATIVE HUMIDITY (PERCENT)
 HIGHEST    86
 LOWEST     32
 AVERAGE    59

..........................................................


THE EVANSVILLE IN CLIMATE NORMALS FOR TODAY
                         NORMAL    RECORD    YEAR
 MAXIMUM TEMPERATURE (F)   77        92      1988
 MINIMUM TEMPERATURE (F)   54        38      1997


SUNRISE AND SUNSET
MAY 15 2017...........SUNRISE   539 AM CDT   SUNSET   754 PM CDT
MAY 16 2017...........SUNRISE   539 AM CDT   SUNSET   755 PM CDT


-  INDICATES NEGATIVE NUMBERS.
R  INDICATES RECORD WAS SET OR TIED.
MM INDICATES DATA IS MISSING.
T  INDICATES TRACE AMOUNT.




$$
