905
CDUS43 KPAH 230640
CLIEVV


CLIMATE REPORT
NATIONAL WEATHER SERVICE PADUCAH KY
139 AM CDT FRI SEP 23 2016


...................................

...THE EVANSVILLE IN CLIMATE SUMMARY FOR SEPTEMBER 22 2016...

CLIMATE NORMAL PERIOD 1981 TO 2010
CLIMATE RECORD PERIOD 1896 TO 2016


WEATHER ITEM   OBSERVED TIME   RECORD YEAR NORMAL DEPARTURE LAST
                VALUE   (LST)  VALUE       VALUE  FROM      YEAR
                                                  NORMAL
..................................................................
TEMPERATURE (F)
 YESTERDAY
  MAXIMUM         91    309 PM  94    2010  79     12       87
                                      1940
  MINIMUM         61    544 AM  36    1983  54      7       50
  AVERAGE         76                        66     10       69

PRECIPITATION (IN)
  YESTERDAY        0.00          2.51 2006   0.10  -0.10     0.00
  MONTH TO DATE    2.43                      2.21   0.22     0.13
  SINCE SEP 1      2.43                      2.21   0.22     0.13
  SINCE JAN 1     40.89                     33.13   7.76    37.69

SNOWFALL (IN)
  YESTERDAY        0.0           0.0  2002   0.0    0.0      0.0
                                      2001
  MONTH TO DATE    0.0                       0.0    0.0      0.0
  SINCE SEP 1      0.0                       0.0    0.0      0.0
  SINCE JUL 1      0.0                       0.0    0.0      0.0
  SNOW DEPTH       0

DEGREE DAYS
 HEATING
  YESTERDAY        0                         2     -2        0
  MONTH TO DATE    0                        17    -17        6
  SINCE SEP 1      0                        17    -17        6
  SINCE JUL 1      0                        18    -18        6

 COOLING
  YESTERDAY       11                         4      7        4
  MONTH TO DATE  237                       144     93      185
  SINCE SEP 1    237                       144     93      185
  SINCE JAN 1   1623                      1343    280     1484
..................................................................


WIND (MPH)
  HIGHEST WIND SPEED     8   HIGHEST WIND DIRECTION    SW (220)
  HIGHEST GUST SPEED    10   HIGHEST GUST DIRECTION    SW (220)
  AVERAGE WIND SPEED     1.5


SKY COVER
  AVERAGE SKY COVER 0.0


WEATHER CONDITIONS
 THE FOLLOWING WEATHER WAS RECORDED YESTERDAY.
  FOG


RELATIVE HUMIDITY (PERCENT)
 HIGHEST    97
 LOWEST     38
 AVERAGE    68

..........................................................


THE EVANSVILLE IN CLIMATE NORMALS FOR TODAY
                         NORMAL    RECORD    YEAR
 MAXIMUM TEMPERATURE (F)   78        96      2010
 MINIMUM TEMPERATURE (F)   54        36      1995


SUNRISE AND SUNSET
SEPTEMBER 23 2016.....SUNRISE   639 AM CDT   SUNSET   645 PM CDT
SEPTEMBER 24 2016.....SUNRISE   640 AM CDT   SUNSET   643 PM CDT


-  INDICATES NEGATIVE NUMBERS.
R  INDICATES RECORD WAS SET OR TIED.
MM INDICATES DATA IS MISSING.
T  INDICATES TRACE AMOUNT.




$$
