000
CDUS43 KPAH 160638
CLIEVV


CLIMATE REPORT
NATIONAL WEATHER SERVICE PADUCAH KY
135 AM CDT WED JUL 16 2014


...................................

...THE EVANSVILLE IN CLIMATE SUMMARY FOR JULY 15 2014...

CLIMATE NORMAL PERIOD 1981 TO 2010
CLIMATE RECORD PERIOD 1896 TO 2014


WEATHER ITEM   OBSERVED TIME   RECORD YEAR NORMAL DEPARTURE LAST
                VALUE   (LST)  VALUE       VALUE  FROM      YEAR
                                                  NORMAL
..................................................................
TEMPERATURE (F)
 YESTERDAY
  MAXIMUM         74    316 PM 106    1936  89    -15       89
  MINIMUM         60   1134 PM  49    1930  68     -8       75
  AVERAGE         67                        78    -11       82

PRECIPITATION (IN)
  YESTERDAY        0.00          1.47 1958   0.13  -0.13     0.00
  MONTH TO DATE    3.66                      1.98   1.68     0.42
  SINCE JUN 1      7.53                      5.76   1.77     7.97
  SINCE JAN 1     29.02                     26.00   3.02    30.52

SNOWFALL (IN)
  YESTERDAY        0.0                       0.0    0.0      0.0
  MONTH TO DATE    0.0                       0.0    0.0      0.0
  SINCE JUN 1      0.0                       0.0    0.0      0.0
  SINCE JUL 1      0.0                       0.0    0.0      0.0
  SNOW DEPTH       0

DEGREE DAYS
 HEATING
  YESTERDAY        0                         0      0        0
  MONTH TO DATE    0                         0      0        0
  SINCE JUN 1      0                         6     -6        1
  SINCE JUL 1      0                         0      0        0

 COOLING
  YESTERDAY        2                        13    -11       17
  MONTH TO DATE  162                       195    -33      165
  SINCE JUN 1    524                       493     31      461
  SINCE JAN 1    735                       628    107      632
..................................................................


WIND (MPH)
  HIGHEST WIND SPEED    15   HIGHEST WIND DIRECTION    NW (320)
  HIGHEST GUST SPEED    23   HIGHEST GUST DIRECTION     W (290)
  AVERAGE WIND SPEED     7.1


SKY COVER
  AVERAGE SKY COVER 0.3


WEATHER CONDITIONS
 THE FOLLOWING WEATHER WAS RECORDED YESTERDAY.
  HAZE


RELATIVE HUMIDITY (PERCENT)
 HIGHEST    79
 LOWEST     46
 AVERAGE    63

..........................................................


THE EVANSVILLE IN CLIMATE NORMALS FOR TODAY
                         NORMAL    RECORD    YEAR
 MAXIMUM TEMPERATURE (F)   89       100      1980
 MINIMUM TEMPERATURE (F)   68        47      1930


SUNRISE AND SUNSET
JULY 16 2014..........SUNRISE   540 AM CDT   SUNSET   812 PM CDT
JULY 17 2014..........SUNRISE   541 AM CDT   SUNSET   811 PM CDT


-  INDICATES NEGATIVE NUMBERS.
R  INDICATES RECORD WAS SET OR TIED.
MM INDICATES DATA IS MISSING.
T  INDICATES TRACE AMOUNT.




$$
