000
CDUS43 KPAH 252127
CLIEVV


CLIMATE REPORT
NATIONAL WEATHER SERVICE PADUCAH KY
425 PM CDT TUE AUG 25 2015

...................................

...THE EVANSVILLE IN CLIMATE SUMMARY FOR AUGUST 25 2015...
VALID TODAY AS OF 0400 PM LOCAL TIME.

CLIMATE NORMAL PERIOD 1981 TO 2010
CLIMATE RECORD PERIOD 1896 TO 2015

WEATHER ITEM   OBSERVED TIME   RECORD YEAR NORMAL DEPARTURE LAST
                VALUE   (LST)  VALUE       VALUE  FROM      YEAR
                                                  NORMAL
..................................................................
TEMPERATURE (F)
 TODAY
  MAXIMUM         77    241 PM 102    1943  88    -11       93
  MINIMUM         55    515 AM  49    1942  64     -9       73
  AVERAGE         66                        76    -10       83

PRECIPITATION (IN)
  TODAY            0.00          1.51 1918   0.09  -0.09     0.00
  MONTH TO DATE    3.06                      2.42   0.64     3.97
  SINCE JUN 1     15.12                     10.12   5.00    11.86
  SINCE JAN 1     37.56                     30.36   7.20    33.35

SNOWFALL (IN)
  TODAY            0.0                                       0.0
  MONTH TO DATE    0.0                                       0.0
  SINCE JUL 1      0.0                                       0.0
  SNOW DEPTH       0
..................................................................

WIND (MPH)
  HIGHEST WIND SPEED    13   HIGHEST WIND DIRECTION    NW (310)
  HIGHEST GUST SPEED    19   HIGHEST GUST DIRECTION    NW (330)
..........................................................

THE EVANSVILLE IN CLIMATE NORMALS FOR TOMORROW
                         NORMAL    RECORD    YEAR
 MAXIMUM TEMPERATURE (F)   88       102      1943
 MINIMUM TEMPERATURE (F)   64        50      1958
                                             1945

SUNRISE AND SUNSET
AUGUST 25 2015........SUNRISE   614 AM CDT   SUNSET   730 PM CDT
AUGUST 26 2015........SUNRISE   615 AM CDT   SUNSET   729 PM CDT

-  INDICATES NEGATIVE NUMBERS.
R  INDICATES RECORD WAS SET OR TIED.
MM INDICATES DATA IS MISSING.
T  INDICATES TRACE AMOUNT.

$$
