000
CDUS43 KPAH 212132
CLIEVV


CLIMATE REPORT
NATIONAL WEATHER SERVICE PADUCAH KY
431 PM CDT TUE JUL 21 2015

...................................

...THE EVANSVILLE IN CLIMATE SUMMARY FOR JULY 21 2015...
VALID TODAY AS OF 0400 PM LOCAL TIME.

CLIMATE NORMAL PERIOD 1981 TO 2010
CLIMATE RECORD PERIOD 1896 TO 2015

WEATHER ITEM   OBSERVED TIME   RECORD YEAR NORMAL DEPARTURE LAST
                VALUE   (LST)  VALUE       VALUE  FROM      YEAR
                                                  NORMAL
..................................................................
TEMPERATURE (F)
 TODAY
  MAXIMUM         88    246 PM 103    1930  88      0       89
                                      1901
  MINIMUM         73    352 AM  52    1944  68      5       65
  AVERAGE         81                        78      3       77

PRECIPITATION (IN)
  TODAY            0.00          2.50 1969   0.12  -0.12     0.00
  MONTH TO DATE    4.09                      2.74   1.35     3.66
  SINCE JUN 1     11.48                      6.52   4.96     7.53
  SINCE JAN 1     33.92                     26.76   7.16    29.02

SNOWFALL (IN)
  TODAY            0.0                                       0.0
  MONTH TO DATE    0.0                                       0.0
  SINCE JUL 1      0.0                                       0.0
  SNOW DEPTH       0
..................................................................

WIND (MPH)
  HIGHEST WIND SPEED    12   HIGHEST WIND DIRECTION    NW (330)
  HIGHEST GUST SPEED    16   HIGHEST GUST DIRECTION     N (10)
..........................................................

THE EVANSVILLE IN CLIMATE NORMALS FOR TOMORROW
                         NORMAL    RECORD    YEAR
 MAXIMUM TEMPERATURE (F)   88       107      1901
 MINIMUM TEMPERATURE (F)   67        50      1966
                                             1947

SUNRISE AND SUNSET
JULY 21 2015..........SUNRISE   544 AM CDT   SUNSET   809 PM CDT
JULY 22 2015..........SUNRISE   545 AM CDT   SUNSET   808 PM CDT

-  INDICATES NEGATIVE NUMBERS.
R  INDICATES RECORD WAS SET OR TIED.
MM INDICATES DATA IS MISSING.
T  INDICATES TRACE AMOUNT.

$$
