000
CDUS43 KPAH 300629
CLIEVV


CLIMATE REPORT
NATIONAL WEATHER SERVICE PADUCAH KY
1228 AM CST FRI DEC 30 2016


...................................

...THE EVANSVILLE IN CLIMATE SUMMARY FOR DECEMBER 29 2016...

CLIMATE NORMAL PERIOD 1981 TO 2010
CLIMATE RECORD PERIOD 1896 TO 2016


WEATHER ITEM   OBSERVED TIME   RECORD YEAR NORMAL DEPARTURE LAST
                VALUE   (LST)  VALUE       VALUE  FROM      YEAR
                                                  NORMAL
..................................................................
TEMPERATURE (F)
 YESTERDAY
  MAXIMUM         47    224 PM  70    1984  41      6       48
  MINIMUM         36   1159 PM  -1    1983  25     11       38
  AVERAGE         42                        33      9       43

PRECIPITATION (IN)
  YESTERDAY        0.00          1.44 1910   0.11  -0.11     0.01
  MONTH TO DATE    3.92                      3.55   0.37     5.20
  SINCE DEC 1      3.92                      3.55   0.37     5.20
  SINCE JAN 1     49.58                     45.10   4.48    51.94

SNOWFALL (IN)
  YESTERDAY        0.0           4.1  1976   0.1   -0.1      0.0
  MONTH TO DATE    T                         2.9   -2.9       T
  SINCE DEC 1      T                         2.9   -2.9       T
  SINCE JUL 1      T                         3.2   -3.2       T
  SNOW DEPTH       0

DEGREE DAYS
 HEATING
  YESTERDAY       23                        32     -9       22
  MONTH TO DATE  850                       848      2      470
  SINCE DEC 1    850                       848      2      470
  SINCE JUL 1   1380                      1709   -329     1079

 COOLING
  YESTERDAY        0                         0      0        0
  MONTH TO DATE    0                         0      0        3
  SINCE DEC 1      0                         0      0        3
  SINCE JAN 1   1775                      1397    378     1579
..................................................................


WIND (MPH)
  HIGHEST WIND SPEED    23   HIGHEST WIND DIRECTION     W (270)
  HIGHEST GUST SPEED    33   HIGHEST GUST DIRECTION     W (280)
  AVERAGE WIND SPEED    12.4


SKY COVER
  AVERAGE SKY COVER 0.3


WEATHER CONDITIONS
 THE FOLLOWING WEATHER WAS RECORDED YESTERDAY.
  NO SIGNIFICANT WEATHER WAS OBSERVED.


RELATIVE HUMIDITY (PERCENT)
 HIGHEST    76
 LOWEST     40
 AVERAGE    58

..........................................................


THE EVANSVILLE IN CLIMATE NORMALS FOR TODAY
                         NORMAL    RECORD    YEAR
 MAXIMUM TEMPERATURE (F)   41        68      1965
 MINIMUM TEMPERATURE (F)   25        -5      1983


SUNRISE AND SUNSET
DECEMBER 30 2016......SUNRISE   706 AM CST   SUNSET   440 PM CST
DECEMBER 31 2016......SUNRISE   706 AM CST   SUNSET   441 PM CST


-  INDICATES NEGATIVE NUMBERS.
R  INDICATES RECORD WAS SET OR TIED.
MM INDICATES DATA IS MISSING.
T  INDICATES TRACE AMOUNT.




$$
