000
CDUS43 KPAH 172238
CLIEVV


CLIMATE REPORT
NATIONAL WEATHER SERVICE PADUCAH KY
436 PM CST SAT JAN 17 2015


...................................

...THE EVANSVILLE IN CLIMATE SUMMARY FOR JANUARY 17 2015...
VALID TODAY AS OF 0400 PM LOCAL TIME.

CLIMATE NORMAL PERIOD 1981 TO 2010
CLIMATE RECORD PERIOD 1896 TO 2015


WEATHER ITEM   OBSERVED TIME   RECORD YEAR NORMAL DEPARTURE LAST
                VALUE   (LST)  VALUE       VALUE  FROM      YEAR
                                                  NORMAL
..................................................................
TEMPERATURE (F)
 TODAY
  MAXIMUM         55    228 PM  69    1952  41     14       36
  MINIMUM         29    316 AM -21    1977  24      5       18
  AVERAGE         42                        32     10       27

PRECIPITATION (IN)
  TODAY            0.00          2.46 1969   0.10  -0.10     0.01
  MONTH TO DATE    2.52                      1.66   0.86     1.57
  SINCE DEC 1      5.95                      5.42   0.53     8.90
  SINCE JAN 1      2.52                      1.66   0.86     1.57

SNOWFALL (IN)
  TODAY            0.0                                       0.6
  MONTH TO DATE    0.1                                       0.6
  SINCE JUL 1      2.5                                       7.8
  SNOW DEPTH       0

..................................................................


WIND (MPH)
  HIGHEST WIND SPEED    24   HIGHEST WIND DIRECTION     S (200)
  HIGHEST GUST SPEED    31   HIGHEST GUST DIRECTION     S (190)




..........................................................


THE EVANSVILLE IN CLIMATE NORMALS FOR TOMORROW
                         NORMAL    RECORD    YEAR
 MAXIMUM TEMPERATURE (F)   41        70      1929
 MINIMUM TEMPERATURE (F)   24       -15      1994


SUNRISE AND SUNSET
JANUARY 17 2015.......SUNRISE   704 AM CST   SUNSET   456 PM CST
JANUARY 18 2015.......SUNRISE   704 AM CST   SUNSET   457 PM CST


-  INDICATES NEGATIVE NUMBERS.
R  INDICATES RECORD WAS SET OR TIED.
MM INDICATES DATA IS MISSING.
T  INDICATES TRACE AMOUNT.




$$
