000
CDUS43 KPAH 130629
CLIEVV


CLIMATE REPORT
NATIONAL WEATHER SERVICE PADUCAH KY
127 AM CDT MON OCT 13 2014


...................................

...THE EVANSVILLE IN CLIMATE SUMMARY FOR OCTOBER 12 2014...

CLIMATE NORMAL PERIOD 1981 TO 2010
CLIMATE RECORD PERIOD 1896 TO 2014


WEATHER ITEM   OBSERVED TIME   RECORD YEAR NORMAL DEPARTURE LAST
                VALUE   (LST)  VALUE       VALUE  FROM      YEAR
                                                  NORMAL
..................................................................
TEMPERATURE (F)
 YESTERDAY
  MAXIMUM         69    348 PM  87    1989  71     -2       79
  MINIMUM         53    526 AM  29    1988  46      7       53
  AVERAGE         61                        59      2       66

PRECIPITATION (IN)
  YESTERDAY        0.18          4.18 1901   0.10   0.08     0.00
  MONTH TO DATE    1.17                      1.22  -0.05     4.27
  SINCE SEP 1      3.72                      4.27  -0.55     7.08
  SINCE JAN 1     37.90                     35.19   2.71    42.41

SNOWFALL (IN)
  YESTERDAY        0.0           0.0  2002   0.0    0.0      0.0
                                      2001
  MONTH TO DATE    0.0                       0.0    0.0      0.0
  SINCE SEP 1      0.0                       0.0    0.0      0.0
  SINCE JUL 1      0.0                       0.0    0.0      0.0
  SNOW DEPTH       0

DEGREE DAYS
 HEATING
  YESTERDAY        4                         7     -3        0
  MONTH TO DATE   63                        72     -9       22
  SINCE SEP 1     99                       118    -19       32
  SINCE JUL 1     99                       119    -20       32

 COOLING
  YESTERDAY        0                         1     -1        1
  MONTH TO DATE   22                        19      3       55
  SINCE SEP 1    185                       186     -1      270
  SINCE JAN 1   1465                      1385     80     1462
..................................................................


WIND (MPH)
  HIGHEST WIND SPEED     9   HIGHEST WIND DIRECTION     S (170)
  HIGHEST GUST SPEED    13   HIGHEST GUST DIRECTION    SE (120)
  AVERAGE WIND SPEED     4.1


SKY COVER
  AVERAGE SKY COVER 1.0


WEATHER CONDITIONS
 THE FOLLOWING WEATHER WAS RECORDED YESTERDAY.
  RAIN
  LIGHT RAIN
  FOG


RELATIVE HUMIDITY (PERCENT)
 HIGHEST    93
 LOWEST     73
 AVERAGE    83

..........................................................


THE EVANSVILLE IN CLIMATE NORMALS FOR TODAY
                         NORMAL    RECORD    YEAR
 MAXIMUM TEMPERATURE (F)   71        91      1989
 MINIMUM TEMPERATURE (F)   46        25      1988


SUNRISE AND SUNSET
OCTOBER 13 2014.......SUNRISE   657 AM CDT   SUNSET   615 PM CDT
OCTOBER 14 2014.......SUNRISE   658 AM CDT   SUNSET   614 PM CDT


-  INDICATES NEGATIVE NUMBERS.
R  INDICATES RECORD WAS SET OR TIED.
MM INDICATES DATA IS MISSING.
T  INDICATES TRACE AMOUNT.




$$
