000
CDUS43 KPAH 100634
CLIEVV


CLIMATE REPORT
NATIONAL WEATHER SERVICE PADUCAH KY
1230 AM CST WED DEC 10 2014


...................................

...THE EVANSVILLE IN CLIMATE SUMMARY FOR DECEMBER 9 2014...

CLIMATE NORMAL PERIOD 1981 TO 2010
CLIMATE RECORD PERIOD 1896 TO 2014


WEATHER ITEM   OBSERVED TIME   RECORD YEAR NORMAL DEPARTURE LAST
                VALUE   (LST)  VALUE       VALUE  FROM      YEAR
                                                  NORMAL
..................................................................
TEMPERATURE (F)
 YESTERDAY
  MAXIMUM         46    113 AM  68    1897  46      0       32
  MINIMUM         36   1011 AM  -5    1917  28      8       21
  AVERAGE         41                        37      4       27

PRECIPITATION (IN)
  YESTERDAY        0.00          1.66 1923   0.13  -0.13      T
  MONTH TO DATE    1.95                      1.19   0.76     1.92
  SINCE DEC 1      1.95                      1.19   0.76     1.92
  SINCE JAN 1     45.73                     42.74   2.99    48.17

SNOWFALL (IN)
  YESTERDAY        0.0           3.3  1961   0.1   -0.1       T
  MONTH TO DATE    0.0                       0.5   -0.5      6.7
  SINCE DEC 1      0.0                       0.5   -0.5      6.7
  SINCE JUL 1      2.4                       0.8    1.6      6.7
  SNOW DEPTH       0

DEGREE DAYS
 HEATING
  YESTERDAY       24                        28     -4       38
  MONTH TO DATE  211                       240    -29      242
  SINCE DEC 1    211                       240    -29      242
  SINCE JUL 1   1214                      1101    113     1156

 COOLING
  YESTERDAY        0                         0      0        0
  MONTH TO DATE    0                         0      0        0
  SINCE DEC 1      0                         0      0        0
  SINCE JAN 1   1477                      1397     80     1464
..................................................................


WIND (MPH)
  HIGHEST WIND SPEED    17   HIGHEST WIND DIRECTION     N (340)
  HIGHEST GUST SPEED    24   HIGHEST GUST DIRECTION     N (340)
  AVERAGE WIND SPEED     9.2


SKY COVER
  AVERAGE SKY COVER 1.0


WEATHER CONDITIONS
 THE FOLLOWING WEATHER WAS RECORDED YESTERDAY.
  HAZE


RELATIVE HUMIDITY (PERCENT)
 HIGHEST    83
 LOWEST     60
 AVERAGE    72

..........................................................


THE EVANSVILLE IN CLIMATE NORMALS FOR TODAY
                         NORMAL    RECORD    YEAR
 MAXIMUM TEMPERATURE (F)   45        70      1971
 MINIMUM TEMPERATURE (F)   28        -4      1917


SUNRISE AND SUNSET
DECEMBER 10 2014......SUNRISE   655 AM CST   SUNSET   430 PM CST
DECEMBER 11 2014......SUNRISE   656 AM CST   SUNSET   431 PM CST


-  INDICATES NEGATIVE NUMBERS.
R  INDICATES RECORD WAS SET OR TIED.
MM INDICATES DATA IS MISSING.
T  INDICATES TRACE AMOUNT.




$$
