339
CDUS43 KPAH 010627
CLIEVV


CLIMATE REPORT
NATIONAL WEATHER SERVICE PADUCAH KY
1225 AM CST THU DEC 1 2016

...................................

...THE EVANSVILLE IN CLIMATE SUMMARY FOR NOVEMBER 30 2016...

CLIMATE NORMAL PERIOD 1981 TO 2010
CLIMATE RECORD PERIOD 1896 TO 2016

WEATHER ITEM   OBSERVED TIME   RECORD YEAR NORMAL DEPARTURE LAST
                VALUE   (LST)  VALUE       VALUE  FROM      YEAR
                                                  NORMAL
..................................................................
TEMPERATURE (F)
 YESTERDAY
  MAXIMUM         54    101 PM  71    1970  49      5       51
  MINIMUM         42   1159 PM   4    1929  31     11       44
  AVERAGE         48                        40      8       48

PRECIPITATION (IN)
  YESTERDAY        0.00          1.63 1997   0.15  -0.15     0.03
  MONTH TO DATE    2.70                      4.33  -1.63     5.12
  SINCE SEP 1      7.20                     10.63  -3.43     9.18
  SINCE JAN 1     45.66                     41.55   4.11    46.74

SNOWFALL (IN)
  YESTERDAY        0.0           T    1992   0.0    0.0      0.0
  MONTH TO DATE    0.0                       0.1   -0.1      0.0
  SINCE SEP 1      0.0                       0.3   -0.3      0.0
  SINCE JUL 1      0.0                       0.3   -0.3      0.0
  SNOW DEPTH       0

DEGREE DAYS
 HEATING
  YESTERDAY       17                        25     -8       17
  MONTH TO DATE  422                       559   -137      418
  SINCE SEP 1    530                       860   -330      609
  SINCE JUL 1    530                       861   -331      609

 COOLING
  YESTERDAY        0                         0      0        0
  MONTH TO DATE   11                         2      9        5
  SINCE SEP 1    389                       198    191      277
  SINCE JAN 1   1775                      1397    378     1576
..................................................................

WIND (MPH)
  HIGHEST WIND SPEED    20   HIGHEST WIND DIRECTION     W (250)
  HIGHEST GUST SPEED    25   HIGHEST GUST DIRECTION     W (250)
  AVERAGE WIND SPEED     6.4

SKY COVER
  AVERAGE SKY COVER 0.3

WEATHER CONDITIONS
 THE FOLLOWING WEATHER WAS RECORDED YESTERDAY.
  NO SIGNIFICANT WEATHER WAS OBSERVED.

RELATIVE HUMIDITY (PERCENT)
 HIGHEST    93
 LOWEST     41
 AVERAGE    67
..........................................................

THE EVANSVILLE IN CLIMATE NORMALS FOR TODAY
                         NORMAL    RECORD    YEAR
 MAXIMUM TEMPERATURE (F)   49        68      1982
                                             1970
                                             1941
 MINIMUM TEMPERATURE (F)   31        12      1964

SUNRISE AND SUNSET
DECEMBER  1 2016......SUNRISE   648 AM CST   SUNSET   431 PM CST
DECEMBER  2 2016......SUNRISE   649 AM CST   SUNSET   431 PM CST

-  INDICATES NEGATIVE NUMBERS.
R  INDICATES RECORD WAS SET OR TIED.
MM INDICATES DATA IS MISSING.
T  INDICATES TRACE AMOUNT.

$$
