000
CDUS43 KPAH 030636
CLIEVV


CLIMATE REPORT
NATIONAL WEATHER SERVICE PADUCAH KY
132 AM CDT THU JUL 3 2014


...................................

...THE EVANSVILLE IN CLIMATE SUMMARY FOR JULY 2 2014...

CLIMATE NORMAL PERIOD 1981 TO 2010
CLIMATE RECORD PERIOD 1896 TO 2014


WEATHER ITEM   OBSERVED TIME   RECORD YEAR NORMAL DEPARTURE LAST
                VALUE   (LST)  VALUE       VALUE  FROM      YEAR
                                                  NORMAL
..................................................................
TEMPERATURE (F)
 YESTERDAY
  MAXIMUM         82    249 PM 103    2012  89     -7       79
  MINIMUM         65   1159 PM  52    1948  67     -2       63
  AVERAGE         74                        78     -4       71

PRECIPITATION (IN)
  YESTERDAY        0.00          2.90 1992   0.13  -0.13     0.02
  MONTH TO DATE    2.22                      0.26   1.96     0.26
  SINCE JUN 1      6.09                      4.04   2.05     7.81
  SINCE JAN 1     27.58                     24.28   3.30    30.36

SNOWFALL (IN)
  YESTERDAY        0.0                       0.0    0.0      0.0
  MONTH TO DATE    0.0                       0.0    0.0      0.0
  SINCE JUN 1      0.0                       0.0    0.0      0.0
  SINCE JUL 1      0.0                       0.0    0.0      0.0
  SNOW DEPTH       0

DEGREE DAYS
 HEATING
  YESTERDAY        0                         0      0        0
  MONTH TO DATE    0                         0      0        0
  SINCE JUN 1      0                         6     -6        1
  SINCE JUL 1      0                         0      0        0

 COOLING
  YESTERDAY        9                        13     -4        6
  MONTH TO DATE   25                        26     -1       11
  SINCE JUN 1    387                       324     63      307
  SINCE JAN 1    598                       459    139      478
..................................................................


WIND (MPH)
  HIGHEST WIND SPEED    15   HIGHEST WIND DIRECTION     W (270)
  HIGHEST GUST SPEED    22   HIGHEST GUST DIRECTION     W (250)
  AVERAGE WIND SPEED     7.4


SKY COVER
  AVERAGE SKY COVER 0.2


WEATHER CONDITIONS
 THE FOLLOWING WEATHER WAS RECORDED YESTERDAY.
  FOG


RELATIVE HUMIDITY (PERCENT)
 HIGHEST   100
 LOWEST     45
 AVERAGE    73

..........................................................


THE EVANSVILLE IN CLIMATE NORMALS FOR TODAY
                         NORMAL    RECORD    YEAR
 MAXIMUM TEMPERATURE (F)   89       101      1911
 MINIMUM TEMPERATURE (F)   68        50      1930


SUNRISE AND SUNSET
JULY  3 2014..........SUNRISE   532 AM CDT   SUNSET   817 PM CDT
JULY  4 2014..........SUNRISE   533 AM CDT   SUNSET   816 PM CDT


-  INDICATES NEGATIVE NUMBERS.
R  INDICATES RECORD WAS SET OR TIED.
MM INDICATES DATA IS MISSING.
T  INDICATES TRACE AMOUNT.




$$
