000
CDUS43 KPAH 060641
CLIEVV


CLIMATE REPORT
NATIONAL WEATHER SERVICE PADUCAH KY
134 AM CDT TUE JUN 6 2017


...................................

...THE EVANSVILLE IN CLIMATE SUMMARY FOR JUNE 5 2017...

CLIMATE NORMAL PERIOD 1981 TO 2010
CLIMATE RECORD PERIOD 1896 TO 2017


WEATHER ITEM   OBSERVED TIME   RECORD YEAR NORMAL DEPARTURE LAST
                VALUE   (LST)  VALUE       VALUE  FROM      YEAR
                                                  NORMAL
..................................................................
TEMPERATURE (F)
 YESTERDAY
  MAXIMUM         85    418 PM  99    1977  83      2       80
  MINIMUM         69    220 AM  45    1990  61      8       62
                                      1954
  AVERAGE         77                        72      5       71

PRECIPITATION (IN)
  YESTERDAY        0.05          1.32 1937   0.15  -0.10     0.00
  MONTH TO DATE    0.06                      0.76  -0.70     1.19
  SINCE JUN 1      0.06                      0.76  -0.70     1.19
  SINCE JAN 1     21.06                     21.00   0.06    22.94

SNOWFALL (IN)
  YESTERDAY        0.0          MM      MM   0.0    0.0      0.0
  MONTH TO DATE    0.0                       0.0    0.0      0.0
  SINCE JUN 1      0.0                       0.0    0.0      0.0
  SINCE JUL 1      1.4                      11.8  -10.4     14.2
  SNOW DEPTH       0

DEGREE DAYS
 HEATING
  YESTERDAY        0                         0      0        0
  MONTH TO DATE    0                         4     -4        0
  SINCE JUN 1      0                         4     -4        0
  SINCE JUL 1   3392                      4545  -1153     3578

 COOLING
  YESTERDAY       12                         7      5        6
  MONTH TO DATE   57                        34     23       43
  SINCE JUN 1     57                        34     23       43
  SINCE JAN 1    282                       169    113      148
..................................................................


WIND (MPH)
  HIGHEST WIND SPEED    13   HIGHEST WIND DIRECTION    SW (240)
  HIGHEST GUST SPEED    16   HIGHEST GUST DIRECTION    SW (210)
  AVERAGE WIND SPEED     4.8


SKY COVER
  AVERAGE SKY COVER 0.5


WEATHER CONDITIONS
 THE FOLLOWING WEATHER WAS RECORDED YESTERDAY.
  LIGHT RAIN
  FOG


RELATIVE HUMIDITY (PERCENT)
 HIGHEST   100
 LOWEST     59
 AVERAGE    80

..........................................................


THE EVANSVILLE IN CLIMATE NORMALS FOR TODAY
                         NORMAL    RECORD    YEAR
 MAXIMUM TEMPERATURE (F)   83        97      1925
 MINIMUM TEMPERATURE (F)   61        48      1998


SUNRISE AND SUNSET
JUNE  6 2017..........SUNRISE   528 AM CDT   SUNSET   810 PM CDT
JUNE  7 2017..........SUNRISE   527 AM CDT   SUNSET   811 PM CDT


-  INDICATES NEGATIVE NUMBERS.
R  INDICATES RECORD WAS SET OR TIED.
MM INDICATES DATA IS MISSING.
T  INDICATES TRACE AMOUNT.




$$
