000
CDUS43 KPAH 120627
CLIEVV


CLIMATE REPORT
NATIONAL WEATHER SERVICE PADUCAH KY
1226 AM CST SUN MAR 12 2017


...................................

...THE EVANSVILLE IN CLIMATE SUMMARY FOR MARCH 11 2017...

CLIMATE NORMAL PERIOD 1981 TO 2010
CLIMATE RECORD PERIOD 1896 TO 2017


WEATHER ITEM   OBSERVED TIME   RECORD YEAR NORMAL DEPARTURE LAST
                VALUE   (LST)  VALUE       VALUE  FROM      YEAR
                                                  NORMAL
..................................................................
TEMPERATURE (F)
 YESTERDAY
  MAXIMUM         42    309 PM  82    1911  55    -13       60
  MINIMUM         30   1159 PM  16    1998  34     -4       44
                                      1948
  AVERAGE         36                        44     -8       52

PRECIPITATION (IN)
  YESTERDAY        0.00          3.68 1935   0.13  -0.13      T
  MONTH TO DATE    2.38                      1.36   1.02     2.84
  SINCE MAR 1      2.38                      1.36   1.02     2.84
  SINCE JAN 1      5.65                      7.63  -1.98     9.18

SNOWFALL (IN)
  YESTERDAY        0.0           0.5  1960   0.1   -0.1      0.0
  MONTH TO DATE    0.3                       0.6   -0.3       T
  SINCE MAR 1      0.3                       0.6   -0.3       T
  SINCE JUL 1      0.7                      11.3  -10.6     14.2
  SNOW DEPTH       0

DEGREE DAYS
 HEATING
  YESTERDAY       29                        21      8       13
  MONTH TO DATE  180                       246    -66      183
  SINCE MAR 1    180                       246    -66      183
  SINCE JUL 1   2879                      3820   -941     3001

 COOLING
  YESTERDAY        0                         0      0        0
  MONTH TO DATE    0                         0      0        0
  SINCE MAR 1      0                         0      0        0
  SINCE JAN 1      0                         0      0        0
..................................................................


WIND (MPH)
  HIGHEST WIND SPEED    14   HIGHEST WIND DIRECTION     N (350)
  HIGHEST GUST SPEED    19   HIGHEST GUST DIRECTION     N (20)
  AVERAGE WIND SPEED     7.6


SKY COVER
  AVERAGE SKY COVER 0.5


WEATHER CONDITIONS
 THE FOLLOWING WEATHER WAS RECORDED YESTERDAY.
  NO SIGNIFICANT WEATHER WAS OBSERVED.


RELATIVE HUMIDITY (PERCENT)
 HIGHEST    43
 LOWEST     28
 AVERAGE    36

..........................................................


THE EVANSVILLE IN CLIMATE NORMALS FOR TODAY
                         NORMAL    RECORD    YEAR
 MAXIMUM TEMPERATURE (F)   55        79      1967
 MINIMUM TEMPERATURE (F)   34        11      1998
                                             1948


SUNRISE AND SUNSET
MARCH 12 2017.........SUNRISE   705 AM CDT   SUNSET   655 PM CDT
MARCH 13 2017.........SUNRISE   704 AM CDT   SUNSET   656 PM CDT


-  INDICATES NEGATIVE NUMBERS.
R  INDICATES RECORD WAS SET OR TIED.
MM INDICATES DATA IS MISSING.
T  INDICATES TRACE AMOUNT.




$$
