187
CDUS43 KPAH 112228
CLIEVV


CLIMATE REPORT
NATIONAL WEATHER SERVICE PADUCAH KY
427 PM CST SAT NOV 11 2017


...................................

...THE EVANSVILLE IN CLIMATE SUMMARY FOR NOVEMBER 11 2017...
VALID TODAY AS OF 0400 PM LOCAL TIME.

CLIMATE NORMAL PERIOD 1981 TO 2010
CLIMATE RECORD PERIOD 1896 TO 2017


WEATHER ITEM   OBSERVED TIME   RECORD YEAR NORMAL DEPARTURE LAST
                VALUE   (LST)  VALUE       VALUE  FROM      YEAR
                                                  NORMAL
..................................................................
TEMPERATURE (F)
 TODAY
  MAXIMUM         48    307 PM  79    2010  59    -11       68
  MINIMUM         26    617 AM  19    1960  38    -12       40
  AVERAGE         37                        48    -11       54

PRECIPITATION (IN)
  TODAY            0.00          2.14 2004   0.13  -0.13     0.00
  MONTH TO DATE    0.92                      1.44  -0.52     0.09
  SINCE SEP 1      7.87                      7.74   0.13     4.59
  SINCE JAN 1     40.28                     38.66   1.62    43.05

SNOWFALL (IN)
  TODAY            0.0                                       0.0
  MONTH TO DATE    0.0                                       0.0
  SINCE JUL 1      0.0                                       0.0
  SNOW DEPTH       0

..................................................................


WIND (MPH)
  HIGHEST WIND SPEED     8   HIGHEST WIND DIRECTION     E (90)
  HIGHEST GUST SPEED    12   HIGHEST GUST DIRECTION     E (80)




..........................................................


THE EVANSVILLE IN CLIMATE NORMALS FOR TOMORROW
                         NORMAL    RECORD    YEAR
 MAXIMUM TEMPERATURE (F)   58        77      1949
 MINIMUM TEMPERATURE (F)   38        17      1911


SUNRISE AND SUNSET
NOVEMBER 11 2017......SUNRISE   627 AM CST   SUNSET   441 PM CST
NOVEMBER 12 2017......SUNRISE   628 AM CST   SUNSET   440 PM CST


-  INDICATES NEGATIVE NUMBERS.
R  INDICATES RECORD WAS SET OR TIED.
MM INDICATES DATA IS MISSING.
T  INDICATES TRACE AMOUNT.




$$
