000
CDUS43 KPAH 190635
CLIEVV


CLIMATE REPORT
NATIONAL WEATHER SERVICE PADUCAH KY
1232 AM CST MON JAN 19 2015


...................................

...THE EVANSVILLE IN CLIMATE SUMMARY FOR JANUARY 18 2015...

CLIMATE NORMAL PERIOD 1981 TO 2010
CLIMATE RECORD PERIOD 1896 TO 2015


WEATHER ITEM   OBSERVED TIME   RECORD YEAR NORMAL DEPARTURE LAST
                VALUE   (LST)  VALUE       VALUE  FROM      YEAR
                                                  NORMAL
..................................................................
TEMPERATURE (F)
 YESTERDAY
  MAXIMUM         52    312 PM  70    1929  41     11       38
  MINIMUM         29   1159 PM -15    1994  24      5       15
  AVERAGE         41                        32      9       27

PRECIPITATION (IN)
  YESTERDAY        0.00          1.48 1949   0.10  -0.10     0.05
  MONTH TO DATE    2.56                      1.76   0.80     1.62
  SINCE DEC 1      5.99                      5.52   0.47     8.95
  SINCE JAN 1      2.56                      1.76   0.80     1.62

SNOWFALL (IN)
  YESTERDAY        0.0           2.0  1984   0.1   -0.1      0.0
  MONTH TO DATE    0.1                       1.9   -1.8      0.6
  SINCE DEC 1      0.1                       5.1   -5.0      7.8
  SINCE JUL 1      2.5                       5.4   -2.9      7.8
  SNOW DEPTH       0

DEGREE DAYS
 HEATING
  YESTERDAY       24                        33     -9       38
  MONTH TO DATE  622                       589     33      628
  SINCE DEC 1   1403                      1500    -97     1548
  SINCE JUL 1   2406                      2361     45     2462

 COOLING
  YESTERDAY        0                         0      0        0
  MONTH TO DATE    0                         0      0        0
  SINCE DEC 1      0                         0      0        0
  SINCE JAN 1      0                         0      0        0
..................................................................


WIND (MPH)
  HIGHEST WIND SPEED    21   HIGHEST WIND DIRECTION     W (260)
  HIGHEST GUST SPEED    27   HIGHEST GUST DIRECTION     W (260)
  AVERAGE WIND SPEED     8.5


SKY COVER
  AVERAGE SKY COVER 0.0


WEATHER CONDITIONS
 THE FOLLOWING WEATHER WAS RECORDED YESTERDAY.
  FOG


RELATIVE HUMIDITY (PERCENT)
 HIGHEST    92
 LOWEST     38
 AVERAGE    65

..........................................................


THE EVANSVILLE IN CLIMATE NORMALS FOR TODAY
                         NORMAL    RECORD    YEAR
 MAXIMUM TEMPERATURE (F)   41        69      1951
 MINIMUM TEMPERATURE (F)   24       -17      1994


SUNRISE AND SUNSET
JANUARY 19 2015.......SUNRISE   703 AM CST   SUNSET   458 PM CST
JANUARY 20 2015.......SUNRISE   703 AM CST   SUNSET   500 PM CST


-  INDICATES NEGATIVE NUMBERS.
R  INDICATES RECORD WAS SET OR TIED.
MM INDICATES DATA IS MISSING.
T  INDICATES TRACE AMOUNT.




$$
