000
CDUS43 KPAH 050634
CLIEVV


CLIMATE REPORT
NATIONAL WEATHER SERVICE PADUCAH KY
127 AM CDT WED APR 5 2017


...................................

...THE EVANSVILLE IN CLIMATE SUMMARY FOR APRIL 4 2017...

CLIMATE NORMAL PERIOD 1981 TO 2010
CLIMATE RECORD PERIOD 1896 TO 2017


WEATHER ITEM   OBSERVED TIME   RECORD YEAR NORMAL DEPARTURE LAST
                VALUE   (LST)  VALUE       VALUE  FROM      YEAR
                                                  NORMAL
..................................................................
TEMPERATURE (F)
 YESTERDAY
  MAXIMUM         73    426 PM  86    1934  64      9       66
  MINIMUM         55    615 AM  26    1987  41     14       35
  AVERAGE         64                        52     12       51

PRECIPITATION (IN)
  YESTERDAY        T             1.13 1952   0.12  -0.12      T
  MONTH TO DATE    0.19                      0.53  -0.34      T
  SINCE MAR 1      4.04                      4.77  -0.73     5.87
  SINCE JAN 1      7.31                     11.04  -3.73    12.21

SNOWFALL (IN)
  YESTERDAY        0.0           0.0  2002   0.0    0.0      0.0
                                      2001
  MONTH TO DATE    0.0                       0.0    0.0      0.0
  SINCE MAR 1      1.0                       1.0    0.0       T
  SINCE JUL 1      1.4                      11.7  -10.3     14.2
  SNOW DEPTH       0

DEGREE DAYS
 HEATING
  YESTERDAY        1                        13    -12       14
  MONTH TO DATE   29                        54    -25       59
  SINCE MAR 1    527                       646   -119      464
  SINCE JUL 1   3226                      4220   -994     3282

 COOLING
  YESTERDAY        0                         0      0        0
  MONTH TO DATE    0                         0      0        0
  SINCE MAR 1      5                         3      2        1
  SINCE JAN 1      5                         3      2        1
..................................................................


WIND (MPH)
  HIGHEST WIND SPEED    22   HIGHEST WIND DIRECTION     W (260)
  HIGHEST GUST SPEED    29   HIGHEST GUST DIRECTION     W (260)
  AVERAGE WIND SPEED     9.2


SKY COVER
  AVERAGE SKY COVER 0.5


WEATHER CONDITIONS
 THE FOLLOWING WEATHER WAS RECORDED YESTERDAY.
  LIGHT RAIN


RELATIVE HUMIDITY (PERCENT)
 HIGHEST    84
 LOWEST     49
 AVERAGE    67

..........................................................


THE EVANSVILLE IN CLIMATE NORMALS FOR TODAY
                         NORMAL    RECORD    YEAR
 MAXIMUM TEMPERATURE (F)   64        87      1988
 MINIMUM TEMPERATURE (F)   41        24      1944


SUNRISE AND SUNSET
APRIL  5 2017.........SUNRISE   629 AM CDT   SUNSET   717 PM CDT
APRIL  6 2017.........SUNRISE   627 AM CDT   SUNSET   718 PM CDT


-  INDICATES NEGATIVE NUMBERS.
R  INDICATES RECORD WAS SET OR TIED.
MM INDICATES DATA IS MISSING.
T  INDICATES TRACE AMOUNT.




$$
