177
CDUS43 KPAH 192130
CLIEVV


CLIMATE REPORT
NATIONAL WEATHER SERVICE PADUCAH KY
427 PM CDT FRI MAY 19 2017

...................................

...THE EVANSVILLE IN CLIMATE SUMMARY FOR MAY 19 2017...
VALID TODAY AS OF 0400 PM LOCAL TIME.

CLIMATE NORMAL PERIOD 1981 TO 2010
CLIMATE RECORD PERIOD 1896 TO 2017

WEATHER ITEM   OBSERVED TIME   RECORD YEAR NORMAL DEPARTURE LAST
                VALUE   (LST)  VALUE       VALUE  FROM      YEAR
                                                  NORMAL
..................................................................
TEMPERATURE (F)
 TODAY
  MAXIMUM         92    220 PM  93    1962  78     14       72
  MINIMUM         72    529 AM  37    2002  55     17       46
  AVERAGE         82                        67     15       59

PRECIPITATION (IN)
  TODAY            0.00          1.43 1943   0.17  -0.17     0.00
  MONTH TO DATE    2.63                      3.31  -0.68     3.56
  SINCE MAR 1     16.37                     11.92   4.45    14.92
  SINCE JAN 1     19.64                     18.19   1.45    21.26

SNOWFALL (IN)
  TODAY            0.0                                       0.0
  MONTH TO DATE    0.0                                       0.0
  SINCE JUL 1      1.4                                      14.2
  SNOW DEPTH       0
..................................................................

WIND (MPH)
  HIGHEST WIND SPEED    22   HIGHEST WIND DIRECTION    SW (240)
  HIGHEST GUST SPEED    27   HIGHEST GUST DIRECTION     W (270)
..........................................................

THE EVANSVILLE IN CLIMATE NORMALS FOR TOMORROW
                         NORMAL    RECORD    YEAR
 MAXIMUM TEMPERATURE (F)   78        93      1987
                                             1962
 MINIMUM TEMPERATURE (F)   56        39      2002

SUNRISE AND SUNSET
MAY 19 2017...........SUNRISE   536 AM CDT   SUNSET   757 PM CDT
MAY 20 2017...........SUNRISE   536 AM CDT   SUNSET   758 PM CDT

-  INDICATES NEGATIVE NUMBERS.
R  INDICATES RECORD WAS SET OR TIED.
MM INDICATES DATA IS MISSING.
T  INDICATES TRACE AMOUNT.

$$
