000
CDUS43 KPAH 170635
CLIEVV


CLIMATE REPORT
NATIONAL WEATHER SERVICE PADUCAH KY
133 AM CDT TUE MAR 17 2015


...................................

...THE EVANSVILLE IN CLIMATE SUMMARY FOR MARCH 16 2015...

CLIMATE NORMAL PERIOD 1981 TO 2010
CLIMATE RECORD PERIOD 1896 TO 2015


WEATHER ITEM   OBSERVED TIME   RECORD YEAR NORMAL DEPARTURE LAST
                VALUE   (LST)  VALUE       VALUE  FROM      YEAR
                                                  NORMAL
..................................................................
TEMPERATURE (F)
 YESTERDAY
  MAXIMUM         75    423 PM  83    1945  57     18       51
  MINIMUM         45    622 AM  14    1900  35     10       30
  AVERAGE         60                        46     14       41

PRECIPITATION (IN)
  YESTERDAY        0.00          2.71 1919   0.14  -0.14     0.29
  MONTH TO DATE    5.64                      2.03   3.61     1.31
  SINCE MAR 1      5.64                      2.03   3.61     1.31
  SINCE JAN 1     11.17                      8.30   2.87     5.26

SNOWFALL (IN)
  YESTERDAY        0.0           0.2  2014   0.0    0.0      0.2
                                      1976
  MONTH TO DATE    8.5                       0.7    7.8      2.4
  SINCE MAR 1      8.5                       0.7    7.8      2.4
  SINCE JUL 1     18.5                      11.4    7.1     12.4
  SNOW DEPTH       0

DEGREE DAYS
 HEATING
  YESTERDAY        5                        19    -14       24
  MONTH TO DATE  370                       344     26      397
  SINCE MAR 1    370                       344     26      397
  SINCE JUL 1   4206                      3918    288     4359

 COOLING
  YESTERDAY        0                         0      0        0
  MONTH TO DATE    0                         0      0        0
  SINCE MAR 1      0                         0      0        0
  SINCE JAN 1      0                         0      0        0
..................................................................


WIND (MPH)
  HIGHEST WIND SPEED    21   HIGHEST WIND DIRECTION    SW (210)
  HIGHEST GUST SPEED    24   HIGHEST GUST DIRECTION    SW (210)
  AVERAGE WIND SPEED     9.3


SKY COVER
  AVERAGE SKY COVER 0.0


WEATHER CONDITIONS
 THE FOLLOWING WEATHER WAS RECORDED YESTERDAY.
  NO SIGNIFICANT WEATHER WAS OBSERVED.


RELATIVE HUMIDITY (PERCENT)
 HIGHEST    77
 LOWEST     38
 AVERAGE    58

..........................................................


THE EVANSVILLE IN CLIMATE NORMALS FOR TODAY
                         NORMAL    RECORD    YEAR
 MAXIMUM TEMPERATURE (F)   57        80      2012
 MINIMUM TEMPERATURE (F)   36        13      1900


SUNRISE AND SUNSET
MARCH 17 2015.........SUNRISE   659 AM CDT   SUNSET   659 PM CDT
MARCH 18 2015.........SUNRISE   657 AM CDT   SUNSET   700 PM CDT


-  INDICATES NEGATIVE NUMBERS.
R  INDICATES RECORD WAS SET OR TIED.
MM INDICATES DATA IS MISSING.
T  INDICATES TRACE AMOUNT.




$$
