271
CDUS43 KPAH 122234
CLIEVV


CLIMATE REPORT
NATIONAL WEATHER SERVICE PADUCAH KY
433 PM CST FRI JAN 12 2018


...................................

...THE EVANSVILLE IN CLIMATE SUMMARY FOR JANUARY 12 2018...
VALID TODAY AS OF 0400 PM LOCAL TIME.

CLIMATE NORMAL PERIOD 1981 TO 2010
CLIMATE RECORD PERIOD 1896 TO 2018


WEATHER ITEM   OBSERVED TIME   RECORD YEAR NORMAL DEPARTURE LAST
                VALUE   (LST)  VALUE       VALUE  FROM      YEAR
                                                  NORMAL
..................................................................
TEMPERATURE (F)
 TODAY
  MAXIMUM         33   1202 AM  69    2017  41     -8       69
                                      2005
                                      1960
  MINIMUM         19    838 AM -16    1918  24     -5       34
  AVERAGE         26                        32     -6       52

PRECIPITATION (IN)
  TODAY            0.77          1.93 2013   0.09   0.68     0.22
  MONTH TO DATE    1.63                      1.18   0.45     0.72
  SINCE DEC 1      4.05                      4.94  -0.89     4.64
  SINCE JAN 1      1.63                      1.18   0.45     0.72

SNOWFALL (IN)
  TODAY            1.5                                       0.0
  MONTH TO DATE    1.5                                       0.4
  SINCE JUL 1      1.5                                       0.4
  SNOW DEPTH       2

..................................................................


WIND (MPH)
  HIGHEST WIND SPEED    24   HIGHEST WIND DIRECTION    NW (320)
  HIGHEST GUST SPEED    36   HIGHEST GUST DIRECTION    NW (330)




..........................................................


THE EVANSVILLE IN CLIMATE NORMALS FOR TOMORROW
                         NORMAL    RECORD    YEAR
 MAXIMUM TEMPERATURE (F)   41        67      1995
 MINIMUM TEMPERATURE (F)   24        -8      1977


SUNRISE AND SUNSET
JANUARY 12 2018.......SUNRISE   706 AM CST   SUNSET   451 PM CST
JANUARY 13 2018.......SUNRISE   706 AM CST   SUNSET   452 PM CST


-  INDICATES NEGATIVE NUMBERS.
R  INDICATES RECORD WAS SET OR TIED.
MM INDICATES DATA IS MISSING.
T  INDICATES TRACE AMOUNT.




$$
