000
CDUS43 KPAH 112144
CLIEVV


CLIMATE REPORT
NATIONAL WEATHER SERVICE PADUCAH KY
439 PM CDT FRI JUL 11 2014


...................................

...THE EVANSVILLE IN CLIMATE SUMMARY FOR JULY 11 2014...
VALID TODAY AS OF 0400 PM LOCAL TIME.

CLIMATE NORMAL PERIOD 1981 TO 2010
CLIMATE RECORD PERIOD 1896 TO 2014


WEATHER ITEM   OBSERVED TIME   RECORD YEAR NORMAL DEPARTURE LAST
                VALUE   (LST)  VALUE       VALUE  FROM      YEAR
                                                  NORMAL
..................................................................
TEMPERATURE (F)
 TODAY
  MAXIMUM         89    211 PM 104    1901  89      0       84
  MINIMUM         64    504 AM  51    1963  68     -4       67
  AVERAGE         77                        78     -1       76

PRECIPITATION (IN)
  TODAY            0.00          2.20 1969   0.14  -0.14     0.00
  MONTH TO DATE    2.28                      1.46   0.82     0.38
  SINCE JUN 1      6.15                      5.24   0.91     7.93
  SINCE JAN 1     27.64                     25.48   2.16    30.48

SNOWFALL (IN)
  TODAY            0.0                                       0.0
  MONTH TO DATE    0.0                                       0.0
  SINCE JUL 1      0.0                                       0.0
  SNOW DEPTH       0

..................................................................


WIND (MPH)
  HIGHEST WIND SPEED     9   HIGHEST WIND DIRECTION    NW (330)
  HIGHEST GUST SPEED    16   HIGHEST GUST DIRECTION    SW (240)




..........................................................


THE EVANSVILLE IN CLIMATE NORMALS FOR TOMORROW
                         NORMAL    RECORD    YEAR
 MAXIMUM TEMPERATURE (F)   89       107      1936
 MINIMUM TEMPERATURE (F)   68        55      1963


SUNRISE AND SUNSET
JULY 11 2014..........SUNRISE   537 AM CDT   SUNSET   814 PM CDT
JULY 12 2014..........SUNRISE   537 AM CDT   SUNSET   814 PM CDT


-  INDICATES NEGATIVE NUMBERS.
R  INDICATES RECORD WAS SET OR TIED.
MM INDICATES DATA IS MISSING.
T  INDICATES TRACE AMOUNT.




$$
