000
CDUS43 KPAH 070652
CLIEVV


CLIMATE REPORT
NATIONAL WEATHER SERVICE PADUCAH KY
143 AM CDT FRI JUL 7 2017


...................................

...THE EVANSVILLE IN CLIMATE SUMMARY FOR JULY 6 2017...

CLIMATE NORMAL PERIOD 1981 TO 2010
CLIMATE RECORD PERIOD 1896 TO 2017


WEATHER ITEM   OBSERVED TIME   RECORD YEAR NORMAL DEPARTURE LAST
                VALUE   (LST)  VALUE       VALUE  FROM      YEAR
                                                  NORMAL
..................................................................
TEMPERATURE (F)
 YESTERDAY
  MAXIMUM         84    505 PM 104    2012  89     -5       86
  MINIMUM         70   1158 PM  52    1951  68      2       71
  AVERAGE         77                        78     -1       79

PRECIPITATION (IN)
  YESTERDAY        0.65          1.85 1910   0.13   0.52     0.19
  MONTH TO DATE    0.65                      0.78  -0.13     3.99
  SINCE JUN 1      4.25                      4.56  -0.31     8.36
  SINCE JAN 1     25.25                     24.80   0.45    30.11

SNOWFALL (IN)
  YESTERDAY        0.0          MM      MM   0.0    0.0      0.0
  MONTH TO DATE    0.0                       0.0    0.0      0.0
  SINCE JUN 1      0.0                       0.0    0.0      0.0
  SINCE JUL 1      0.0                       0.0    0.0      0.0
  SNOW DEPTH       0

DEGREE DAYS
 HEATING
  YESTERDAY        0                         0      0        0
  MONTH TO DATE    0                         0      0        0
  SINCE JUN 1      0                         6     -6        0
  SINCE JUL 1      0                         0      0        0

 COOLING
  YESTERDAY       12                        13     -1       14
  MONTH TO DATE   75                        78     -3       66
  SINCE JUN 1    381                       376      5      452
  SINCE JAN 1    606                       511     95      557
..................................................................


WIND (MPH)
  HIGHEST WIND SPEED     9   HIGHEST WIND DIRECTION     W (280)
  HIGHEST GUST SPEED    13   HIGHEST GUST DIRECTION    NW (320)
  AVERAGE WIND SPEED     2.9


SKY COVER
  AVERAGE SKY COVER 0.6


WEATHER CONDITIONS
 THE FOLLOWING WEATHER WAS RECORDED YESTERDAY.
  RAIN
  LIGHT RAIN
  FOG


RELATIVE HUMIDITY (PERCENT)
 HIGHEST    93
 LOWEST     61
 AVERAGE    77

..........................................................


THE EVANSVILLE IN CLIMATE NORMALS FOR TODAY
                         NORMAL    RECORD    YEAR
 MAXIMUM TEMPERATURE (F)   89       106      1936
 MINIMUM TEMPERATURE (F)   68        52      1983
                                             1972


SUNRISE AND SUNSET
JULY  7 2017..........SUNRISE   534 AM CDT   SUNSET   816 PM CDT
JULY  8 2017..........SUNRISE   535 AM CDT   SUNSET   815 PM CDT


-  INDICATES NEGATIVE NUMBERS.
R  INDICATES RECORD WAS SET OR TIED.
MM INDICATES DATA IS MISSING.
T  INDICATES TRACE AMOUNT.




$$
