000
CDUS43 KPAH 080634
CLIEVV


CLIMATE REPORT
NATIONAL WEATHER SERVICE PADUCAH KY
129 AM CDT THU SEP 8 2016


...................................

...THE EVANSVILLE IN CLIMATE SUMMARY FOR SEPTEMBER 7 2016...

CLIMATE NORMAL PERIOD 1981 TO 2010
CLIMATE RECORD PERIOD 1896 TO 2016


WEATHER ITEM   OBSERVED TIME   RECORD YEAR NORMAL DEPARTURE LAST
                VALUE   (LST)  VALUE       VALUE  FROM      YEAR
                                                  NORMAL
..................................................................
TEMPERATURE (F)
 YESTERDAY
  MAXIMUM         95    232 PM 101    1925  85     10       93
  MINIMUM         69    355 AM  43    1988  61      8       69
  AVERAGE         82                        72     10       81

PRECIPITATION (IN)
  YESTERDAY        0.00          1.49 1914   0.10  -0.10     0.00
  MONTH TO DATE    0.00                      0.67  -0.67     0.00
  SINCE SEP 1      0.00                      0.67  -0.67     0.00
  SINCE JAN 1     38.46                     31.59   6.87    37.56

SNOWFALL (IN)
  YESTERDAY        0.0           T    1990   0.0    0.0      0.0
  MONTH TO DATE    0.0                       0.0    0.0      0.0
  SINCE SEP 1      0.0                       0.0    0.0      0.0
  SINCE JUL 1      0.0                       0.0    0.0      0.0
  SNOW DEPTH       0

DEGREE DAYS
 HEATING
  YESTERDAY        0                         0      0        0
  MONTH TO DATE    0                         0      0        0
  SINCE SEP 1      0                         0      0        0
  SINCE JUL 1      0                         1     -1        0

 COOLING
  YESTERDAY       17                         8      9       16
  MONTH TO DATE   78                        61     17      113
  SINCE SEP 1     78                        61     17      113
  SINCE JAN 1   1464                      1260    204     1412
..................................................................


WIND (MPH)
  HIGHEST WIND SPEED    18   HIGHEST WIND DIRECTION    SW (230)
  HIGHEST GUST SPEED    25   HIGHEST GUST DIRECTION    SW (210)
  AVERAGE WIND SPEED     7.7


SKY COVER
  AVERAGE SKY COVER 0.1


WEATHER CONDITIONS
 THE FOLLOWING WEATHER WAS RECORDED YESTERDAY.
  NO SIGNIFICANT WEATHER WAS OBSERVED.


RELATIVE HUMIDITY (PERCENT)
 HIGHEST    97
 LOWEST     41
 AVERAGE    69

..........................................................


THE EVANSVILLE IN CLIMATE NORMALS FOR TODAY
                         NORMAL    RECORD    YEAR
 MAXIMUM TEMPERATURE (F)   84       101      1939
 MINIMUM TEMPERATURE (F)   60        43      1986


SUNRISE AND SUNSET
SEPTEMBER  8 2016.....SUNRISE   626 AM CDT   SUNSET   708 PM CDT
SEPTEMBER  9 2016.....SUNRISE   627 AM CDT   SUNSET   707 PM CDT


-  INDICATES NEGATIVE NUMBERS.
R  INDICATES RECORD WAS SET OR TIED.
MM INDICATES DATA IS MISSING.
T  INDICATES TRACE AMOUNT.




$$
