438
CDUS43 KPAH 090706
CLIEVV


CLIMATE REPORT
NATIONAL WEATHER SERVICE PADUCAH KY
202 AM CDT WED AUG 9 2017


...................................

...THE EVANSVILLE IN CLIMATE SUMMARY FOR AUGUST 8 2017...

CLIMATE NORMAL PERIOD 1981 TO 2010
CLIMATE RECORD PERIOD 1896 TO 2017


WEATHER ITEM   OBSERVED TIME   RECORD YEAR NORMAL DEPARTURE LAST
                VALUE   (LST)  VALUE       VALUE  FROM      YEAR
                                                  NORMAL
..................................................................
TEMPERATURE (F)
 YESTERDAY
  MAXIMUM         83    334 PM 105    1930  88     -5       88
  MINIMUM         63    534 AM  52    1989  66     -3       67
  AVERAGE         73                        77     -4       78

PRECIPITATION (IN)
  YESTERDAY        0.00          1.23 1898   0.09  -0.09     0.00
  MONTH TO DATE    1.40                      0.75   0.65      T
  SINCE JUN 1     10.66                      8.45   2.21    13.57
  SINCE JAN 1     31.66                     28.69   2.97    35.32

SNOWFALL (IN)
  YESTERDAY        0.0           0.0  2002   0.0    0.0      0.0
                                      2001
  MONTH TO DATE    0.0                       0.0    0.0      0.0
  SINCE JUN 1      0.0                       0.0    0.0      0.0
  SINCE JUL 1      0.0                       0.0    0.0      0.0
  SNOW DEPTH       0

DEGREE DAYS
 HEATING
  YESTERDAY        0                         0      0        0
  MONTH TO DATE    0                         0      0        0
  SINCE JUN 1      0                         6     -6        0
  SINCE JUL 1      0                         0      0        0

 COOLING
  YESTERDAY        8                        12     -4       13
  MONTH TO DATE   63                        99    -36      123
  SINCE JUN 1    826                       800     26      955
  SINCE JAN 1   1051                       935    116     1060
..................................................................


WIND (MPH)
  HIGHEST WIND SPEED    13   HIGHEST WIND DIRECTION    NE (40)
  HIGHEST GUST SPEED    17   HIGHEST GUST DIRECTION    NE (30)
  AVERAGE WIND SPEED     7.2


SKY COVER
  AVERAGE SKY COVER 0.2


WEATHER CONDITIONS
 THE FOLLOWING WEATHER WAS RECORDED YESTERDAY.
  NO SIGNIFICANT WEATHER WAS OBSERVED.


RELATIVE HUMIDITY (PERCENT)
 HIGHEST    87
 LOWEST     45
 AVERAGE    66

..........................................................


THE EVANSVILLE IN CLIMATE NORMALS FOR TODAY
                         NORMAL    RECORD    YEAR
 MAXIMUM TEMPERATURE (F)   88       105      1930
 MINIMUM TEMPERATURE (F)   66        51      1976


SUNRISE AND SUNSET
AUGUST  9 2017........SUNRISE   600 AM CDT   SUNSET   750 PM CDT
AUGUST 10 2017........SUNRISE   601 AM CDT   SUNSET   749 PM CDT


-  INDICATES NEGATIVE NUMBERS.
R  INDICATES RECORD WAS SET OR TIED.
MM INDICATES DATA IS MISSING.
T  INDICATES TRACE AMOUNT.




$$
