000
CDUS43 KPAH 120634
CLIEVV


CLIMATE REPORT
NATIONAL WEATHER SERVICE PADUCAH KY
130 AM CDT TUE AUG 12 2014


...................................

...THE EVANSVILLE IN CLIMATE SUMMARY FOR AUGUST 11 2014...

CLIMATE NORMAL PERIOD 1981 TO 2010
CLIMATE RECORD PERIOD 1896 TO 2014


WEATHER ITEM   OBSERVED TIME   RECORD YEAR NORMAL DEPARTURE LAST
                VALUE   (LST)  VALUE       VALUE  FROM      YEAR
                                                  NORMAL
..................................................................
TEMPERATURE (F)
 YESTERDAY
  MAXIMUM         86    138 PM 101    1941  88     -2       89
                                      1918
  MINIMUM         71    327 AM  50    1967  66      5       67
  AVERAGE         79                        77      2       78

PRECIPITATION (IN)
  YESTERDAY        0.01          1.80 1952   0.10  -0.09     0.00
  MONTH TO DATE    1.59                      1.04   0.55     0.03
  SINCE JUN 1      9.48                      8.74   0.74    11.17
  SINCE JAN 1     30.97                     28.98   1.99    33.72

SNOWFALL (IN)
  YESTERDAY        0.0           0.0  2002   0.0    0.0      0.0
                                      2001
  MONTH TO DATE    0.0                       0.0    0.0      0.0
  SINCE JUN 1      0.0                       0.0    0.0      0.0
  SINCE JUL 1      0.0                       0.0    0.0      0.0
  SNOW DEPTH       0

DEGREE DAYS
 HEATING
  YESTERDAY        0                         0      0        0
  MONTH TO DATE    0                         0      0        0
  SINCE JUN 1      0                         6     -6        1
  SINCE JUL 1      0                         0      0        0

 COOLING
  YESTERDAY       14                        12      2       13
  MONTH TO DATE  136                       135      1      134
  SINCE JUN 1    793                       836    -43      781
  SINCE JAN 1   1004                       971     33      952
..................................................................


WIND (MPH)
  HIGHEST WIND SPEED    15   HIGHEST WIND DIRECTION    NW (310)
  HIGHEST GUST SPEED    22   HIGHEST GUST DIRECTION     N (340)
  AVERAGE WIND SPEED     4.8


SKY COVER
  AVERAGE SKY COVER 0.5


WEATHER CONDITIONS
 THE FOLLOWING WEATHER WAS RECORDED YESTERDAY.
  LIGHT RAIN
  FOG
  HAZE


RELATIVE HUMIDITY (PERCENT)
 HIGHEST    93
 LOWEST     61
 AVERAGE    77

..........................................................


THE EVANSVILLE IN CLIMATE NORMALS FOR TODAY
                         NORMAL    RECORD    YEAR
 MAXIMUM TEMPERATURE (F)   88       101      2010
 MINIMUM TEMPERATURE (F)   66        50      1967
                                             1964


SUNRISE AND SUNSET
AUGUST 12 2014........SUNRISE   603 AM CDT   SUNSET   747 PM CDT
AUGUST 13 2014........SUNRISE   603 AM CDT   SUNSET   746 PM CDT


-  INDICATES NEGATIVE NUMBERS.
R  INDICATES RECORD WAS SET OR TIED.
MM INDICATES DATA IS MISSING.
T  INDICATES TRACE AMOUNT.




$$
