000
CDUS43 KPAH 290635
CLIEVV


CLIMATE REPORT
NATIONAL WEATHER SERVICE PADUCAH KY
1233 AM CST THU JAN 29 2015


...................................

...THE EVANSVILLE IN CLIMATE SUMMARY FOR JANUARY 28 2015...

CLIMATE NORMAL PERIOD 1981 TO 2010
CLIMATE RECORD PERIOD 1896 TO 2015


WEATHER ITEM   OBSERVED TIME   RECORD YEAR NORMAL DEPARTURE LAST
                VALUE   (LST)  VALUE       VALUE  FROM      YEAR
                                                  NORMAL
..................................................................
TEMPERATURE (F)
 YESTERDAY
  MAXIMUM         44   1159 PM  69    1970  42      2       17
  MINIMUM         28    714 AM -18    1963  24      4        3
  AVERAGE         36                        33      3       10

PRECIPITATION (IN)
  YESTERDAY        0.00          1.73 1916   0.10  -0.10     0.00
  MONTH TO DATE    2.95                      2.77   0.18     1.67
  SINCE DEC 1      6.38                      6.53  -0.15     9.00
  SINCE JAN 1      2.95                      2.77   0.18     1.67

SNOWFALL (IN)
  YESTERDAY        0.0           2.7  2009   0.1   -0.1      0.0
  MONTH TO DATE    0.2                       3.0   -2.8      0.6
  SINCE DEC 1      0.2                       6.2   -6.0      7.8
  SINCE JUL 1      2.6                       6.5   -3.9      7.8
  SNOW DEPTH       0

DEGREE DAYS
 HEATING
  YESTERDAY       29                        32     -3       55
  MONTH TO DATE  901                       914    -13     1027
  SINCE DEC 1   1682                      1825   -143     1947
  SINCE JUL 1   2685                      2686     -1     2861

 COOLING
  YESTERDAY        0                         0      0        0
  MONTH TO DATE    0                         0      0        0
  SINCE DEC 1      0                         0      0        0
  SINCE JAN 1      0                         0      0        0
..................................................................


WIND (MPH)
  HIGHEST WIND SPEED    14   HIGHEST WIND DIRECTION    SE (140)
  HIGHEST GUST SPEED    20   HIGHEST GUST DIRECTION     S (160)
  AVERAGE WIND SPEED     7.5


SKY COVER
  AVERAGE SKY COVER 0.2


WEATHER CONDITIONS
 THE FOLLOWING WEATHER WAS RECORDED YESTERDAY.
  NO SIGNIFICANT WEATHER WAS OBSERVED.


RELATIVE HUMIDITY (PERCENT)
 HIGHEST    75
 LOWEST     41
 AVERAGE    58

..........................................................


THE EVANSVILLE IN CLIMATE NORMALS FOR TODAY
                         NORMAL    RECORD    YEAR
 MAXIMUM TEMPERATURE (F)   42        70      1975
 MINIMUM TEMPERATURE (F)   24        -8      1966


SUNRISE AND SUNSET
JANUARY 29 2015.......SUNRISE   657 AM CST   SUNSET   510 PM CST
JANUARY 30 2015.......SUNRISE   657 AM CST   SUNSET   511 PM CST


-  INDICATES NEGATIVE NUMBERS.
R  INDICATES RECORD WAS SET OR TIED.
MM INDICATES DATA IS MISSING.
T  INDICATES TRACE AMOUNT.




$$
