000
CDUS43 KPAH 220633
CLIEVV


CLIMATE REPORT
NATIONAL WEATHER SERVICE PADUCAH KY
131 AM CDT MON SEP 22 2014

...................................

...THE EVANSVILLE IN CLIMATE SUMMARY FOR SEPTEMBER 21 2014...

CLIMATE NORMAL PERIOD 1981 TO 2010
CLIMATE RECORD PERIOD 1896 TO 2014

WEATHER ITEM   OBSERVED TIME   RECORD YEAR NORMAL DEPARTURE LAST
                VALUE   (LST)  VALUE       VALUE  FROM      YEAR
                                                  NORMAL
..................................................................
TEMPERATURE (F)
 YESTERDAY
  MAXIMUM         79    326 PM  98    2010  79      0       74
  MINIMUM         58   1159 PM  37    1991  54      4       54
                                      1897
  AVERAGE         69                        67      2       64

PRECIPITATION (IN)
  YESTERDAY        0.91          2.83 1996   0.09   0.82     0.04
  MONTH TO DATE    2.55                      2.11   0.44     2.25
  SINCE SEP 1      2.55                      2.11   0.44     2.25
  SINCE JAN 1     36.73                     33.03   3.70    37.58

SNOWFALL (IN)
  YESTERDAY        0.0           0.0  2002   0.0    0.0      0.0
                                      2001
  MONTH TO DATE    0.0                       0.0    0.0      0.0
  SINCE SEP 1      0.0                       0.0    0.0      0.0
  SINCE JUL 1      0.0                       0.0    0.0      0.0
  SNOW DEPTH       0

DEGREE DAYS
 HEATING
  YESTERDAY        0                         2     -2        1
  MONTH TO DATE   27                        15     12        5
  SINCE SEP 1     27                        15     12        5
  SINCE JUL 1     27                        16     11        5

 COOLING
  YESTERDAY        4                         4      0        0
  MONTH TO DATE  122                       140    -18      182
  SINCE SEP 1    122                       140    -18      182
  SINCE JAN 1   1402                      1339     63     1374
..................................................................

WIND (MPH)
  HIGHEST WIND SPEED    18   HIGHEST WIND DIRECTION    NW (320)
  HIGHEST GUST SPEED    25   HIGHEST GUST DIRECTION     W (290)
  AVERAGE WIND SPEED     8.3

SKY COVER
  AVERAGE SKY COVER 0.2

WEATHER CONDITIONS
 THE FOLLOWING WEATHER WAS RECORDED YESTERDAY.
  THUNDERSTORM
  HEAVY RAIN
  RAIN
  LIGHT RAIN
  FOG

RELATIVE HUMIDITY (PERCENT)
 HIGHEST    90
 LOWEST     35
 AVERAGE    63
..........................................................

THE EVANSVILLE IN CLIMATE NORMALS FOR TODAY
                         NORMAL    RECORD    YEAR
 MAXIMUM TEMPERATURE (F)   79        94      2010
                                             1940
 MINIMUM TEMPERATURE (F)   54        36      1983

SUNRISE AND SUNSET
SEPTEMBER 22 2014.....SUNRISE   638 AM CDT   SUNSET   647 PM CDT
SEPTEMBER 23 2014.....SUNRISE   639 AM CDT   SUNSET   646 PM CDT

-  INDICATES NEGATIVE NUMBERS.
R  INDICATES RECORD WAS SET OR TIED.
MM INDICATES DATA IS MISSING.
T  INDICATES TRACE AMOUNT.

$$
