000
CDUS43 KPAH 050629
CLIEVV


CLIMATE REPORT
NATIONAL WEATHER SERVICE PADUCAH KY
128 AM CDT THU MAY 5 2016

...................................

...THE EVANSVILLE IN CLIMATE SUMMARY FOR MAY 4 2016...

CLIMATE NORMAL PERIOD 1981 TO 2010
CLIMATE RECORD PERIOD 1896 TO 2016

WEATHER ITEM   OBSERVED TIME   RECORD YEAR NORMAL DEPARTURE LAST
                VALUE   (LST)  VALUE       VALUE  FROM      YEAR
                                                  NORMAL
..................................................................
TEMPERATURE (F)
 YESTERDAY
  MAXIMUM         66    236 PM  91    1959  74     -8       85
  MINIMUM         47    317 AM  32    1976  51     -4       59
  AVERAGE         57                        62     -5       72

PRECIPITATION (IN)
  YESTERDAY        0.15          1.12 2003   0.17  -0.02     0.00
                                      1990
  MONTH TO DATE    0.28                      0.68  -0.40     0.00
  SINCE MAR 1     11.64                      9.29   2.35    13.47
  SINCE JAN 1     17.98                     15.56   2.42    19.00

SNOWFALL (IN)
  YESTERDAY        0.0           T    1951   0.0    0.0      0.0
  MONTH TO DATE    0.0                       0.0    0.0      0.0
  SINCE MAR 1      T                         1.1   -1.1      8.5
  SINCE JUL 1     14.2                      11.8    2.4     18.5
  SNOW DEPTH       0

DEGREE DAYS
 HEATING
  YESTERDAY        8                         4      4        0
  MONTH TO DATE   22                        19      3       12
  SINCE MAR 1    668                       900   -232      827
  SINCE JUL 1   3486                      4474   -988     4663

 COOLING
  YESTERDAY        0                         2     -2        7
  MONTH TO DATE    2                         5     -3        9
  SINCE MAR 1     24                        32     -8       37
  SINCE JAN 1     24                        32     -8       37
..................................................................

WIND (MPH)
  HIGHEST WIND SPEED    21   HIGHEST WIND DIRECTION    NW (320)
  HIGHEST GUST SPEED    32   HIGHEST GUST DIRECTION    NW (300)
  AVERAGE WIND SPEED     8.3

SKY COVER
  AVERAGE SKY COVER 0.7

WEATHER CONDITIONS
 THE FOLLOWING WEATHER WAS RECORDED YESTERDAY.
  LIGHT RAIN
  FOG

RELATIVE HUMIDITY (PERCENT)
 HIGHEST    89
 LOWEST     48
 AVERAGE    69
..........................................................

THE EVANSVILLE IN CLIMATE NORMALS FOR TODAY
                         NORMAL    RECORD    YEAR
 MAXIMUM TEMPERATURE (F)   74        93      1959
                                             1952
 MINIMUM TEMPERATURE (F)   51        36      1957
                                             1944

SUNRISE AND SUNSET
MAY  5 2016...........SUNRISE   549 AM CDT   SUNSET   745 PM CDT
MAY  6 2016...........SUNRISE   548 AM CDT   SUNSET   746 PM CDT

-  INDICATES NEGATIVE NUMBERS.
R  INDICATES RECORD WAS SET OR TIED.
MM INDICATES DATA IS MISSING.
T  INDICATES TRACE AMOUNT.

$$
