000
CDUS43 KPAH 210634
CLIEVV


CLIMATE REPORT
NATIONAL WEATHER SERVICE PADUCAH KY
1231 AM CST TUE FEB 21 2017


...................................

...THE EVANSVILLE IN CLIMATE SUMMARY FOR FEBRUARY 20 2017...

CLIMATE NORMAL PERIOD 1981 TO 2010
CLIMATE RECORD PERIOD 1896 TO 2017


WEATHER ITEM   OBSERVED TIME   RECORD YEAR NORMAL DEPARTURE LAST
                VALUE   (LST)  VALUE       VALUE  FROM      YEAR
                                                  NORMAL
..................................................................
TEMPERATURE (F)
 YESTERDAY
  MAXIMUM         74    254 PM  75    2016  48     26       75
  MINIMUM         42    612 AM  -7    2015  28     14       43
  AVERAGE         58                        38     20       59

PRECIPITATION (IN)
  YESTERDAY        0.00          2.26 1951   0.11  -0.11     0.00
  MONTH TO DATE    0.64                      2.29  -1.65     2.23
  SINCE DEC 1      6.83                      9.15  -2.32     9.43
  SINCE JAN 1      2.91                      5.39  -2.48     4.23

SNOWFALL (IN)
  YESTERDAY        0.0           0.6  1963   0.1   -0.1      0.0
  MONTH TO DATE    T                         2.9   -2.9      3.3
  SINCE DEC 1      0.4                       9.5   -9.1     14.2
  SINCE JUL 1      0.4                       9.8   -9.4     14.2
  SNOW DEPTH       0

DEGREE DAYS
 HEATING
  YESTERDAY        7                        27    -20        6
  MONTH TO DATE  422                       591   -169      543
  SINCE DEC 1   2085                      2509   -424     2024
  SINCE JUL 1   2615                      3370   -755     2633

 COOLING
  YESTERDAY        0                         0      0        0
  MONTH TO DATE    0                         0      0        0
  SINCE DEC 1      0                         0      0        3
  SINCE JAN 1      0                         0      0        0
..................................................................


WIND (MPH)
  HIGHEST WIND SPEED    13   HIGHEST WIND DIRECTION     S (180)
  HIGHEST GUST SPEED    19   HIGHEST GUST DIRECTION    SE (140)
  AVERAGE WIND SPEED     4.9


SKY COVER
  AVERAGE SKY COVER 0.3


WEATHER CONDITIONS
 THE FOLLOWING WEATHER WAS RECORDED YESTERDAY.
  FOG
  FOG W/VISIBILITY <= 1/4 MILE
  HAZE


RELATIVE HUMIDITY (PERCENT)
 HIGHEST    96
 LOWEST     46
 AVERAGE    71

..........................................................


THE EVANSVILLE IN CLIMATE NORMALS FOR TODAY
                         NORMAL    RECORD    YEAR
 MAXIMUM TEMPERATURE (F)   48        72      1922
 MINIMUM TEMPERATURE (F)   29        -3      1963


SUNRISE AND SUNSET
FEBRUARY 21 2017......SUNRISE   632 AM CST   SUNSET   536 PM CST
FEBRUARY 22 2017......SUNRISE   631 AM CST   SUNSET   537 PM CST


-  INDICATES NEGATIVE NUMBERS.
R  INDICATES RECORD WAS SET OR TIED.
MM INDICATES DATA IS MISSING.
T  INDICATES TRACE AMOUNT.




$$
