000
CDUS43 KPAH 240627
CLIEVV


CLIMATE REPORT
NATIONAL WEATHER SERVICE PADUCAH KY
126 AM CDT SUN JUL 24 2016

...................................

...THE EVANSVILLE IN CLIMATE SUMMARY FOR JULY 23 2016...

CLIMATE NORMAL PERIOD 1981 TO 2010
CLIMATE RECORD PERIOD 1896 TO 2016

WEATHER ITEM   OBSERVED TIME   RECORD YEAR NORMAL DEPARTURE LAST
                VALUE   (LST)  VALUE       VALUE  FROM      YEAR
                                                  NORMAL
..................................................................
TEMPERATURE (F)
 YESTERDAY
  MAXIMUM         92    435 PM 104    1901  88      4       87
  MINIMUM         72    449 AM  47    1947  67      5       71
  AVERAGE         82                        78      4       79

PRECIPITATION (IN)
  YESTERDAY        0.00          1.63 1979   0.13  -0.13      T
  MONTH TO DATE    6.66                      3.00   3.66     4.09
  SINCE JUN 1     11.03                      6.78   4.25    11.48
  SINCE JAN 1     32.78                     27.02   5.76    33.92

SNOWFALL (IN)
  YESTERDAY        0.0          MM      MM   0.0    0.0      0.0
  MONTH TO DATE    0.0                       0.0    0.0      0.0
  SINCE JUN 1      0.0                       0.0    0.0      0.0
  SINCE JUL 1      0.0                       0.0    0.0      0.0
  SNOW DEPTH       0

DEGREE DAYS
 HEATING
  YESTERDAY        0                         0      0        0
  MONTH TO DATE    0                         0      0        0
  SINCE JUN 1      0                         6     -6        7
  SINCE JUL 1      0                         0      0        0

 COOLING
  YESTERDAY       17                        13      4       14
  MONTH TO DATE  319                       299     20      318
  SINCE JUN 1    705                       597    108      670
  SINCE JAN 1    810                       732     78      861
..................................................................

WIND (MPH)
  HIGHEST WIND SPEED     9   HIGHEST WIND DIRECTION    SE (120)
  HIGHEST GUST SPEED    11   HIGHEST GUST DIRECTION    SE (120)
  AVERAGE WIND SPEED     1.8

SKY COVER
  AVERAGE SKY COVER 0.2

WEATHER CONDITIONS
 THE FOLLOWING WEATHER WAS RECORDED YESTERDAY.
  FOG

RELATIVE HUMIDITY (PERCENT)
 HIGHEST   100
 LOWEST     60
 AVERAGE    80
..........................................................

THE EVANSVILLE IN CLIMATE NORMALS FOR TODAY
                         NORMAL    RECORD    YEAR
 MAXIMUM TEMPERATURE (F)   88       104      2012
                                             1934
 MINIMUM TEMPERATURE (F)   67        51      1947

SUNRISE AND SUNSET
JULY 24 2016..........SUNRISE   547 AM CDT   SUNSET   806 PM CDT
JULY 25 2016..........SUNRISE   548 AM CDT   SUNSET   805 PM CDT

-  INDICATES NEGATIVE NUMBERS.
R  INDICATES RECORD WAS SET OR TIED.
MM INDICATES DATA IS MISSING.
T  INDICATES TRACE AMOUNT.

$$
