143
CDUS43 KPAH 130635
CLIEVV


CLIMATE REPORT
NATIONAL WEATHER SERVICE PADUCAH KY
1231 AM CST SAT FEB 13 2016


...................................

...THE EVANSVILLE IN CLIMATE SUMMARY FOR FEBRUARY 12 2016...

CLIMATE NORMAL PERIOD 1981 TO 2010
CLIMATE RECORD PERIOD 1896 TO 2016


WEATHER ITEM   OBSERVED TIME   RECORD YEAR NORMAL DEPARTURE LAST
                VALUE   (LST)  VALUE       VALUE  FROM      YEAR
                                                  NORMAL
..................................................................
TEMPERATURE (F)
 YESTERDAY
  MAXIMUM         34   1219 PM  72    1938  45    -11       31
  MINIMUM         23   1159 PM -11    1899  26     -3       21
  AVERAGE         29                        36     -7       26

PRECIPITATION (IN)
  YESTERDAY        0.04          1.52 1950   0.11  -0.07      T
  MONTH TO DATE    1.96                      1.40   0.56     0.67
  SINCE DEC 1      9.16                      8.26   0.90     7.07
  SINCE JAN 1      3.96                      4.50  -0.54     3.64

SNOWFALL (IN)
  YESTERDAY        1.0           5.4  1971   0.2    0.8       T
  MONTH TO DATE    1.9                       1.8    0.1      0.2
  SINCE DEC 1     12.8                       8.4    4.4      0.4
  SINCE JUL 1     12.8                       8.7    4.1      2.8
  SNOW DEPTH       T

DEGREE DAYS
 HEATING
  YESTERDAY       36                        29      7       39
  MONTH TO DATE  335                       367    -32      350
  SINCE DEC 1   1816                      2285   -469     2114
  SINCE JUL 1   2425                      3146   -721     3117

 COOLING
  YESTERDAY        0                         0      0        0
  MONTH TO DATE    0                         0      0        0
  SINCE DEC 1      3                         0      3        0
  SINCE JAN 1      0                         0      0        0
..................................................................


WIND (MPH)
  HIGHEST WIND SPEED    21   HIGHEST WIND DIRECTION    NW (310)
  HIGHEST GUST SPEED    29   HIGHEST GUST DIRECTION    NW (320)
  AVERAGE WIND SPEED     6.9


SKY COVER
  AVERAGE SKY COVER 0.9


WEATHER CONDITIONS
 THE FOLLOWING WEATHER WAS RECORDED YESTERDAY.
  LIGHT SNOW
  FOG
  HAZE


RELATIVE HUMIDITY (PERCENT)
 HIGHEST    81
 LOWEST     50
 AVERAGE    66

..........................................................


THE EVANSVILLE IN CLIMATE NORMALS FOR TODAY
                         NORMAL    RECORD    YEAR
 MAXIMUM TEMPERATURE (F)   45        79      1962
 MINIMUM TEMPERATURE (F)   27       -13      1899


SUNRISE AND SUNSET
FEBRUARY 13 2016......SUNRISE   643 AM CST   SUNSET   526 PM CST
FEBRUARY 14 2016......SUNRISE   642 AM CST   SUNSET   527 PM CST


-  INDICATES NEGATIVE NUMBERS.
R  INDICATES RECORD WAS SET OR TIED.
MM INDICATES DATA IS MISSING.
T  INDICATES TRACE AMOUNT.




$$
