000
CDUS43 KPAH 230632
CLIEVV


CLIMATE REPORT
NATIONAL WEATHER SERVICE PADUCAH KY
1229 AM CST TUE JAN 23 2018


...................................

...THE EVANSVILLE IN CLIMATE SUMMARY FOR JANUARY 22 2018...

CLIMATE NORMAL PERIOD 1981 TO 2010
CLIMATE RECORD PERIOD 1896 TO 2018


WEATHER ITEM   OBSERVED TIME   RECORD YEAR NORMAL DEPARTURE LAST
                VALUE   (LST)  VALUE       VALUE  FROM      YEAR
                                                  NORMAL
..................................................................
TEMPERATURE (F)
 YESTERDAY
  MAXIMUM         60    304 PM  70    1964  41     19       64
  MINIMUM         45   1159 PM  -6    1977  24     21       49
                                      1936
  AVERAGE         53                        32     21       57

PRECIPITATION (IN)
  YESTERDAY        0.54          3.72 1982   0.10   0.44     0.00
  MONTH TO DATE    2.37                      2.16   0.21     2.26
  SINCE DEC 1      4.79                      5.92  -1.13     6.18
  SINCE JAN 1      2.37                      2.16   0.21     2.26

SNOWFALL (IN)
  YESTERDAY       MM             5.1  2016   0.1   MM        0.0
  MONTH TO DATE    7.1                       2.3    4.8      0.4
  SINCE DEC 1      7.1                       5.5    1.6      0.4
  SINCE JUL 1      7.1                       5.8    1.3      0.4
  SNOW DEPTH       0

DEGREE DAYS
 HEATING
  YESTERDAY       12                        33    -21        8
  MONTH TO DATE  849                       721    128      536
  SINCE DEC 1   1730                      1632     98     1436
  SINCE JUL 1   2510                      2493     17     1966

 COOLING
  YESTERDAY        0                         0      0        0
  MONTH TO DATE    0                         0      0        0
  SINCE DEC 1      0                         0      0        0
  SINCE JAN 1      0                         0      0        0
..................................................................


WIND (MPH)
  HIGHEST WIND SPEED    31   HIGHEST WIND DIRECTION    SW (230)
  HIGHEST GUST SPEED    43   HIGHEST GUST DIRECTION    SW (220)
  AVERAGE WIND SPEED    14.7


SKY COVER
  AVERAGE SKY COVER 0.6


WEATHER CONDITIONS
 THE FOLLOWING WEATHER WAS RECORDED YESTERDAY.
  THUNDERSTORM
  HEAVY RAIN
  RAIN
  LIGHT RAIN
  FOG


RELATIVE HUMIDITY (PERCENT)
 HIGHEST   100
 LOWEST     52
 AVERAGE    76

..........................................................


THE EVANSVILLE IN CLIMATE NORMALS FOR TODAY
                         NORMAL    RECORD    YEAR
 MAXIMUM TEMPERATURE (F)   41        72      1967
 MINIMUM TEMPERATURE (F)   24       -14      1963


SUNRISE AND SUNSET
JANUARY 23 2018.......SUNRISE   701 AM CST   SUNSET   503 PM CST
JANUARY 24 2018.......SUNRISE   701 AM CST   SUNSET   504 PM CST


-  INDICATES NEGATIVE NUMBERS.
R  INDICATES RECORD WAS SET OR TIED.
MM INDICATES DATA IS MISSING.
T  INDICATES TRACE AMOUNT.




$$
