000
CDUS43 KPAH 280632
CLIEVV


CLIMATE REPORT
NATIONAL WEATHER SERVICE PADUCAH KY
1229 AM CST SUN DEC 28 2014


...................................

...THE EVANSVILLE IN CLIMATE SUMMARY FOR DECEMBER 27 2014...

CLIMATE NORMAL PERIOD 1981 TO 2010
CLIMATE RECORD PERIOD 1896 TO 2014


WEATHER ITEM   OBSERVED TIME   RECORD YEAR NORMAL DEPARTURE LAST
                VALUE   (LST)  VALUE       VALUE  FROM      YEAR
                                                  NORMAL
..................................................................
TEMPERATURE (F)
 YESTERDAY
  MAXIMUM         50    659 PM  73    2008  42      8       50
  MINIMUM         40   1159 PM   0    1925  25     15       27
  AVERAGE         45                        33     12       39

PRECIPITATION (IN)
  YESTERDAY        0.45          1.96 1968   0.12   0.33     0.00
                                      1922
  MONTH TO DATE    3.43                      3.34   0.09     7.20
  SINCE DEC 1      3.43                      3.34   0.09     7.20
  SINCE JAN 1     47.21                     44.89   2.32    53.45

SNOWFALL (IN)
  YESTERDAY        0.0           4.3  1990   0.2   -0.2      0.0
  MONTH TO DATE    T                         2.7   -2.7      7.2
  SINCE DEC 1      T                         2.7   -2.7      7.2
  SINCE JUL 1      2.4                       3.0   -0.6      7.2
  SNOW DEPTH       0

DEGREE DAYS
 HEATING
  YESTERDAY       20                        32    -12       26
  MONTH TO DATE  649                       784   -135      791
  SINCE DEC 1    649                       784   -135      791
  SINCE JUL 1   1652                      1645      7     1705

 COOLING
  YESTERDAY        0                         0      0        0
  MONTH TO DATE    0                         0      0        0
  SINCE DEC 1      0                         0      0        0
  SINCE JAN 1   1477                      1397     80     1464
..................................................................


WIND (MPH)
  HIGHEST WIND SPEED    18   HIGHEST WIND DIRECTION    NW (330)
  HIGHEST GUST SPEED    25   HIGHEST GUST DIRECTION    NW (330)
  AVERAGE WIND SPEED     6.9


SKY COVER
  AVERAGE SKY COVER 1.0


WEATHER CONDITIONS
 THE FOLLOWING WEATHER WAS RECORDED YESTERDAY.
  HEAVY RAIN
  RAIN
  LIGHT RAIN
  FOG


RELATIVE HUMIDITY (PERCENT)
 HIGHEST    93
 LOWEST     61
 AVERAGE    77

..........................................................


THE EVANSVILLE IN CLIMATE NORMALS FOR TODAY
                         NORMAL    RECORD    YEAR
 MAXIMUM TEMPERATURE (F)   42        68      1996
 MINIMUM TEMPERATURE (F)   25       -10      1924


SUNRISE AND SUNSET
DECEMBER 28 2014......SUNRISE   705 AM CST   SUNSET   438 PM CST
DECEMBER 29 2014......SUNRISE   706 AM CST   SUNSET   439 PM CST


-  INDICATES NEGATIVE NUMBERS.
R  INDICATES RECORD WAS SET OR TIED.
MM INDICATES DATA IS MISSING.
T  INDICATES TRACE AMOUNT.




$$
