057
CDUS43 KPAH 250627
CLIEVV


CLIMATE REPORT
NATIONAL WEATHER SERVICE PADUCAH KY
125 AM CDT THU MAY 25 2017


...................................

...THE EVANSVILLE IN CLIMATE SUMMARY FOR MAY 24 2017...

CLIMATE NORMAL PERIOD 1981 TO 2010
CLIMATE RECORD PERIOD 1896 TO 2017


WEATHER ITEM   OBSERVED TIME   RECORD YEAR NORMAL DEPARTURE LAST
                VALUE   (LST)  VALUE       VALUE  FROM      YEAR
                                                  NORMAL
..................................................................
TEMPERATURE (F)
 YESTERDAY
  MAXIMUM         66   1209 AM  93    1939  79    -13       82
                                      1921
  MINIMUM         58   1039 PM  39    1963  57      1       54
  AVERAGE         62                        68     -6       68

PRECIPITATION (IN)
  YESTERDAY        0.86          2.09 2006   0.17   0.69     0.00
  MONTH TO DATE    3.89                      4.16  -0.27     3.75
  SINCE MAR 1     17.63                     12.77   4.86    15.11
  SINCE JAN 1     20.90                     19.04   1.86    21.45

SNOWFALL (IN)
  YESTERDAY        0.0           0.0  2002   0.0    0.0      0.0
                                      2001
  MONTH TO DATE    0.0                       0.0    0.0      0.0
  SINCE MAR 1      1.0                       1.1   -0.1       T
  SINCE JUL 1      1.4                      11.8  -10.4     14.2
  SNOW DEPTH       0

DEGREE DAYS
 HEATING
  YESTERDAY        3                         2      1        0
  MONTH TO DATE   73                        78     -5      114
  SINCE MAR 1    693                       959   -266      760
  SINCE JUL 1   3392                      4533  -1141     3578

 COOLING
  YESTERDAY        0                         5     -5        3
  MONTH TO DATE  112                        69     43       20
  SINCE MAR 1    173                        96     77       42
  SINCE JAN 1    173                        96     77       42
..................................................................


WIND (MPH)
  HIGHEST WIND SPEED    13   HIGHEST WIND DIRECTION     W (290)
  HIGHEST GUST SPEED    20   HIGHEST GUST DIRECTION     W (290)
  AVERAGE WIND SPEED     6.7


SKY COVER
  AVERAGE SKY COVER 1.0


WEATHER CONDITIONS
 THE FOLLOWING WEATHER WAS RECORDED YESTERDAY.
  HEAVY RAIN
  RAIN
  LIGHT RAIN
  FOG


RELATIVE HUMIDITY (PERCENT)
 HIGHEST    93
 LOWEST     67
 AVERAGE    80

..........................................................


THE EVANSVILLE IN CLIMATE NORMALS FOR TODAY
                         NORMAL    RECORD    YEAR
 MAXIMUM TEMPERATURE (F)   80        94      1911
 MINIMUM TEMPERATURE (F)   57        35      1925


SUNRISE AND SUNSET
MAY 25 2017...........SUNRISE   532 AM CDT   SUNSET   802 PM CDT
MAY 26 2017...........SUNRISE   532 AM CDT   SUNSET   803 PM CDT


-  INDICATES NEGATIVE NUMBERS.
R  INDICATES RECORD WAS SET OR TIED.
MM INDICATES DATA IS MISSING.
T  INDICATES TRACE AMOUNT.




$$
