000
CDUS43 KPAH 140645
CLIEVV


CLIMATE REPORT
NATIONAL WEATHER SERVICE PADUCAH KY
145 AM CDT TUE OCT 14 2014


...................................

...THE EVANSVILLE IN CLIMATE SUMMARY FOR OCTOBER 13 2014...

CLIMATE NORMAL PERIOD 1981 TO 2010
CLIMATE RECORD PERIOD 1896 TO 2014


WEATHER ITEM   OBSERVED TIME   RECORD YEAR NORMAL DEPARTURE LAST
                VALUE   (LST)  VALUE       VALUE  FROM      YEAR
                                                  NORMAL
..................................................................
TEMPERATURE (F)
 YESTERDAY
  MAXIMUM         78    305 PM  91    1989  71      7       76
  MINIMUM         64   1006 PM  25    1988  46     18       52
  AVERAGE         71                        58     13       64

PRECIPITATION (IN)
  YESTERDAY        1.77R         1.74 2001   0.09   1.68     0.00
  MONTH TO DATE    2.94                      1.31   1.63     4.27
  SINCE SEP 1      5.49                      4.36   1.13     7.08
  SINCE JAN 1     39.67                     35.28   4.39    42.41

SNOWFALL (IN)
  YESTERDAY        0.0           0.0  2002   0.0    0.0      0.0
                                      2001
  MONTH TO DATE    0.0                       0.0    0.0      0.0
  SINCE SEP 1      0.0                       0.0    0.0      0.0
  SINCE JUL 1      0.0                       0.0    0.0      0.0
  SNOW DEPTH       0

DEGREE DAYS
 HEATING
  YESTERDAY        0                         7     -7        1
  MONTH TO DATE   63                        79    -16       23
  SINCE SEP 1     99                       125    -26       33
  SINCE JUL 1     99                       126    -27       33

 COOLING
  YESTERDAY        6                         1      5        0
  MONTH TO DATE   28                        20      8       55
  SINCE SEP 1    191                       187      4      270
  SINCE JAN 1   1471                      1386     85     1462
..................................................................


WIND (MPH)
  HIGHEST WIND SPEED    39   HIGHEST WIND DIRECTION    SW (230)
  HIGHEST GUST SPEED    47   HIGHEST GUST DIRECTION    SW (220)
  AVERAGE WIND SPEED    10.1


SKY COVER
  AVERAGE SKY COVER 0.8


WEATHER CONDITIONS
 THE FOLLOWING WEATHER WAS RECORDED YESTERDAY.
  THUNDERSTORM
  HEAVY RAIN
  RAIN
  LIGHT RAIN
  FOG
  HAZE


RELATIVE HUMIDITY (PERCENT)
 HIGHEST    93
 LOWEST     64
 AVERAGE    79

..........................................................


THE EVANSVILLE IN CLIMATE NORMALS FOR TODAY
                         NORMAL    RECORD    YEAR
 MAXIMUM TEMPERATURE (F)   71        90      1899
 MINIMUM TEMPERATURE (F)   46        29      1979


SUNRISE AND SUNSET
OCTOBER 14 2014.......SUNRISE   658 AM CDT   SUNSET   614 PM CDT
OCTOBER 15 2014.......SUNRISE   659 AM CDT   SUNSET   612 PM CDT


-  INDICATES NEGATIVE NUMBERS.
R  INDICATES RECORD WAS SET OR TIED.
MM INDICATES DATA IS MISSING.
T  INDICATES TRACE AMOUNT.




$$
