000
CDUS43 KPAH 050628
CLIEVV


CLIMATE REPORT
NATIONAL WEATHER SERVICE PADUCAH KY
126 AM CDT TUE SEP 5 2017


...................................

...THE EVANSVILLE IN CLIMATE SUMMARY FOR SEPTEMBER 4 2017...

CLIMATE NORMAL PERIOD 1981 TO 2010
CLIMATE RECORD PERIOD 1896 TO 2017


WEATHER ITEM   OBSERVED TIME   RECORD YEAR NORMAL DEPARTURE LAST
                VALUE   (LST)  VALUE       VALUE  FROM      YEAR
                                                  NORMAL
..................................................................
TEMPERATURE (F)
 YESTERDAY
  MAXIMUM         89    221 PM 101    1954  86      3       89
  MINIMUM         68    335 AM  46    1952  62      6       60
  AVERAGE         79                        74      5       75

PRECIPITATION (IN)
  YESTERDAY        T             1.90 1910   0.09  -0.09     0.00
  MONTH TO DATE    0.92                      0.38   0.54     0.00
  SINCE SEP 1      0.92                      0.38   0.54     0.00
  SINCE JAN 1     33.33                     31.30   2.03    38.46

SNOWFALL (IN)
  YESTERDAY        0.0           0.0    MM   0.0    0.0      0.0
  MONTH TO DATE    0.0                       0.0    0.0      0.0
  SINCE SEP 1      0.0                       0.0    0.0      0.0
  SINCE JUL 1      0.0                       0.0    0.0      0.0
  SNOW DEPTH       0

DEGREE DAYS
 HEATING
  YESTERDAY        0                         0      0        0
  MONTH TO DATE    0                         0      0        0
  SINCE SEP 1      0                         0      0        0
  SINCE JUL 1      0                         1     -1        0

 COOLING
  YESTERDAY       14                         9      5       10
  MONTH TO DATE   22                        37    -15       29
  SINCE SEP 1     22                        37    -15       29
  SINCE JAN 1   1312                      1236     76     1415
..................................................................


WIND (MPH)
  HIGHEST WIND SPEED    29   HIGHEST WIND DIRECTION    SW (240)
  HIGHEST GUST SPEED    36   HIGHEST GUST DIRECTION    SW (230)
  AVERAGE WIND SPEED    12.3


SKY COVER
  AVERAGE SKY COVER 0.1


WEATHER CONDITIONS
 THE FOLLOWING WEATHER WAS RECORDED YESTERDAY.
  THUNDERSTORM
  LIGHT RAIN


RELATIVE HUMIDITY (PERCENT)
 HIGHEST    90
 LOWEST     50
 AVERAGE    70

..........................................................


THE EVANSVILLE IN CLIMATE NORMALS FOR TODAY
                         NORMAL    RECORD    YEAR
 MAXIMUM TEMPERATURE (F)   85       103      1954
                                             1925
 MINIMUM TEMPERATURE (F)   61        45      1997


SUNRISE AND SUNSET
SEPTEMBER  5 2017.....SUNRISE   624 AM CDT   SUNSET   713 PM CDT
SEPTEMBER  6 2017.....SUNRISE   624 AM CDT   SUNSET   712 PM CDT


-  INDICATES NEGATIVE NUMBERS.
R  INDICATES RECORD WAS SET OR TIED.
MM INDICATES DATA IS MISSING.
T  INDICATES TRACE AMOUNT.




$$
