000
CDUS43 KPAH 150629
CLIEVV


CLIMATE REPORT
NATIONAL WEATHER SERVICE PADUCAH KY
128 AM CDT TUE JUL 15 2014

...................................

...THE EVANSVILLE IN CLIMATE SUMMARY FOR JULY 14 2014...

CLIMATE NORMAL PERIOD 1981 TO 2010
CLIMATE RECORD PERIOD 1896 TO 2014

WEATHER ITEM   OBSERVED TIME   RECORD YEAR NORMAL DEPARTURE LAST
                VALUE   (LST)  VALUE       VALUE  FROM      YEAR
                                                  NORMAL
..................................................................
TEMPERATURE (F)
 YESTERDAY
  MAXIMUM         86    329 PM 106    1936  89     -3       90
  MINIMUM         71   1159 PM  52    1975  68      3       66
  AVERAGE         79                        78      1       78

PRECIPITATION (IN)
  YESTERDAY        0.55          2.65 1996   0.13   0.42      T
  MONTH TO DATE    3.66                      1.85   1.81     0.42
  SINCE JUN 1      7.53                      5.63   1.90     7.97
  SINCE JAN 1     29.02                     25.87   3.15    30.52

SNOWFALL (IN)
  YESTERDAY        0.0          MM      MM   0.0    0.0      0.0
  MONTH TO DATE    0.0                       0.0    0.0      0.0
  SINCE JUN 1      0.0                       0.0    0.0      0.0
  SINCE JUL 1      0.0                       0.0    0.0      0.0
  SNOW DEPTH       0

DEGREE DAYS
 HEATING
  YESTERDAY        0                         0      0        0
  MONTH TO DATE    0                         0      0        0
  SINCE JUN 1      0                         6     -6        1
  SINCE JUL 1      0                         0      0        0

 COOLING
  YESTERDAY       14                        13      1       13
  MONTH TO DATE  160                       182    -22      148
  SINCE JUN 1    522                       480     42      444
  SINCE JAN 1    733                       615    118      615
..................................................................

WIND (MPH)
  HIGHEST WIND SPEED    25   HIGHEST WIND DIRECTION    NW (310)
  HIGHEST GUST SPEED    36   HIGHEST GUST DIRECTION    NW (330)
  AVERAGE WIND SPEED     6.9

SKY COVER
  AVERAGE SKY COVER 0.7

WEATHER CONDITIONS
 THE FOLLOWING WEATHER WAS RECORDED YESTERDAY.
  THUNDERSTORM
  HEAVY RAIN
  LIGHT RAIN
  FOG

RELATIVE HUMIDITY (PERCENT)
 HIGHEST    93
 LOWEST     64
 AVERAGE    79
..........................................................

THE EVANSVILLE IN CLIMATE NORMALS FOR TODAY
                         NORMAL    RECORD    YEAR
 MAXIMUM TEMPERATURE (F)   89       106      1936
 MINIMUM TEMPERATURE (F)   68        49      1930

SUNRISE AND SUNSET
JULY 15 2014..........SUNRISE   539 AM CDT   SUNSET   812 PM CDT
JULY 16 2014..........SUNRISE   540 AM CDT   SUNSET   812 PM CDT

-  INDICATES NEGATIVE NUMBERS.
R  INDICATES RECORD WAS SET OR TIED.
MM INDICATES DATA IS MISSING.
T  INDICATES TRACE AMOUNT.

$$
