000
CDUS43 KPAH 182241
CLIEVV


CLIMATE REPORT
NATIONAL WEATHER SERVICE PADUCAH KY
439 PM CST WED FEB 18 2015


...................................

...THE EVANSVILLE IN CLIMATE SUMMARY FOR FEBRUARY 18 2015...
VALID TODAY AS OF 0400 PM LOCAL TIME.

CLIMATE NORMAL PERIOD 1981 TO 2010
CLIMATE RECORD PERIOD 1896 TO 2015


WEATHER ITEM   OBSERVED TIME   RECORD YEAR NORMAL DEPARTURE LAST
                VALUE   (LST)  VALUE       VALUE  FROM      YEAR
                                                  NORMAL
..................................................................
TEMPERATURE (F)
 TODAY
  MAXIMUM         27    246 AM  73    1961  47    -20       56
  MINIMUM         14    359 PM  -6    1936  28    -14       30
  AVERAGE                                   37              43

PRECIPITATION (IN)
  TODAY           MM             3.38 2000   0.11  MM        0.00
  MONTH TO DATE    1.35                      2.07  -0.72     2.23
  SINCE DEC 1      7.75                      8.93  -1.18    11.25
  SINCE JAN 1      4.32                      5.17  -0.85     3.92

SNOWFALL (IN)
  TODAY            1.5                                       0.0
  MONTH TO DATE    7.4                                       2.0
  SINCE JUL 1     10.0                                       9.8
  SNOW DEPTH       7

..................................................................


WIND (MPH)
  HIGHEST WIND SPEED    22   HIGHEST WIND DIRECTION     W (270)
  HIGHEST GUST SPEED    31   HIGHEST GUST DIRECTION    NW (320)




..........................................................


THE EVANSVILLE IN CLIMATE NORMALS FOR TOMORROW
                         NORMAL    RECORD    YEAR
 MAXIMUM TEMPERATURE (F)   47        73      1994
 MINIMUM TEMPERATURE (F)   28        -3      1979


SUNRISE AND SUNSET
FEBRUARY 18 2015......SUNRISE   637 AM CST   SUNSET   532 PM CST
FEBRUARY 19 2015......SUNRISE   636 AM CST   SUNSET   533 PM CST


-  INDICATES NEGATIVE NUMBERS.
R  INDICATES RECORD WAS SET OR TIED.
MM INDICATES DATA IS MISSING.
T  INDICATES TRACE AMOUNT.




$$
