848
CDUS43 KPAH 300629
CLIEVV


CLIMATE REPORT
NATIONAL WEATHER SERVICE PADUCAH KY
127 AM CDT THU APR 30 2015


...................................

...THE EVANSVILLE IN CLIMATE SUMMARY FOR APRIL 29 2015...

CLIMATE NORMAL PERIOD 1981 TO 2010
CLIMATE RECORD PERIOD 1896 TO 2015


WEATHER ITEM   OBSERVED TIME   RECORD YEAR NORMAL DEPARTURE LAST
                VALUE   (LST)  VALUE       VALUE  FROM      YEAR
                                                  NORMAL
..................................................................
TEMPERATURE (F)
 YESTERDAY
  MAXIMUM         71    418 PM  90    1899  72     -1       72
  MINIMUM         44    415 AM  35    1988  49     -5       53
                                      1976
  AVERAGE         58                        61     -3       63

PRECIPITATION (IN)
  YESTERDAY        0.00          2.41 1983   0.16  -0.16      T
  MONTH TO DATE    6.62                      4.20   2.42    10.97
  SINCE MAR 1     13.47                      8.44   5.03    13.82
  SINCE JAN 1     19.00                     14.71   4.29    17.77

SNOWFALL (IN)
  YESTERDAY        0.0           0.0  2002   0.0    0.0      0.0
                                      2001
  MONTH TO DATE    0.0                       0.1   -0.1      0.0
  SINCE MAR 1      8.5                       1.1    7.4      2.6
  SINCE JUL 1     18.5                      11.8    6.7     12.6
  SNOW DEPTH       0

DEGREE DAYS
 HEATING
  YESTERDAY        7                         6      1        2
  MONTH TO DATE  189                       283    -94      201
  SINCE MAR 1    808                       875    -67      914
  SINCE JUL 1   4644                      4449    195     4876

 COOLING
  YESTERDAY        0                         1     -1        0
  MONTH TO DATE   28                        21      7       10
  SINCE MAR 1     28                        24      4       10
  SINCE JAN 1     28                        24      4       10
..................................................................


WIND (MPH)
  HIGHEST WIND SPEED    16   HIGHEST WIND DIRECTION    NW (300)
  HIGHEST GUST SPEED    22   HIGHEST GUST DIRECTION    NW (300)
  AVERAGE WIND SPEED     4.4


SKY COVER
  AVERAGE SKY COVER 0.1


WEATHER CONDITIONS
 THE FOLLOWING WEATHER WAS RECORDED YESTERDAY.
  NO SIGNIFICANT WEATHER WAS OBSERVED.


RELATIVE HUMIDITY (PERCENT)
 HIGHEST    83
 LOWEST     36
 AVERAGE    60

..........................................................


THE EVANSVILLE IN CLIMATE NORMALS FOR TODAY
                         NORMAL    RECORD    YEAR
 MAXIMUM TEMPERATURE (F)   72        89      1942
 MINIMUM TEMPERATURE (F)   49        33      1988
                                             1969


SUNRISE AND SUNSET
APRIL 30 2015.........SUNRISE   555 AM CDT   SUNSET   740 PM CDT
MAY  1 2015...........SUNRISE   554 AM CDT   SUNSET   741 PM CDT


-  INDICATES NEGATIVE NUMBERS.
R  INDICATES RECORD WAS SET OR TIED.
MM INDICATES DATA IS MISSING.
T  INDICATES TRACE AMOUNT.




$$
