326
CDUS43 KPAH 172127
CLIEVV


CLIMATE REPORT
NATIONAL WEATHER SERVICE PADUCAH KY
426 PM CDT SUN JUL 17 2016

...................................

...THE EVANSVILLE IN CLIMATE SUMMARY FOR JULY 17 2016...
VALID TODAY AS OF 0400 PM LOCAL TIME.

CLIMATE NORMAL PERIOD 1981 TO 2010
CLIMATE RECORD PERIOD 1896 TO 2016

WEATHER ITEM   OBSERVED TIME   RECORD YEAR NORMAL DEPARTURE LAST
                VALUE   (LST)  VALUE       VALUE  FROM      YEAR
                                                  NORMAL
..................................................................
TEMPERATURE (F)
 TODAY
  MAXIMUM         91    234 PM 101    1913  89      2       93
  MINIMUM         68    436 AM  49    1930  68      0       75
  AVERAGE         80                        78      2       84

PRECIPITATION (IN)
  TODAY            0.00          1.42 2004   0.13  -0.13     0.00
  MONTH TO DATE    5.99                      2.25   3.74     3.53
  SINCE JUN 1     10.36                      6.03   4.33    10.92
  SINCE JAN 1     32.11                     26.27   5.84    33.36

SNOWFALL (IN)
  TODAY            0.0                                       0.0
  MONTH TO DATE    0.0                                       0.0
  SINCE JUL 1      0.0                                       0.0
  SNOW DEPTH       0
..................................................................

WIND (MPH)
  HIGHEST WIND SPEED    15   HIGHEST WIND DIRECTION    SW (230)
  HIGHEST GUST SPEED    18   HIGHEST GUST DIRECTION    SW (220)
..........................................................

THE EVANSVILLE IN CLIMATE NORMALS FOR TOMORROW
                         NORMAL    RECORD    YEAR
 MAXIMUM TEMPERATURE (F)   89       103      2012
 MINIMUM TEMPERATURE (F)   68        53      1930

SUNRISE AND SUNSET
JULY 17 2016..........SUNRISE   541 AM CDT   SUNSET   811 PM CDT
JULY 18 2016..........SUNRISE   542 AM CDT   SUNSET   810 PM CDT

-  INDICATES NEGATIVE NUMBERS.
R  INDICATES RECORD WAS SET OR TIED.
MM INDICATES DATA IS MISSING.
T  INDICATES TRACE AMOUNT.

$$
