000
CDUS43 KPAH 040651
CLIEVV


CLIMATE REPORT
NATIONAL WEATHER SERVICE PADUCAH KY
1239 AM CST SUN FEB 4 2018


...................................

...THE EVANSVILLE IN CLIMATE SUMMARY FOR FEBRUARY 3 2018...

CLIMATE NORMAL PERIOD 1981 TO 2010
CLIMATE RECORD PERIOD 1896 TO 2018


WEATHER ITEM   OBSERVED TIME   RECORD YEAR NORMAL DEPARTURE LAST
                VALUE   (LST)  VALUE       VALUE  FROM      YEAR
                                                  NORMAL
..................................................................
TEMPERATURE (F)
 YESTERDAY
  MAXIMUM         41   1115 PM  69    1924  43     -2       35
  MINIMUM         19    147 AM  -8    1985  25     -6       17
                                      1965
  AVERAGE         30                        34     -4       26

PRECIPITATION (IN)
  YESTERDAY        0.01          1.35 1939   0.12  -0.11     0.00
  MONTH TO DATE    0.14                      0.36  -0.22     0.00
  SINCE DEC 1      5.53                      7.22  -1.69     6.19
  SINCE JAN 1      3.11                      3.46  -0.35     2.27

SNOWFALL (IN)
  YESTERDAY        0.0           3.4  1982   0.1   -0.1      0.0
  MONTH TO DATE    0.4                       0.4    0.0      0.0
  SINCE DEC 1      7.5                       7.0    0.5      0.4
  SINCE JUL 1      7.5                       7.3    0.2      0.4
  SNOW DEPTH       0

DEGREE DAYS
 HEATING
  YESTERDAY       35                        31      4       39
  MONTH TO DATE  114                        94     20       92
  SINCE DEC 1   2078                      2012     66     1755
  SINCE JUL 1   2858                      2873    -15     2285

 COOLING
  YESTERDAY        0                         0      0        0
  MONTH TO DATE    0                         0      0        0
  SINCE DEC 1      0                         0      0        0
  SINCE JAN 1      0                         0      0        0
..................................................................


WIND (MPH)
  HIGHEST WIND SPEED    26   HIGHEST WIND DIRECTION     S (200)
  HIGHEST GUST SPEED    37   HIGHEST GUST DIRECTION     S (180)
  AVERAGE WIND SPEED     5.5


SKY COVER
  AVERAGE SKY COVER 0.8


WEATHER CONDITIONS
 THE FOLLOWING WEATHER WAS RECORDED YESTERDAY.
  LIGHT RAIN


RELATIVE HUMIDITY (PERCENT)
 HIGHEST    84
 LOWEST     47
 AVERAGE    66

..........................................................


THE EVANSVILLE IN CLIMATE NORMALS FOR TODAY
                         NORMAL    RECORD    YEAR
 MAXIMUM TEMPERATURE (F)   43        77      1962
 MINIMUM TEMPERATURE (F)   25        -8      1966


SUNRISE AND SUNSET
FEBRUARY  4 2018......SUNRISE   652 AM CST   SUNSET   517 PM CST
FEBRUARY  5 2018......SUNRISE   651 AM CST   SUNSET   518 PM CST


-  INDICATES NEGATIVE NUMBERS.
R  INDICATES RECORD WAS SET OR TIED.
MM INDICATES DATA IS MISSING.
T  INDICATES TRACE AMOUNT.




$$
