000
CDUS43 KPAH 230642
CLIEVV


CLIMATE REPORT
NATIONAL WEATHER SERVICE PADUCAH KY
132 AM CDT TUE JUN 23 2015


...................................

...THE EVANSVILLE IN CLIMATE SUMMARY FOR JUNE 22 2015...

CLIMATE NORMAL PERIOD 1981 TO 2010
CLIMATE RECORD PERIOD 1896 TO 2015


WEATHER ITEM   OBSERVED TIME   RECORD YEAR NORMAL DEPARTURE LAST
                VALUE   (LST)  VALUE       VALUE  FROM      YEAR
                                                  NORMAL
..................................................................
TEMPERATURE (F)
 YESTERDAY
  MAXIMUM         89    259 PM 100    1988  87      2       90
  MINIMUM         70    454 AM  45    1963  66      4       72
  AVERAGE         80                        77      3       81

PRECIPITATION (IN)
  YESTERDAY        0.16          2.22 1969   0.12   0.04     0.00
  MONTH TO DATE    7.00                      2.90   4.10     2.56
  SINCE JUN 1      7.00                      2.90   4.10     2.56
  SINCE JAN 1     29.44                     23.14   6.30    24.05

SNOWFALL (IN)
  YESTERDAY        0.0                       0.0    0.0      0.0
  MONTH TO DATE    0.0                       0.0    0.0      0.0
  SINCE JUN 1      0.0                       0.0    0.0      0.0
  SINCE JUL 1     18.5                      11.8    6.7     12.6
  SNOW DEPTH       0

DEGREE DAYS
 HEATING
  YESTERDAY        0                         0      0        0
  MONTH TO DATE    7                         4      3        0
  SINCE JUN 1      7                         4      3        0
  SINCE JUL 1   4713                      4545    168     4980

 COOLING
  YESTERDAY       15                        12      3       16
  MONTH TO DATE  263                       200     63      245
  SINCE JUN 1    263                       200     63      245
  SINCE JAN 1    454                       335    119      456
..................................................................


WIND (MPH)
  HIGHEST WIND SPEED    17   HIGHEST WIND DIRECTION    SW (210)
  HIGHEST GUST SPEED    23   HIGHEST GUST DIRECTION     S (200)
  AVERAGE WIND SPEED    10.0


SKY COVER
  AVERAGE SKY COVER 0.2


WEATHER CONDITIONS
 THE FOLLOWING WEATHER WAS RECORDED YESTERDAY.
  THUNDERSTORM
  HEAVY RAIN
  LIGHT RAIN
  FOG
  HAZE


RELATIVE HUMIDITY (PERCENT)
 HIGHEST    97
 LOWEST     59
 AVERAGE    78

..........................................................


THE EVANSVILLE IN CLIMATE NORMALS FOR TODAY
                         NORMAL    RECORD    YEAR
 MAXIMUM TEMPERATURE (F)   88       100      1988
 MINIMUM TEMPERATURE (F)   66        45      1972


SUNRISE AND SUNSET
JUNE 23 2015..........SUNRISE   528 AM CDT   SUNSET   817 PM CDT
JUNE 24 2015..........SUNRISE   528 AM CDT   SUNSET   817 PM CDT


-  INDICATES NEGATIVE NUMBERS.
R  INDICATES RECORD WAS SET OR TIED.
MM INDICATES DATA IS MISSING.
T  INDICATES TRACE AMOUNT.




$$
