000
CDUS43 KPAH 200644
CLIEVV


CLIMATE REPORT
NATIONAL WEATHER SERVICE PADUCAH KY
137 AM CDT THU AUG 20 2015


...................................

...THE EVANSVILLE IN CLIMATE SUMMARY FOR AUGUST 19 2015...

CLIMATE NORMAL PERIOD 1981 TO 2010
CLIMATE RECORD PERIOD 1896 TO 2015


WEATHER ITEM   OBSERVED TIME   RECORD YEAR NORMAL DEPARTURE LAST
                VALUE   (LST)  VALUE       VALUE  FROM      YEAR
                                                  NORMAL
..................................................................
TEMPERATURE (F)
 YESTERDAY
  MAXIMUM         78    450 PM 104    1936  88    -10       88
  MINIMUM         65   1159 PM  50    1943  65      0       67
  AVERAGE         72                        77     -5       78

PRECIPITATION (IN)
  YESTERDAY        1.58R         1.32 1988   0.10   1.48     0.00
  MONTH TO DATE    3.06                      1.84   1.22     3.92
  SINCE JUN 1     15.12                      9.54   5.58    11.81
  SINCE JAN 1     37.56                     29.78   7.78    33.30

SNOWFALL (IN)
  YESTERDAY        0.0           0.0  2002   0.0    0.0      0.0
                                      2001
  MONTH TO DATE    0.0                       0.0    0.0      0.0
  SINCE JUN 1      0.0                       0.0    0.0      0.0
  SINCE JUL 1      0.0                       0.0    0.0      0.0
  SNOW DEPTH       0

DEGREE DAYS
 HEATING
  YESTERDAY        0                         0      0        0
  MONTH TO DATE    0                         0      0        0
  SINCE JUN 1      7                         6      1        0
  SINCE JUL 1      0                         0      0        0

 COOLING
  YESTERDAY        7                        12     -5       13
  MONTH TO DATE  229                       231     -2      209
  SINCE JUN 1   1025                       932     93      866
  SINCE JAN 1   1216                      1067    149     1077
..................................................................


WIND (MPH)
  HIGHEST WIND SPEED    18   HIGHEST WIND DIRECTION    SW (230)
  HIGHEST GUST SPEED    25   HIGHEST GUST DIRECTION     S (190)
  AVERAGE WIND SPEED     6.2


SKY COVER
  AVERAGE SKY COVER 0.5


WEATHER CONDITIONS
 THE FOLLOWING WEATHER WAS RECORDED YESTERDAY.
  THUNDERSTORM
  HEAVY RAIN
  RAIN
  LIGHT RAIN
  FOG


RELATIVE HUMIDITY (PERCENT)
 HIGHEST    93
 LOWEST     74
 AVERAGE    84

..........................................................


THE EVANSVILLE IN CLIMATE NORMALS FOR TODAY
                         NORMAL    RECORD    YEAR
 MAXIMUM TEMPERATURE (F)   88       102      1983
 MINIMUM TEMPERATURE (F)   65        50      1967


SUNRISE AND SUNSET
AUGUST 20 2015........SUNRISE   609 AM CDT   SUNSET   737 PM CDT
AUGUST 21 2015........SUNRISE   610 AM CDT   SUNSET   736 PM CDT


-  INDICATES NEGATIVE NUMBERS.
R  INDICATES RECORD WAS SET OR TIED.
MM INDICATES DATA IS MISSING.
T  INDICATES TRACE AMOUNT.




$$
