000
CDUS43 KPAH 120643
CLIEVV


CLIMATE REPORT
NATIONAL WEATHER SERVICE PADUCAH KY
141 AM CDT THU MAY 12 2016


...................................

...THE EVANSVILLE IN CLIMATE SUMMARY FOR MAY 11 2016...

CLIMATE NORMAL PERIOD 1981 TO 2010
CLIMATE RECORD PERIOD 1896 TO 2016


WEATHER ITEM   OBSERVED TIME   RECORD YEAR NORMAL DEPARTURE LAST
                VALUE   (LST)  VALUE       VALUE  FROM      YEAR
                                                  NORMAL
..................................................................
TEMPERATURE (F)
 YESTERDAY
  MAXIMUM         81   1235 PM  88    2005  75      6       78
                                      2000
  MINIMUM         58    322 AM  36    1945  53      5       65
  AVERAGE         70                        64      6       72

PRECIPITATION (IN)
  YESTERDAY        0.71          3.12 1918   0.18   0.53     0.42
  MONTH TO DATE    2.37                      1.90   0.47     1.43
  SINCE MAR 1     13.73                     10.51   3.22    14.90
  SINCE JAN 1     20.07                     16.78   3.29    20.43

SNOWFALL (IN)
  YESTERDAY        0.0           0.0  2002   0.0    0.0      0.0
                                      2001
  MONTH TO DATE    0.0                       0.0    0.0      0.0
  SINCE MAR 1      T                         1.1   -1.1      8.5
  SINCE JUL 1     14.2                      11.8    2.4     18.5
  SNOW DEPTH       0

DEGREE DAYS
 HEATING
  YESTERDAY        0                         3     -3        0
  MONTH TO DATE   40                        46     -6       12
  SINCE MAR 1    686                       927   -241      827
  SINCE JUL 1   3504                      4501   -997     4663

 COOLING
  YESTERDAY        5                         3      2        7
  MONTH TO DATE   15                        20     -5       69
  SINCE MAR 1     37                        47    -10       97
  SINCE JAN 1     37                        47    -10       97
..................................................................


WIND (MPH)
  HIGHEST WIND SPEED    26   HIGHEST WIND DIRECTION     W (280)
  HIGHEST GUST SPEED    40   HIGHEST GUST DIRECTION    NW (310)
  AVERAGE WIND SPEED     5.2


SKY COVER
  AVERAGE SKY COVER 0.9


WEATHER CONDITIONS
 THE FOLLOWING WEATHER WAS RECORDED YESTERDAY.
  THUNDERSTORM
  HEAVY RAIN
  RAIN
  LIGHT RAIN
  FOG
  FOG W/VISIBILITY <= 1/4 MILE
  HAZE


RELATIVE HUMIDITY (PERCENT)
 HIGHEST   100
 LOWEST     69
 AVERAGE    85

..........................................................


THE EVANSVILLE IN CLIMATE NORMALS FOR TODAY
                         NORMAL    RECORD    YEAR
 MAXIMUM TEMPERATURE (F)   76        90      1902
 MINIMUM TEMPERATURE (F)   53        37      1981


SUNRISE AND SUNSET
MAY 12 2016...........SUNRISE   542 AM CDT   SUNSET   752 PM CDT
MAY 13 2016...........SUNRISE   541 AM CDT   SUNSET   752 PM CDT


-  INDICATES NEGATIVE NUMBERS.
R  INDICATES RECORD WAS SET OR TIED.
MM INDICATES DATA IS MISSING.
T  INDICATES TRACE AMOUNT.




$$
