000
CDUS43 KPAH 020633
CLIEVV


CLIMATE REPORT
NATIONAL WEATHER SERVICE PADUCAH KY
1228 AM CST SAT DEC 2 2017


...................................

...THE EVANSVILLE IN CLIMATE SUMMARY FOR DECEMBER 1 2017...

CLIMATE NORMAL PERIOD 1981 TO 2010
CLIMATE RECORD PERIOD 1896 TO 2017


WEATHER ITEM   OBSERVED TIME   RECORD YEAR NORMAL DEPARTURE LAST
                VALUE   (LST)  VALUE       VALUE  FROM      YEAR
                                                  NORMAL
..................................................................
TEMPERATURE (F)
 YESTERDAY
  MAXIMUM         55    329 PM  68    1982  49      6       47
                                      1970
                                      1941
  MINIMUM         28    507 AM  12    1964  31     -3       30
  AVERAGE         42                        40      2       39

PRECIPITATION (IN)
  YESTERDAY        0.00          1.12 1986   0.13  -0.13     0.00
  MONTH TO DATE    0.00                      0.13  -0.13     0.00
  SINCE DEC 1      0.00                      0.13  -0.13     0.00
  SINCE JAN 1     41.06                     41.68  -0.62    45.66

SNOWFALL (IN)
  YESTERDAY        0.0           4.3  1952   0.0    0.0      0.0
  MONTH TO DATE    0.0                       0.0    0.0      0.0
  SINCE DEC 1      0.0                       0.0    0.0      0.0
  SINCE JUL 1      0.0                       0.3   -0.3      0.0
  SNOW DEPTH       0

DEGREE DAYS
 HEATING
  YESTERDAY       23                        25     -2       26
  MONTH TO DATE   23                        25     -2       26
  SINCE DEC 1     23                        25     -2       26
  SINCE JUL 1    803                       886    -83      556

 COOLING
  YESTERDAY        0                         0      0        0
  MONTH TO DATE    0                         0      0        0
  SINCE DEC 1      0                         0      0        0
  SINCE JAN 1   1567                      1397    170     1775
..................................................................


WIND (MPH)
  HIGHEST WIND SPEED     7   HIGHEST WIND DIRECTION     E (100)
  HIGHEST GUST SPEED    11   HIGHEST GUST DIRECTION     N (340)
  AVERAGE WIND SPEED     0.9


SKY COVER
  AVERAGE SKY COVER 0.0


WEATHER CONDITIONS
 THE FOLLOWING WEATHER WAS RECORDED YESTERDAY.
  NO SIGNIFICANT WEATHER WAS OBSERVED.


RELATIVE HUMIDITY (PERCENT)
 HIGHEST   100
 LOWEST     32
 AVERAGE    66

..........................................................


THE EVANSVILLE IN CLIMATE NORMALS FOR TODAY
                         NORMAL    RECORD    YEAR
 MAXIMUM TEMPERATURE (F)   48        77      1982
 MINIMUM TEMPERATURE (F)   31         7      1929


SUNRISE AND SUNSET
DECEMBER  2 2017......SUNRISE   649 AM CST   SUNSET   431 PM CST
DECEMBER  3 2017......SUNRISE   650 AM CST   SUNSET   430 PM CST


-  INDICATES NEGATIVE NUMBERS.
R  INDICATES RECORD WAS SET OR TIED.
MM INDICATES DATA IS MISSING.
T  INDICATES TRACE AMOUNT.




$$
