000
CDUS43 KPAH 092139
CLIEVV


CLIMATE REPORT
NATIONAL WEATHER SERVICE PADUCAH KY
439 PM CDT FRI JUN 9 2017


...................................

...THE EVANSVILLE IN CLIMATE SUMMARY FOR JUNE 9 2017...
VALID TODAY AS OF 0400 PM LOCAL TIME.

CLIMATE NORMAL PERIOD 1981 TO 2010
CLIMATE RECORD PERIOD 1896 TO 2017


WEATHER ITEM   OBSERVED TIME   RECORD YEAR NORMAL DEPARTURE LAST
                VALUE   (LST)  VALUE       VALUE  FROM      YEAR
                                                  NORMAL
..................................................................
TEMPERATURE (F)
 TODAY
  MAXIMUM         85    243 PM  99    1953  84      1       84
  MINIMUM         57    430 AM  48    1913  62     -5       55
  AVERAGE         71                        73     -2       70

PRECIPITATION (IN)
  TODAY            0.00          3.67 1996   0.13  -0.13     0.00
  MONTH TO DATE    0.06                      1.33  -1.27     1.19
  SINCE JUN 1      0.06                      1.33  -1.27     1.19
  SINCE JAN 1     21.06                     21.57  -0.51    22.94

SNOWFALL (IN)
  TODAY            0.0                                       0.0
  MONTH TO DATE    0.0                                       0.0
  SINCE JUL 1      1.4                                      14.2
  SNOW DEPTH       0

..................................................................


WIND (MPH)
  HIGHEST WIND SPEED    17   HIGHEST WIND DIRECTION    SW (240)
  HIGHEST GUST SPEED    24   HIGHEST GUST DIRECTION    SW (240)




..........................................................


THE EVANSVILLE IN CLIMATE NORMALS FOR TOMORROW
                         NORMAL    RECORD    YEAR
 MAXIMUM TEMPERATURE (F)   85        98      1953
                                             1914
 MINIMUM TEMPERATURE (F)   63        48      1988


SUNRISE AND SUNSET
JUNE  9 2017..........SUNRISE   527 AM CDT   SUNSET   812 PM CDT
JUNE 10 2017..........SUNRISE   527 AM CDT   SUNSET   813 PM CDT


-  INDICATES NEGATIVE NUMBERS.
R  INDICATES RECORD WAS SET OR TIED.
MM INDICATES DATA IS MISSING.
T  INDICATES TRACE AMOUNT.




$$
