000
CDUS43 KPAH 210645
CLIEVV


CLIMATE REPORT
NATIONAL WEATHER SERVICE PADUCAH KY
1245 AM CST SAT FEB 21 2015


...................................

...THE EVANSVILLE IN CLIMATE SUMMARY FOR FEBRUARY 20 2015...

CLIMATE NORMAL PERIOD 1981 TO 2010
CLIMATE RECORD PERIOD 1896 TO 2015


WEATHER ITEM   OBSERVED TIME   RECORD YEAR NORMAL DEPARTURE LAST
                VALUE   (LST)  VALUE       VALUE  FROM      YEAR
                                                  NORMAL
..................................................................
TEMPERATURE (F)
 YESTERDAY
  MAXIMUM         32   1159 PM  73    1997  48    -16       69
  MINIMUM         -7R   311 AM   3    1978  28    -35       37
  AVERAGE         13                        38    -25       53

PRECIPITATION (IN)
  YESTERDAY        0.24          2.26 1951   0.11   0.13     0.01
  MONTH TO DATE    1.59                      2.29  -0.70     2.24
  SINCE DEC 1      7.99                      9.15  -1.16    11.26
  SINCE JAN 1      4.56                      5.39  -0.83     3.93

SNOWFALL (IN)
  YESTERDAY       MM             0.6  1963   0.1   MM        0.0
  MONTH TO DATE    7.4                       2.9    4.5      2.0
  SINCE DEC 1      7.6                       9.5   -1.9      9.8
  SINCE JUL 1     10.0                       9.8    0.2      9.8
  SNOW DEPTH       0

DEGREE DAYS
 HEATING
  YESTERDAY       52                        27     25       12
  MONTH TO DATE  743                       591    152      726
  SINCE DEC 1   2507                      2509     -2     2788
  SINCE JUL 1   3510                      3370    140     3702

 COOLING
  YESTERDAY        0                         0      0        0
  MONTH TO DATE    0                         0      0        0
  SINCE DEC 1      0                         0      0        0
  SINCE JAN 1      0                         0      0        0
..................................................................


WIND (MPH)
  HIGHEST WIND SPEED    16   HIGHEST WIND DIRECTION    SE (150)
  HIGHEST GUST SPEED    22   HIGHEST GUST DIRECTION    SE (150)
  AVERAGE WIND SPEED     7.6


SKY COVER
  AVERAGE SKY COVER 0.7


WEATHER CONDITIONS
 THE FOLLOWING WEATHER WAS RECORDED YESTERDAY.
  FREEZING RAIN
  LT FREEZING RAIN
  FOG


RELATIVE HUMIDITY (PERCENT)
 HIGHEST    88
 LOWEST     41
 AVERAGE    65

..........................................................


THE EVANSVILLE IN CLIMATE NORMALS FOR TODAY
                         NORMAL    RECORD    YEAR
 MAXIMUM TEMPERATURE (F)   48        72      1922
 MINIMUM TEMPERATURE (F)   29        -3      1963


SUNRISE AND SUNSET
FEBRUARY 21 2015......SUNRISE   633 AM CST   SUNSET   535 PM CST
FEBRUARY 22 2015......SUNRISE   632 AM CST   SUNSET   536 PM CST


-  INDICATES NEGATIVE NUMBERS.
R  INDICATES RECORD WAS SET OR TIED.
MM INDICATES DATA IS MISSING.
T  INDICATES TRACE AMOUNT.




$$
