000
CDUS43 KPAH 102137
CLIEVV


CLIMATE REPORT
NATIONAL WEATHER SERVICE PADUCAH KY
435 PM CDT SUN AUG 10 2014


...................................

...THE EVANSVILLE IN CLIMATE SUMMARY FOR AUGUST 10 2014...
VALID TODAY AS OF 0400 PM LOCAL TIME.

CLIMATE NORMAL PERIOD 1981 TO 2010
CLIMATE RECORD PERIOD 1896 TO 2014


WEATHER ITEM   OBSERVED TIME   RECORD YEAR NORMAL DEPARTURE LAST
                VALUE   (LST)  VALUE       VALUE  FROM      YEAR
                                                  NORMAL
..................................................................
TEMPERATURE (F)
 TODAY
  MAXIMUM         83    259 PM 102    1918  88     -5       88
  MINIMUM         73    624 AM  51    1972  66      7       71
  AVERAGE                                   77      1

PRECIPITATION (IN)
  TODAY            0.00          3.77 1908   0.09  -0.09      T
  MONTH TO DATE    1.58                      0.94   0.64     0.03
  SINCE JUN 1      9.47                      8.64   0.83    11.17
  SINCE JAN 1     30.96                     28.88   2.08    33.72

SNOWFALL (IN)
  TODAY            0.0                                       0.0
  MONTH TO DATE    0.0                                       0.0
  SINCE JUL 1      0.0                                       0.0
  SNOW DEPTH       0

..................................................................


WIND (MPH)
  HIGHEST WIND SPEED    12   HIGHEST WIND DIRECTION     W (250)
  HIGHEST GUST SPEED    15   HIGHEST GUST DIRECTION     W (250)




..........................................................


THE EVANSVILLE IN CLIMATE NORMALS FOR TOMORROW
                         NORMAL    RECORD    YEAR
 MAXIMUM TEMPERATURE (F)   88       101      1941
                                             1918
 MINIMUM TEMPERATURE (F)   66        50      1967


SUNRISE AND SUNSET
AUGUST 10 2014........SUNRISE   601 AM CDT   SUNSET   750 PM CDT
AUGUST 11 2014........SUNRISE   602 AM CDT   SUNSET   748 PM CDT


-  INDICATES NEGATIVE NUMBERS.
R  INDICATES RECORD WAS SET OR TIED.
MM INDICATES DATA IS MISSING.
T  INDICATES TRACE AMOUNT.




$$
