780
CDUS43 KPAH 282228
CLIEVV


CLIMATE REPORT
NATIONAL WEATHER SERVICE PADUCAH KY
427 PM CST THU JAN 28 2016


...................................

...THE EVANSVILLE IN CLIMATE SUMMARY FOR JANUARY 28 2016...
VALID TODAY AS OF 0400 PM LOCAL TIME.

CLIMATE NORMAL PERIOD 1981 TO 2010
CLIMATE RECORD PERIOD 1896 TO 2016


WEATHER ITEM   OBSERVED TIME   RECORD YEAR NORMAL DEPARTURE LAST
                VALUE   (LST)  VALUE       VALUE  FROM      YEAR
                                                  NORMAL
..................................................................
TEMPERATURE (F)
 TODAY
  MAXIMUM         56    258 PM  69    1970  42     14       44
  MINIMUM         30   1221 AM -18    1963  24      6       28
  AVERAGE         43                        33     10       36

PRECIPITATION (IN)
  TODAY            0.00          1.73 1916   0.10  -0.10     0.00
  MONTH TO DATE    2.00                      2.77  -0.77     2.95
  SINCE DEC 1      7.20                      6.53   0.67     6.38
  SINCE JAN 1      2.00                      2.77  -0.77     2.95

SNOWFALL (IN)
  TODAY            0.0                                       0.0
  MONTH TO DATE   10.9                                       0.2
  SINCE JUL 1     10.9                                       2.6
  SNOW DEPTH       0

..................................................................


WIND (MPH)
  HIGHEST WIND SPEED    17   HIGHEST WIND DIRECTION    SW (240)
  HIGHEST GUST SPEED    22   HIGHEST GUST DIRECTION    SW (240)




..........................................................


THE EVANSVILLE IN CLIMATE NORMALS FOR TOMORROW
                         NORMAL    RECORD    YEAR
 MAXIMUM TEMPERATURE (F)   42        70      1975
 MINIMUM TEMPERATURE (F)   24        -8      1966


SUNRISE AND SUNSET
JANUARY 28 2016.......SUNRISE   658 AM CST   SUNSET   508 PM CST
JANUARY 29 2016.......SUNRISE   657 AM CST   SUNSET   509 PM CST


-  INDICATES NEGATIVE NUMBERS.
R  INDICATES RECORD WAS SET OR TIED.
MM INDICATES DATA IS MISSING.
T  INDICATES TRACE AMOUNT.




$$
