000
CDUS43 KPAH 300629
CLIEVV


CLIMATE REPORT
NATIONAL WEATHER SERVICE PADUCAH KY
1226 AM CST MON JAN 30 2017


...................................

...THE EVANSVILLE IN CLIMATE SUMMARY FOR JANUARY 29 2017...

CLIMATE NORMAL PERIOD 1981 TO 2010
CLIMATE RECORD PERIOD 1896 TO 2017


WEATHER ITEM   OBSERVED TIME   RECORD YEAR NORMAL DEPARTURE LAST
                VALUE   (LST)  VALUE       VALUE  FROM      YEAR
                                                  NORMAL
..................................................................
TEMPERATURE (F)
 YESTERDAY
  MAXIMUM         36   1131 AM  70    1975  42     -6       47
  MINIMUM         32   1159 PM  -8    1966  24      8       28
  AVERAGE         34                        33      1       38

PRECIPITATION (IN)
  YESTERDAY        0.01          2.06 1939   0.11  -0.10     0.00
  MONTH TO DATE    2.27                      2.88  -0.61     2.00
  SINCE DEC 1      6.19                      6.64  -0.45     7.20
  SINCE JAN 1      2.27                      2.88  -0.61     2.00

SNOWFALL (IN)
  YESTERDAY        T             1.5  1990   0.2   -0.2      0.0
  MONTH TO DATE    0.4                       3.2   -2.8     10.9
  SINCE DEC 1      0.4                       6.4   -6.0     10.9
  SINCE JUL 1      0.4                       6.7   -6.3     10.9
  SNOW DEPTH       0

DEGREE DAYS
 HEATING
  YESTERDAY       31                        32     -1       27
  MONTH TO DATE  712                       946   -234      931
  SINCE DEC 1   1612                      1857   -245     1460
  SINCE JUL 1   2142                      2718   -576     2069

 COOLING
  YESTERDAY        0                         0      0        0
  MONTH TO DATE    0                         0      0        0
  SINCE DEC 1      0                         0      0        3
  SINCE JAN 1      0                         0      0        0
..................................................................


WIND (MPH)
  HIGHEST WIND SPEED    20   HIGHEST WIND DIRECTION    NW (300)
  HIGHEST GUST SPEED    29   HIGHEST GUST DIRECTION    NW (300)
  AVERAGE WIND SPEED     7.6


SKY COVER
  AVERAGE SKY COVER 1.0


WEATHER CONDITIONS
 THE FOLLOWING WEATHER WAS RECORDED YESTERDAY.
  LIGHT SNOW
  FOG
  HAZE


RELATIVE HUMIDITY (PERCENT)
 HIGHEST    82
 LOWEST     56
 AVERAGE    69

..........................................................


THE EVANSVILLE IN CLIMATE NORMALS FOR TODAY
                         NORMAL    RECORD    YEAR
 MAXIMUM TEMPERATURE (F)   42        69      1947
 MINIMUM TEMPERATURE (F)   24       -10      1978


SUNRISE AND SUNSET
JANUARY 30 2017.......SUNRISE   656 AM CST   SUNSET   511 PM CST
JANUARY 31 2017.......SUNRISE   655 AM CST   SUNSET   512 PM CST


-  INDICATES NEGATIVE NUMBERS.
R  INDICATES RECORD WAS SET OR TIED.
MM INDICATES DATA IS MISSING.
T  INDICATES TRACE AMOUNT.




$$
