000
CDUS43 KPAH 181511 CCA
CLIEVV

CLIMATE REPORT...CORRECTION TO SNOWFALL AND SNOW DEPTH
NATIONAL WEATHER SERVICE PADUCAH KY
910 AM CST TUE NOV 18 2014

...................................

...THE EVANSVILLE IN CLIMATE SUMMARY FOR NOVEMBER 17 2014...

CLIMATE NORMAL PERIOD 1981 TO 2010
CLIMATE RECORD PERIOD 1896 TO 2014

WEATHER ITEM   OBSERVED TIME   RECORD YEAR NORMAL DEPARTURE LAST
                VALUE   (LST)  VALUE       VALUE  FROM      YEAR
                                                  NORMAL
..................................................................
TEMPERATURE (F)
 YESTERDAY
  MAXIMUM         31    412 AM  80    1958  56    -25       70
  MINIMUM         18   1148 PM  10    1959  36    -18       49
  AVERAGE         25                        46    -21       60

PRECIPITATION (IN)
  YESTERDAY        0.12          2.24 1906   0.15  -0.03     1.29
  MONTH TO DATE    0.92                      2.34  -1.42     1.72
  SINCE SEP 1      7.67                      8.64  -0.97    10.60
  SINCE JAN 1     41.85                     39.56   2.29    45.93

SNOWFALL (IN)
  YESTERDAY        1.7 R         0.1  1951   0.0    0.5      0.0
  MONTH TO DATE    2.2                       0.0    1.0       T
  SINCE SEP 1      2.2                       0.2    0.8       T
  SINCE JUL 1      2.2                       0.2    0.8       T
  SNOW DEPTH       2

DEGREE DAYS
 HEATING
  YESTERDAY       40                        19     21        5
  MONTH TO DATE  408                       269    139      293
  SINCE SEP 1    662                       571     91      552
  SINCE JUL 1    662                       572     90      552

 COOLING
  YESTERDAY        0                         0      0        0
  MONTH TO DATE    0                         0      0        0
  SINCE SEP 1    197                       196      1      272
  SINCE JAN 1   1477                      1395     82     1464
..................................................................

WIND (MPH)
  HIGHEST WIND SPEED    20   HIGHEST WIND DIRECTION     W (290)
  HIGHEST GUST SPEED    28   HIGHEST GUST DIRECTION    NW (300)
  AVERAGE WIND SPEED    10.1

SKY COVER
  AVERAGE SKY COVER 0.8

WEATHER CONDITIONS
 THE FOLLOWING WEATHER WAS RECORDED YESTERDAY.
  LIGHT SNOW
  FOG

RELATIVE HUMIDITY (PERCENT)
 HIGHEST    92
 LOWEST     50
 AVERAGE    71
..........................................................

THE EVANSVILLE IN CLIMATE NORMALS FOR TODAY
                         NORMAL    RECORD    YEAR
 MAXIMUM TEMPERATURE (F)   55        76      1985
                                             1930
 MINIMUM TEMPERATURE (F)   36        12      1959

SUNRISE AND SUNSET
NOVEMBER 18 2014......SUNRISE   634 AM CST   SUNSET   436 PM CST
NOVEMBER 19 2014......SUNRISE   635 AM CST   SUNSET   436 PM CST

-  INDICATES NEGATIVE NUMBERS.
R  INDICATES RECORD WAS SET OR TIED.
MM INDICATES DATA IS MISSING.
T  INDICATES TRACE AMOUNT.

$$
