000
CDUS43 KPAH 192227
CLIEVV


CLIMATE REPORT
NATIONAL WEATHER SERVICE PADUCAH KY
425 PM CST SAT NOV 19 2016

...................................

...THE EVANSVILLE IN CLIMATE SUMMARY FOR NOVEMBER 19 2016...
VALID TODAY AS OF 0400 PM LOCAL TIME.

CLIMATE NORMAL PERIOD 1981 TO 2010
CLIMATE RECORD PERIOD 1896 TO 2016

WEATHER ITEM   OBSERVED TIME   RECORD YEAR NORMAL DEPARTURE LAST
                VALUE   (LST)  VALUE       VALUE  FROM      YEAR
                                                  NORMAL
..................................................................
TEMPERATURE (F)
 TODAY
  MAXIMUM         48    253 PM  81    1930  55     -7       57
  MINIMUM         40    913 AM  14    1914  35      5       32
  AVERAGE         44                        45     -1       45

PRECIPITATION (IN)
  TODAY            0.00          2.25 1950   0.16  -0.16     0.00
  MONTH TO DATE    0.70                      2.66  -1.96     3.66
  SINCE SEP 1      5.20                      8.96  -3.76     7.72
  SINCE JAN 1     43.66                     39.88   3.78    45.28

SNOWFALL (IN)
  TODAY            0.0                                       0.0
  MONTH TO DATE    0.0                                       0.0
  SINCE JUL 1      0.0                                       0.0
  SNOW DEPTH       0
..................................................................

WIND (MPH)
  HIGHEST WIND SPEED    21   HIGHEST WIND DIRECTION     W (260)
  HIGHEST GUST SPEED    32   HIGHEST GUST DIRECTION    NW (300)
..........................................................

THE EVANSVILLE IN CLIMATE NORMALS FOR TOMORROW
                         NORMAL    RECORD    YEAR
 MAXIMUM TEMPERATURE (F)   54        75      1913
 MINIMUM TEMPERATURE (F)   35        12      1914

SUNRISE AND SUNSET
NOVEMBER 19 2016......SUNRISE   636 AM CST   SUNSET   435 PM CST
NOVEMBER 20 2016......SUNRISE   637 AM CST   SUNSET   435 PM CST

-  INDICATES NEGATIVE NUMBERS.
R  INDICATES RECORD WAS SET OR TIED.
MM INDICATES DATA IS MISSING.
T  INDICATES TRACE AMOUNT.

$$
