000
CDUS43 KPAH 182135
CLIEVV


CLIMATE REPORT
NATIONAL WEATHER SERVICE PADUCAH KY
431 PM CDT WED MAR 18 2015

...................................

...THE EVANSVILLE IN CLIMATE SUMMARY FOR MARCH 18 2015...
VALID TODAY AS OF 0400 PM LOCAL TIME.

CLIMATE NORMAL PERIOD 1981 TO 2010
CLIMATE RECORD PERIOD 1896 TO 2015

WEATHER ITEM   OBSERVED TIME   RECORD YEAR NORMAL DEPARTURE LAST
                VALUE   (LST)  VALUE       VALUE  FROM      YEAR
                                                  NORMAL
..................................................................
TEMPERATURE (F)
 TODAY
  MAXIMUM         49    259 PM  82    2012  58     -9       55
  MINIMUM         35    548 AM  13    1902  36     -1       29
  AVERAGE         42                        47     -5       42

PRECIPITATION (IN)
  TODAY            0.00          6.40 2008   0.14  -0.14     0.00
  MONTH TO DATE    5.64                      2.32   3.32     1.31
  SINCE MAR 1      5.64                      2.32   3.32     1.31
  SINCE JAN 1     11.17                      8.59   2.58     5.26

SNOWFALL (IN)
  TODAY            0.0                                       0.0
  MONTH TO DATE    8.5                                       2.4
  SINCE JUL 1     18.5                                      12.4
  SNOW DEPTH       0
..................................................................

WIND (MPH)
  HIGHEST WIND SPEED    20   HIGHEST WIND DIRECTION     E (90)
  HIGHEST GUST SPEED    24   HIGHEST GUST DIRECTION     E (80)
..........................................................

THE EVANSVILLE IN CLIMATE NORMALS FOR TOMORROW
                         NORMAL    RECORD    YEAR
 MAXIMUM TEMPERATURE (F)   58        83      2012
 MINIMUM TEMPERATURE (F)   36        10      1923

SUNRISE AND SUNSET
MARCH 18 2015.........SUNRISE   657 AM CDT   SUNSET   700 PM CDT
MARCH 19 2015.........SUNRISE   656 AM CDT   SUNSET   701 PM CDT

-  INDICATES NEGATIVE NUMBERS.
R  INDICATES RECORD WAS SET OR TIED.
MM INDICATES DATA IS MISSING.
T  INDICATES TRACE AMOUNT.

$$
