000
CDUS43 KPAH 130647
CLIEVV


CLIMATE REPORT
NATIONAL WEATHER SERVICE PADUCAH KY
141 AM CDT FRI OCT 13 2017


...................................

...THE EVANSVILLE IN CLIMATE SUMMARY FOR OCTOBER 12 2017...

CLIMATE NORMAL PERIOD 1981 TO 2010
CLIMATE RECORD PERIOD 1896 TO 2017


WEATHER ITEM   OBSERVED TIME   RECORD YEAR NORMAL DEPARTURE LAST
                VALUE   (LST)  VALUE       VALUE  FROM      YEAR
                                                  NORMAL
..................................................................
TEMPERATURE (F)
 YESTERDAY
  MAXIMUM         62    617 PM  87    1989  71     -9       77
  MINIMUM         57    735 AM  29    1988  46     11       55
  AVERAGE         60                        59      1       66

PRECIPITATION (IN)
  YESTERDAY        0.01          4.18 1901   0.10  -0.09      T
  MONTH TO DATE    1.43                      1.22   0.21     0.34
  SINCE SEP 1      4.67                      4.27   0.40     4.35
  SINCE JAN 1     37.08                     35.19   1.89    42.81

SNOWFALL (IN)
  YESTERDAY        0.0           0.0  2002   0.0    0.0      0.0
                                      2001
  MONTH TO DATE    0.0                       0.0    0.0      0.0
  SINCE SEP 1      0.0                       0.0    0.0      0.0
  SINCE JUL 1      0.0                       0.0    0.0      0.0
  SNOW DEPTH       0

DEGREE DAYS
 HEATING
  YESTERDAY        5                         7     -2        0
  MONTH TO DATE   12                        72    -60       12
  SINCE SEP 1     27                       118    -91       21
  SINCE JUL 1     27                       119    -92       21

 COOLING
  YESTERDAY        0                         1     -1        1
  MONTH TO DATE   67                        19     48       39
  SINCE SEP 1    265                       186     79      320
  SINCE JAN 1   1555                      1385    170     1706
..................................................................


WIND (MPH)
  HIGHEST WIND SPEED     6   HIGHEST WIND DIRECTION     S (160)
  HIGHEST GUST SPEED     8   HIGHEST GUST DIRECTION    NW (330)
  AVERAGE WIND SPEED     1.4


SKY COVER
  AVERAGE SKY COVER 1.0


WEATHER CONDITIONS
 THE FOLLOWING WEATHER WAS RECORDED YESTERDAY.
  LIGHT RAIN
  FOG
  HAZE


RELATIVE HUMIDITY (PERCENT)
 HIGHEST    93
 LOWEST     67
 AVERAGE    80

..........................................................


THE EVANSVILLE IN CLIMATE NORMALS FOR TODAY
                         NORMAL    RECORD    YEAR
 MAXIMUM TEMPERATURE (F)   71        91      1989
 MINIMUM TEMPERATURE (F)   46        25      1988


SUNRISE AND SUNSET
OCTOBER 13 2017.......SUNRISE   657 AM CDT   SUNSET   615 PM CDT
OCTOBER 14 2017.......SUNRISE   658 AM CDT   SUNSET   613 PM CDT


-  INDICATES NEGATIVE NUMBERS.
R  INDICATES RECORD WAS SET OR TIED.
MM INDICATES DATA IS MISSING.
T  INDICATES TRACE AMOUNT.




$$
