000
CDUS43 KPAH 220637
CLIEVV


CLIMATE REPORT
NATIONAL WEATHER SERVICE PADUCAH KY
134 AM CDT SAT AUG 22 2015

...................................

...THE EVANSVILLE IN CLIMATE SUMMARY FOR AUGUST 21 2015...

CLIMATE NORMAL PERIOD 1981 TO 2010
CLIMATE RECORD PERIOD 1896 TO 2015

WEATHER ITEM   OBSERVED TIME   RECORD YEAR NORMAL DEPARTURE LAST
                VALUE   (LST)  VALUE       VALUE  FROM      YEAR
                                                  NORMAL
..................................................................
TEMPERATURE (F)
 YESTERDAY
  MAXIMUM         81    215 PM 101    1983  88     -7       92
  MINIMUM         57    431 AM  49    1950  65     -8       73
  AVERAGE         69                        77     -8       83

PRECIPITATION (IN)
  YESTERDAY        0.00          1.34 1989   0.10  -0.10     0.02
  MONTH TO DATE    3.06                      2.04   1.02     3.94
  SINCE JUN 1     15.12                      9.74   5.38    11.83
  SINCE JAN 1     37.56                     29.98   7.58    33.32

SNOWFALL (IN)
  YESTERDAY        0.0           0.0  2002   0.0    0.0      0.0
                                      2001
  MONTH TO DATE    0.0                       0.0    0.0      0.0
  SINCE JUN 1      0.0                       0.0    0.0      0.0
  SINCE JUL 1      0.0                       0.0    0.0      0.0
  SNOW DEPTH       0

DEGREE DAYS
 HEATING
  YESTERDAY        0                         0      0        0
  MONTH TO DATE    0                         0      0        0
  SINCE JUN 1      7                         6      1        0
  SINCE JUL 1      0                         0      0        0

 COOLING
  YESTERDAY        4                        12     -8       18
  MONTH TO DATE  238                       255    -17      241
  SINCE JUN 1   1034                       956     78      898
  SINCE JAN 1   1225                      1091    134     1109
..................................................................

WIND (MPH)
  HIGHEST WIND SPEED    13   HIGHEST WIND DIRECTION     E (90)
  HIGHEST GUST SPEED    16   HIGHEST GUST DIRECTION     E (80)
  AVERAGE WIND SPEED     2.6

SKY COVER
  AVERAGE SKY COVER 0.0

WEATHER CONDITIONS
 THE FOLLOWING WEATHER WAS RECORDED YESTERDAY.
  NO SIGNIFICANT WEATHER WAS OBSERVED.

RELATIVE HUMIDITY (PERCENT)
 HIGHEST   100
 LOWEST     42
 AVERAGE    71
..........................................................

THE EVANSVILLE IN CLIMATE NORMALS FOR TODAY
                         NORMAL    RECORD    YEAR
 MAXIMUM TEMPERATURE (F)   88       101      1983
                                             1936
 MINIMUM TEMPERATURE (F)   65        49      1956
                                             1950

SUNRISE AND SUNSET
AUGUST 22 2015........SUNRISE   611 AM CDT   SUNSET   734 PM CDT
AUGUST 23 2015........SUNRISE   612 AM CDT   SUNSET   733 PM CDT

-  INDICATES NEGATIVE NUMBERS.
R  INDICATES RECORD WAS SET OR TIED.
MM INDICATES DATA IS MISSING.
T  INDICATES TRACE AMOUNT.

$$
