000
CDUS43 KPAH 140630
CLIEVV


CLIMATE REPORT
NATIONAL WEATHER SERVICE PADUCAH KY
127 AM CDT MON JUL 14 2014

...................................

...THE EVANSVILLE IN CLIMATE SUMMARY FOR JULY 13 2014...

CLIMATE NORMAL PERIOD 1981 TO 2010
CLIMATE RECORD PERIOD 1896 TO 2014

WEATHER ITEM   OBSERVED TIME   RECORD YEAR NORMAL DEPARTURE LAST
                VALUE   (LST)  VALUE       VALUE  FROM      YEAR
                                                  NORMAL
..................................................................
TEMPERATURE (F)
 YESTERDAY
  MAXIMUM         93    258 PM 108    1936  89      4       86
  MINIMUM         73   1127 PM  57    1959  68      5       63
                                      1940
  AVERAGE         83                        78      5       75

PRECIPITATION (IN)
  YESTERDAY        0.57          1.54 1909   0.13   0.44     0.04
  MONTH TO DATE    3.11                      1.72   1.39     0.42
  SINCE JUN 1      6.98                      5.50   1.48     7.97
  SINCE JAN 1     28.47                     25.74   2.73    30.52

SNOWFALL (IN)
  YESTERDAY        0.0          MM      MM   0.0    0.0      0.0
  MONTH TO DATE    0.0                       0.0    0.0      0.0
  SINCE JUN 1      0.0                       0.0    0.0      0.0
  SINCE JUL 1      0.0                       0.0    0.0      0.0
  SNOW DEPTH       0

DEGREE DAYS
 HEATING
  YESTERDAY        0                         0      0        0
  MONTH TO DATE    0                         0      0        0
  SINCE JUN 1      0                         6     -6        1
  SINCE JUL 1      0                         0      0        0

 COOLING
  YESTERDAY       18                        13      5       10
  MONTH TO DATE  146                       169    -23      135
  SINCE JUN 1    508                       467     41      431
  SINCE JAN 1    719                       602    117      602
..................................................................

WIND (MPH)
  HIGHEST WIND SPEED    38   HIGHEST WIND DIRECTION    SW (230)
  HIGHEST GUST SPEED    51   HIGHEST GUST DIRECTION    SW (240)
  AVERAGE WIND SPEED    11.2

SKY COVER
  AVERAGE SKY COVER 0.3

WEATHER CONDITIONS
 THE FOLLOWING WEATHER WAS RECORDED YESTERDAY.
  THUNDERSTORM
  HEAVY RAIN
  RAIN
  LIGHT RAIN
  FOG

RELATIVE HUMIDITY (PERCENT)
 HIGHEST    87
 LOWEST     46
 AVERAGE    67
..........................................................

THE EVANSVILLE IN CLIMATE NORMALS FOR TODAY
                         NORMAL    RECORD    YEAR
 MAXIMUM TEMPERATURE (F)   89       106      1936
 MINIMUM TEMPERATURE (F)   68        52      1975

SUNRISE AND SUNSET
JULY 14 2014..........SUNRISE   539 AM CDT   SUNSET   813 PM CDT
JULY 15 2014..........SUNRISE   539 AM CDT   SUNSET   812 PM CDT

-  INDICATES NEGATIVE NUMBERS.
R  INDICATES RECORD WAS SET OR TIED.
MM INDICATES DATA IS MISSING.
T  INDICATES TRACE AMOUNT.

$$
