000
CDUS43 KPAH 160630
CLIEVV


CLIMATE REPORT
NATIONAL WEATHER SERVICE PADUCAH KY
1228 AM CST SUN NOV 16 2014

...................................

...THE EVANSVILLE IN CLIMATE SUMMARY FOR NOVEMBER 15 2014...

CLIMATE NORMAL PERIOD 1981 TO 2010
CLIMATE RECORD PERIOD 1896 TO 2014

WEATHER ITEM   OBSERVED TIME   RECORD YEAR NORMAL DEPARTURE LAST
                VALUE   (LST)  VALUE       VALUE  FROM      YEAR
                                                  NORMAL
..................................................................
TEMPERATURE (F)
 YESTERDAY
  MAXIMUM         39    341 PM  80    1955  57    -18       52
  MINIMUM         21    635 AM  17    1940  37    -16       37
  AVERAGE         30                        47    -17       45

PRECIPITATION (IN)
  YESTERDAY        0.03          3.18 2005   0.15  -0.12     0.01
  MONTH TO DATE    0.56                      2.03  -1.47     0.38
  SINCE SEP 1      7.31                      8.33  -1.02     9.26
  SINCE JAN 1     41.49                     39.25   2.24    44.59

SNOWFALL (IN)
  YESTERDAY        T   R         T    2007   0.0    0.0      0.0
                                      1970
  MONTH TO DATE    T                         0.0    0.0       T
  SINCE SEP 1      T                         0.2   -0.2       T
  SINCE JUL 1      T                         0.2   -0.2       T
  SNOW DEPTH       0

DEGREE DAYS
 HEATING
  YESTERDAY       35                        18     17       20
  MONTH TO DATE  338                       231    107      281
  SINCE SEP 1    592                       533     59      540
  SINCE JUL 1    592                       534     58      540

 COOLING
  YESTERDAY        0                         0      0        0
  MONTH TO DATE    0                         0      0        0
  SINCE SEP 1    197                       196      1      272
  SINCE JAN 1   1477                      1395     82     1464
..................................................................

WIND (MPH)
  HIGHEST WIND SPEED    12   HIGHEST WIND DIRECTION    SE (140)
  HIGHEST GUST SPEED    15   HIGHEST GUST DIRECTION    SE (150)
  AVERAGE WIND SPEED     3.4

SKY COVER
  AVERAGE SKY COVER 0.5

WEATHER CONDITIONS
 THE FOLLOWING WEATHER WAS RECORDED YESTERDAY.
  LIGHT SNOW
  FOG
  HAZE

RELATIVE HUMIDITY (PERCENT)
 HIGHEST    92
 LOWEST     37
 AVERAGE    65
..........................................................

THE EVANSVILLE IN CLIMATE NORMALS FOR TODAY
                         NORMAL    RECORD    YEAR
 MAXIMUM TEMPERATURE (F)   56        78      1952
                                             1931
 MINIMUM TEMPERATURE (F)   36        18      1997

SUNRISE AND SUNSET
NOVEMBER 16 2014......SUNRISE   632 AM CST   SUNSET   437 PM CST
NOVEMBER 17 2014......SUNRISE   633 AM CST   SUNSET   437 PM CST

-  INDICATES NEGATIVE NUMBERS.
R  INDICATES RECORD WAS SET OR TIED.
MM INDICATES DATA IS MISSING.
T  INDICATES TRACE AMOUNT.

$$
