000
CDUS43 KPAH 020633
CLIEVV


CLIMATE REPORT
NATIONAL WEATHER SERVICE PADUCAH KY
1229 AM CST TUE FEB 2 2016


...................................

...THE EVANSVILLE IN CLIMATE SUMMARY FOR FEBRUARY 1 2016...

CLIMATE NORMAL PERIOD 1981 TO 2010
CLIMATE RECORD PERIOD 1896 TO 2016


WEATHER ITEM   OBSERVED TIME   RECORD YEAR NORMAL DEPARTURE LAST
                VALUE   (LST)  VALUE       VALUE  FROM      YEAR
                                                  NORMAL
..................................................................
TEMPERATURE (F)
 YESTERDAY
  MAXIMUM         58    305 PM  71    1911  42     16       48
  MINIMUM         40   1030 PM  -5    1951  25     15       34
  AVERAGE         49                        33     16       41

PRECIPITATION (IN)
  YESTERDAY        T             2.07 1988   0.12  -0.12     0.64
  MONTH TO DATE    T                         0.12  -0.12     0.64
  SINCE DEC 1      7.20                      6.98   0.22     7.04
  SINCE JAN 1      2.00                      3.22  -1.22     3.61

SNOWFALL (IN)
  YESTERDAY        0.0           8.5  1966   0.1   -0.1      0.0
  MONTH TO DATE    0.0                       0.1   -0.1      0.0
  SINCE DEC 1     10.9                       6.7    4.2      0.2
  SINCE JUL 1     10.9                       7.0    3.9      2.6
  SNOW DEPTH       0

DEGREE DAYS
 HEATING
  YESTERDAY       16                        32    -16       24
  MONTH TO DATE   16                        32    -16       24
  SINCE DEC 1   1497                      1950   -453     1788
  SINCE JUL 1   2106                      2811   -705     2791

 COOLING
  YESTERDAY        0                         0      0        0
  MONTH TO DATE    0                         0      0        0
  SINCE DEC 1      3                         0      3        0
  SINCE JAN 1      0                         0      0        0
..................................................................


WIND (MPH)
  HIGHEST WIND SPEED    13   HIGHEST WIND DIRECTION     N (350)
  HIGHEST GUST SPEED    19   HIGHEST GUST DIRECTION     N (360)
  AVERAGE WIND SPEED     7.0


SKY COVER
  AVERAGE SKY COVER 0.3


WEATHER CONDITIONS
 THE FOLLOWING WEATHER WAS RECORDED YESTERDAY.
  LIGHT RAIN


RELATIVE HUMIDITY (PERCENT)
 HIGHEST    71
 LOWEST     38
 AVERAGE    55

..........................................................


THE EVANSVILLE IN CLIMATE NORMALS FOR TODAY
                         NORMAL    RECORD    YEAR
 MAXIMUM TEMPERATURE (F)   43        63      1911
 MINIMUM TEMPERATURE (F)   25       -23      1951


SUNRISE AND SUNSET
FEBRUARY  2 2016......SUNRISE   654 AM CST   SUNSET   514 PM CST
FEBRUARY  3 2016......SUNRISE   653 AM CST   SUNSET   515 PM CST


-  INDICATES NEGATIVE NUMBERS.
R  INDICATES RECORD WAS SET OR TIED.
MM INDICATES DATA IS MISSING.
T  INDICATES TRACE AMOUNT.




$$
