000
CDUS43 KPAH 140630
CLIEVV


CLIMATE REPORT
NATIONAL WEATHER SERVICE PADUCAH KY
128 AM CDT THU MAY 14 2015


...................................

...THE EVANSVILLE IN CLIMATE SUMMARY FOR MAY 13 2015...

CLIMATE NORMAL PERIOD 1981 TO 2010
CLIMATE RECORD PERIOD 1896 TO 2015


WEATHER ITEM   OBSERVED TIME   RECORD YEAR NORMAL DEPARTURE LAST
                VALUE   (LST)  VALUE       VALUE  FROM      YEAR
                                                  NORMAL
..................................................................
TEMPERATURE (F)
 YESTERDAY
  MAXIMUM         71    509 PM  92    1962  76     -5       82
  MINIMUM         48    348 AM  36    1960  54     -6       58
  AVERAGE         60                        65     -5       70

PRECIPITATION (IN)
  YESTERDAY        0.00          2.26 1995   0.19  -0.19     0.42
  MONTH TO DATE    1.43                      2.28  -0.85     1.85
  SINCE MAR 1     14.90                     10.89   4.01    15.67
  SINCE JAN 1     20.43                     17.16   3.27    19.62

SNOWFALL (IN)
  YESTERDAY        0.0           0.0  2002   0.0    0.0      0.0
                                      2001
  MONTH TO DATE    0.0                       0.0    0.0      0.0
  SINCE MAR 1      8.5                       1.1    7.4      2.6
  SINCE JUL 1     18.5                      11.8    6.7     12.6
  SNOW DEPTH       0

DEGREE DAYS
 HEATING
  YESTERDAY        5                         3      2        0
  MONTH TO DATE   21                        52    -31       32
  SINCE MAR 1    836                       933    -97      958
  SINCE JUL 1   4672                      4507    165     4920

 COOLING
  YESTERDAY        0                         3     -3        5
  MONTH TO DATE   69                        26     43       74
  SINCE MAR 1     97                        53     44       84
  SINCE JAN 1     97                        53     44       84
..................................................................


WIND (MPH)
  HIGHEST WIND SPEED    13   HIGHEST WIND DIRECTION    NE (30)
  HIGHEST GUST SPEED    16   HIGHEST GUST DIRECTION    NE (30)
  AVERAGE WIND SPEED     5.6


SKY COVER
  AVERAGE SKY COVER 0.0


WEATHER CONDITIONS
 THE FOLLOWING WEATHER WAS RECORDED YESTERDAY.
  NO SIGNIFICANT WEATHER WAS OBSERVED.


RELATIVE HUMIDITY (PERCENT)
 HIGHEST    89
 LOWEST     40
 AVERAGE    65

..........................................................


THE EVANSVILLE IN CLIMATE NORMALS FOR TODAY
                         NORMAL    RECORD    YEAR
 MAXIMUM TEMPERATURE (F)   76        90      1982
                                             1962
 MINIMUM TEMPERATURE (F)   54        39      1996


SUNRISE AND SUNSET
MAY 14 2015...........SUNRISE   541 AM CDT   SUNSET   753 PM CDT
MAY 15 2015...........SUNRISE   540 AM CDT   SUNSET   754 PM CDT


-  INDICATES NEGATIVE NUMBERS.
R  INDICATES RECORD WAS SET OR TIED.
MM INDICATES DATA IS MISSING.
T  INDICATES TRACE AMOUNT.




$$
