000
CDUS43 KPAH 080630
CLIEVV


CLIMATE REPORT
NATIONAL WEATHER SERVICE PADUCAH KY
128 AM CDT SUN MAY 8 2016

...................................

...THE EVANSVILLE IN CLIMATE SUMMARY FOR MAY 7 2016...

CLIMATE NORMAL PERIOD 1981 TO 2010
CLIMATE RECORD PERIOD 1896 TO 2016

WEATHER ITEM   OBSERVED TIME   RECORD YEAR NORMAL DEPARTURE LAST
                VALUE   (LST)  VALUE       VALUE  FROM      YEAR
                                                  NORMAL
..................................................................
TEMPERATURE (F)
 YESTERDAY
  MAXIMUM         85    252 PM  89    1986  74     11       87
  MINIMUM         53    505 AM  33    1944  52      1       58
  AVERAGE         69                        63      6       73

PRECIPITATION (IN)
  YESTERDAY        0.31          4.28 1961   0.17   0.14     0.00
  MONTH TO DATE    0.59                      1.20  -0.61     0.00
  SINCE MAR 1     11.95                      9.81   2.14    13.47
  SINCE JAN 1     18.29                     16.08   2.21    19.00

SNOWFALL (IN)
  YESTERDAY        0.0           T    1955   0.0    0.0      0.0
  MONTH TO DATE    0.0                       0.0    0.0      0.0
  SINCE MAR 1      T                         1.1   -1.1      8.5
  SINCE JUL 1     14.2                      11.8    2.4     18.5
  SNOW DEPTH       0

DEGREE DAYS
 HEATING
  YESTERDAY        0                         4     -4        0
  MONTH TO DATE   39                        31      8       12
  SINCE MAR 1    685                       912   -227      827
  SINCE JUL 1   3503                      4486   -983     4663

 COOLING
  YESTERDAY        4                         2      2        8
  MONTH TO DATE    6                        11     -5       31
  SINCE MAR 1     28                        38    -10       59
  SINCE JAN 1     28                        38    -10       59
..................................................................

WIND (MPH)
  HIGHEST WIND SPEED    25   HIGHEST WIND DIRECTION     W (290)
  HIGHEST GUST SPEED    41   HIGHEST GUST DIRECTION     W (280)
  AVERAGE WIND SPEED     9.2

SKY COVER
  AVERAGE SKY COVER 0.2

WEATHER CONDITIONS
 THE FOLLOWING WEATHER WAS RECORDED YESTERDAY.
  THUNDERSTORM
  HEAVY RAIN
  RAIN
  LIGHT RAIN
  FOG

RELATIVE HUMIDITY (PERCENT)
 HIGHEST    93
 LOWEST     37
 AVERAGE    65
..........................................................

THE EVANSVILLE IN CLIMATE NORMALS FOR TODAY
                         NORMAL    RECORD    YEAR
 MAXIMUM TEMPERATURE (F)   75        90      1897
 MINIMUM TEMPERATURE (F)   52        38      1989
                                             1980
                                             1954

SUNRISE AND SUNSET
MAY  8 2016...........SUNRISE   546 AM CDT   SUNSET   748 PM CDT
MAY  9 2016...........SUNRISE   545 AM CDT   SUNSET   749 PM CDT

-  INDICATES NEGATIVE NUMBERS.
R  INDICATES RECORD WAS SET OR TIED.
MM INDICATES DATA IS MISSING.
T  INDICATES TRACE AMOUNT.

$$
