000
CDUS43 KPAH 050634
CLIEVV


CLIMATE REPORT
NATIONAL WEATHER SERVICE PADUCAH KY
131 AM CDT FRI SEP 5 2014


...................................

...THE EVANSVILLE IN CLIMATE SUMMARY FOR SEPTEMBER 4 2014...

CLIMATE NORMAL PERIOD 1981 TO 2010
CLIMATE RECORD PERIOD 1896 TO 2014


WEATHER ITEM   OBSERVED TIME   RECORD YEAR NORMAL DEPARTURE LAST
                VALUE   (LST)  VALUE       VALUE  FROM      YEAR
                                                  NORMAL
..................................................................
TEMPERATURE (F)
 YESTERDAY
  MAXIMUM         91    143 PM 101    1954  86      5       83
  MINIMUM         68    557 AM  46    1952  62      6       57
  AVERAGE         80                        74      6       70

PRECIPITATION (IN)
  YESTERDAY        0.00          1.90 1910   0.09  -0.09     0.00
  MONTH TO DATE    1.11                      0.38   0.73     1.17
  SINCE SEP 1      1.11                      0.38   0.73     1.17
  SINCE JAN 1     35.29                     31.30   3.99    36.50

SNOWFALL (IN)
  YESTERDAY        0.0           0.0    MM   0.0    0.0      0.0
  MONTH TO DATE    0.0                       0.0    0.0      0.0
  SINCE SEP 1      0.0                       0.0    0.0      0.0
  SINCE JUL 1      0.0                       0.0    0.0      0.0
  SNOW DEPTH       0

DEGREE DAYS
 HEATING
  YESTERDAY        0                         0      0        0
  MONTH TO DATE    0                         0      0        0
  SINCE SEP 1      0                         0      0        0
  SINCE JUL 1      0                         1     -1        0

 COOLING
  YESTERDAY       15                         9      6        5
  MONTH TO DATE   52                        37     15       40
  SINCE SEP 1     52                        37     15       40
  SINCE JAN 1   1332                      1236     96     1232
..................................................................


WIND (MPH)
  HIGHEST WIND SPEED    10   HIGHEST WIND DIRECTION     S (180)
  HIGHEST GUST SPEED    14   HIGHEST GUST DIRECTION    SE (140)
  AVERAGE WIND SPEED     3.3


SKY COVER
  AVERAGE SKY COVER 0.0


WEATHER CONDITIONS
 THE FOLLOWING WEATHER WAS RECORDED YESTERDAY.
  FOG


RELATIVE HUMIDITY (PERCENT)
 HIGHEST    97
 LOWEST     50
 AVERAGE    74

..........................................................


THE EVANSVILLE IN CLIMATE NORMALS FOR TODAY
                         NORMAL    RECORD    YEAR
 MAXIMUM TEMPERATURE (F)   85       103      1954
                                             1925
 MINIMUM TEMPERATURE (F)   61        45      1997


SUNRISE AND SUNSET
SEPTEMBER  5 2014.....SUNRISE   623 AM CDT   SUNSET   714 PM CDT
SEPTEMBER  6 2014.....SUNRISE   624 AM CDT   SUNSET   712 PM CDT


-  INDICATES NEGATIVE NUMBERS.
R  INDICATES RECORD WAS SET OR TIED.
MM INDICATES DATA IS MISSING.
T  INDICATES TRACE AMOUNT.




$$
