000
CDUS43 KPAH 100657
CLIEVV


CLIMATE REPORT
NATIONAL WEATHER SERVICE PADUCAH KY
1251 AM CST FRI MAR 10 2017


...................................

...THE EVANSVILLE IN CLIMATE SUMMARY FOR MARCH 9 2017...

CLIMATE NORMAL PERIOD 1981 TO 2010
CLIMATE RECORD PERIOD 1896 TO 2017


WEATHER ITEM   OBSERVED TIME   RECORD YEAR NORMAL DEPARTURE LAST
                VALUE   (LST)  VALUE       VALUE  FROM      YEAR
                                                  NORMAL
..................................................................
TEMPERATURE (F)
 YESTERDAY
  MAXIMUM         74    241 PM  80    1925  54     20       64
  MINIMUM         43    631 AM  10    1932  33     10       57
  AVERAGE         59                        44     15       61

PRECIPITATION (IN)
  YESTERDAY        0.01          4.25 1964   0.13  -0.12     0.94
  MONTH TO DATE    2.38                      1.10   1.28     1.60
  SINCE MAR 1      2.38                      1.10   1.28     1.60
  SINCE JAN 1      5.65                      7.37  -1.72     7.94

SNOWFALL (IN)
  YESTERDAY       MM             6.8  1994   0.1   MM        0.0
  MONTH TO DATE    0.3                       0.5   -0.2       T
  SINCE MAR 1      0.3                       0.5   -0.2       T
  SINCE JUL 1      0.7                      11.2  -10.5     14.2
  SNOW DEPTH       0

DEGREE DAYS
 HEATING
  YESTERDAY        6                        21    -15        4
  MONTH TO DATE  131                       204    -73      161
  SINCE MAR 1    131                       204    -73      161
  SINCE JUL 1   2830                      3778   -948     2979

 COOLING
  YESTERDAY        0                         0      0        0
  MONTH TO DATE    0                         0      0        0
  SINCE MAR 1      0                         0      0        0
  SINCE JAN 1      0                         0      0        0
..................................................................


WIND (MPH)
  HIGHEST WIND SPEED    18   HIGHEST WIND DIRECTION    NW (320)
  HIGHEST GUST SPEED    25   HIGHEST GUST DIRECTION    NW (320)
  AVERAGE WIND SPEED     7.6


SKY COVER
  AVERAGE SKY COVER 0.1


WEATHER CONDITIONS
 THE FOLLOWING WEATHER WAS RECORDED YESTERDAY.
  LIGHT RAIN


RELATIVE HUMIDITY (PERCENT)
 HIGHEST    77
 LOWEST     31
 AVERAGE    54

..........................................................


THE EVANSVILLE IN CLIMATE NORMALS FOR TODAY
                         NORMAL    RECORD    YEAR
 MAXIMUM TEMPERATURE (F)   54        82      1990
 MINIMUM TEMPERATURE (F)   34        12      1934


SUNRISE AND SUNSET
MARCH 10 2017.........SUNRISE   608 AM CST   SUNSET   553 PM CST
MARCH 11 2017.........SUNRISE   607 AM CST   SUNSET   554 PM CST


-  INDICATES NEGATIVE NUMBERS.
R  INDICATES RECORD WAS SET OR TIED.
MM INDICATES DATA IS MISSING.
T  INDICATES TRACE AMOUNT.




$$
