000
CDUS43 KPAH 030628
CLIEVV


CLIMATE REPORT
NATIONAL WEATHER SERVICE PADUCAH KY
126 AM CDT SUN JUL 3 2016

...................................

...THE EVANSVILLE IN CLIMATE SUMMARY FOR JULY 2 2016...

CLIMATE NORMAL PERIOD 1981 TO 2010
CLIMATE RECORD PERIOD 1896 TO 2016

WEATHER ITEM   OBSERVED TIME   RECORD YEAR NORMAL DEPARTURE LAST
                VALUE   (LST)  VALUE       VALUE  FROM      YEAR
                                                  NORMAL
..................................................................
TEMPERATURE (F)
 YESTERDAY
  MAXIMUM         81   1148 AM 103    2012  89     -8       82
  MINIMUM         59    459 AM  52    1948  67     -8       70
  AVERAGE         70                        78     -8       76

PRECIPITATION (IN)
  YESTERDAY        T             2.90 1992   0.13  -0.13     0.22
  MONTH TO DATE    T                         0.26  -0.26     0.39
  SINCE JUN 1      4.37                      4.04   0.33     7.78
  SINCE JAN 1     26.12                     24.28   1.84    30.22

SNOWFALL (IN)
  YESTERDAY        0.0          MM      MM   0.0    0.0      0.0
  MONTH TO DATE    0.0                       0.0    0.0      0.0
  SINCE JUN 1      0.0                       0.0    0.0      0.0
  SINCE JUL 1      0.0                       0.0    0.0      0.0
  SNOW DEPTH       0

DEGREE DAYS
 HEATING
  YESTERDAY        0                         0      0        0
  MONTH TO DATE    0                         0      0        0
  SINCE JUN 1      0                         6     -6        7
  SINCE JUL 1      0                         0      0        0

 COOLING
  YESTERDAY        5                        13     -8       11
  MONTH TO DATE   17                        26     -9       22
  SINCE JUN 1    403                       324     79      374
  SINCE JAN 1    508                       459     49      565
..................................................................

WIND (MPH)
  HIGHEST WIND SPEED    10   HIGHEST WIND DIRECTION    NE (30)
  HIGHEST GUST SPEED    14   HIGHEST GUST DIRECTION     E (70)
  AVERAGE WIND SPEED     5.6

SKY COVER
  AVERAGE SKY COVER 0.4

WEATHER CONDITIONS
 THE FOLLOWING WEATHER WAS RECORDED YESTERDAY.
  LIGHT RAIN

RELATIVE HUMIDITY (PERCENT)
 HIGHEST    80
 LOWEST     42
 AVERAGE    61
................................................................

THE EVANSVILLE IN CLIMATE NORMALS FOR TODAY
                         NORMAL    RECORD    YEAR
 MAXIMUM TEMPERATURE (F)   89       101      1911
 MINIMUM TEMPERATURE (F)   68        50      1930

SUNRISE AND SUNSET
JULY  3 2016..........SUNRISE   532 AM CDT   SUNSET   816 PM CDT
JULY  4 2016..........SUNRISE   533 AM CDT   SUNSET   816 PM CDT

-  INDICATES NEGATIVE NUMBERS.
R  INDICATES RECORD WAS SET OR TIED.
MM INDICATES DATA IS MISSING.
T  INDICATES TRACE AMOUNT.

$$
