000
CDUS43 KPAH 190635
CLIEVV


CLIMATE REPORT
NATIONAL WEATHER SERVICE PADUCAH KY
134 AM CDT TUE APR 19 2016


...................................

...THE EVANSVILLE IN CLIMATE SUMMARY FOR APRIL 18 2016...

CLIMATE NORMAL PERIOD 1981 TO 2010
CLIMATE RECORD PERIOD 1896 TO 2016


WEATHER ITEM   OBSERVED TIME   RECORD YEAR NORMAL DEPARTURE LAST
                VALUE   (LST)  VALUE       VALUE  FROM      YEAR
                                                  NORMAL
..................................................................
TEMPERATURE (F)
 YESTERDAY
  MAXIMUM         83    219 PM  87    1971  69     14       80
  MINIMUM         49    456 AM  26    2001  45      4       55
  AVERAGE         66                        57      9       68

PRECIPITATION (IN)
  YESTERDAY        0.00          1.79 2013   0.15  -0.15     0.00
  MONTH TO DATE    1.38                      2.47  -1.09     4.25
  SINCE MAR 1      7.25                      6.71   0.54    11.10
  SINCE JAN 1     13.59                     12.98   0.61    16.63

SNOWFALL (IN)
  YESTERDAY        0.0           1.8  1953   0.0    0.0      0.0
  MONTH TO DATE    0.0                       0.1   -0.1      0.0
  SINCE MAR 1      T                         1.1   -1.1      8.5
  SINCE JUL 1     14.2                      11.8    2.4     18.5
  SNOW DEPTH       0

DEGREE DAYS
 HEATING
  YESTERDAY        0                         9     -9        0
  MONTH TO DATE  216                       205     11       82
  SINCE MAR 1    621                       797   -176      701
  SINCE JUL 1   3439                      4371   -932     4537

 COOLING
  YESTERDAY        1                         1      0        3
  MONTH TO DATE    2                        10     -8       28
  SINCE MAR 1      3                        13    -10       28
  SINCE JAN 1      3                        13    -10       28
..................................................................


WIND (MPH)
  HIGHEST WIND SPEED    10   HIGHEST WIND DIRECTION     W (250)
  HIGHEST GUST SPEED    15   HIGHEST GUST DIRECTION    SW (240)
  AVERAGE WIND SPEED     2.2


SKY COVER
  AVERAGE SKY COVER 0.0


WEATHER CONDITIONS
 THE FOLLOWING WEATHER WAS RECORDED YESTERDAY.
  NO SIGNIFICANT WEATHER WAS OBSERVED.


RELATIVE HUMIDITY (PERCENT)
 HIGHEST    93
 LOWEST     26
 AVERAGE    60

..........................................................


THE EVANSVILLE IN CLIMATE NORMALS FOR TODAY
                         NORMAL    RECORD    YEAR
 MAXIMUM TEMPERATURE (F)   69        86      1971
                                             1915
 MINIMUM TEMPERATURE (F)   46        27      1983


SUNRISE AND SUNSET
APRIL 19 2016.........SUNRISE   608 AM CDT   SUNSET   730 PM CDT
APRIL 20 2016.........SUNRISE   607 AM CDT   SUNSET   731 PM CDT


-  INDICATES NEGATIVE NUMBERS.
R  INDICATES RECORD WAS SET OR TIED.
MM INDICATES DATA IS MISSING.
T  INDICATES TRACE AMOUNT.




$$
