000
CDUS43 KPAH 160632
CLIEVV


CLIMATE REPORT
NATIONAL WEATHER SERVICE PADUCAH KY
1229 AM CST TUE DEC 16 2014


...................................

...THE EVANSVILLE IN CLIMATE SUMMARY FOR DECEMBER 15 2014...

CLIMATE NORMAL PERIOD 1981 TO 2010
CLIMATE RECORD PERIOD 1896 TO 2014


WEATHER ITEM   OBSERVED TIME   RECORD YEAR NORMAL DEPARTURE LAST
                VALUE   (LST)  VALUE       VALUE  FROM      YEAR
                                                  NORMAL
..................................................................
TEMPERATURE (F)
 YESTERDAY
  MAXIMUM         54   1107 PM  70    1933  44     10       33
  MINIMUM         45    207 PM  -6    1901  27     18       29
  AVERAGE         50                        35     15       31

PRECIPITATION (IN)
  YESTERDAY        0.47          1.82 1902   0.11   0.36     0.00
  MONTH TO DATE    2.42                      1.93   0.49     2.69
  SINCE DEC 1      2.42                      1.93   0.49     2.69
  SINCE JAN 1     46.20                     43.48   2.72    48.94

SNOWFALL (IN)
  YESTERDAY        0.0           2.8  1972   0.1   -0.1      0.0
  MONTH TO DATE    0.0                       1.2   -1.2      7.2
  SINCE DEC 1      0.0                       1.2   -1.2      7.2
  SINCE JUL 1      2.4                       1.5    0.9      7.2
  SNOW DEPTH       0

DEGREE DAYS
 HEATING
  YESTERDAY       15                        30    -15       34
  MONTH TO DATE  358                       414    -56      473
  SINCE DEC 1    358                       414    -56      473
  SINCE JUL 1   1361                      1275     86     1387

 COOLING
  YESTERDAY        0                         0      0        0
  MONTH TO DATE    0                         0      0        0
  SINCE DEC 1      0                         0      0        0
  SINCE JAN 1   1477                      1397     80     1464
..................................................................


WIND (MPH)
  HIGHEST WIND SPEED    16   HIGHEST WIND DIRECTION    SW (210)
  HIGHEST GUST SPEED    22   HIGHEST GUST DIRECTION    SE (140)
  AVERAGE WIND SPEED     8.3


SKY COVER
  AVERAGE SKY COVER 1.0


WEATHER CONDITIONS
 THE FOLLOWING WEATHER WAS RECORDED YESTERDAY.
  THUNDERSTORM
  HEAVY RAIN
  RAIN
  LIGHT RAIN
  FOG
  HAZE


RELATIVE HUMIDITY (PERCENT)
 HIGHEST    93
 LOWEST     80
 AVERAGE    87

..........................................................


THE EVANSVILLE IN CLIMATE NORMALS FOR TODAY
                         NORMAL    RECORD    YEAR
 MAXIMUM TEMPERATURE (F)   44        69      1984
 MINIMUM TEMPERATURE (F)   27        -6      1989


SUNRISE AND SUNSET
DECEMBER 16 2014......SUNRISE   700 AM CST   SUNSET   432 PM CST
DECEMBER 17 2014......SUNRISE   700 AM CST   SUNSET   432 PM CST


-  INDICATES NEGATIVE NUMBERS.
R  INDICATES RECORD WAS SET OR TIED.
MM INDICATES DATA IS MISSING.
T  INDICATES TRACE AMOUNT.




$$
