000
CDUS43 KPAH 312227
CLIEVV


CLIMATE REPORT
NATIONAL WEATHER SERVICE PADUCAH KY
426 PM CST SAT DEC 31 2016

...................................

...THE EVANSVILLE IN CLIMATE SUMMARY FOR DECEMBER 31 2016...
VALID TODAY AS OF 0400 PM LOCAL TIME.

CLIMATE NORMAL PERIOD 1981 TO 2010
CLIMATE RECORD PERIOD 1896 TO 2016

WEATHER ITEM   OBSERVED TIME   RECORD YEAR NORMAL DEPARTURE LAST
                VALUE   (LST)  VALUE       VALUE  FROM      YEAR
                                                  NORMAL
..................................................................
TEMPERATURE (F)
 TODAY
  MAXIMUM         46   1137 AM  75    1951  41      5       35
  MINIMUM         38    110 AM  -3    1976  25     13       33
  AVERAGE         42                        33      9       34

PRECIPITATION (IN)
  TODAY            T             1.34 2002   0.10  -0.10     0.00
  MONTH TO DATE    3.92                      3.76   0.16     5.20
  SINCE DEC 1      3.92                      3.76   0.16     5.20
  SINCE JAN 1     49.58                     45.31   4.27    51.94

SNOWFALL (IN)
  TODAY            0.0                                       0.0
  MONTH TO DATE    T                                          T
  SINCE JUL 1      T                                          T
  SNOW DEPTH       0
..................................................................

WIND (MPH)
  HIGHEST WIND SPEED    29   HIGHEST WIND DIRECTION    SW (220)
  HIGHEST GUST SPEED    35   HIGHEST GUST DIRECTION    SW (210)
..........................................................

THE EVANSVILLE IN CLIMATE NORMALS FOR TOMORROW
                         NORMAL    RECORD    YEAR
 MAXIMUM TEMPERATURE (F)   41        67      1965
                                             1952
 MINIMUM TEMPERATURE (F)   25        -5      1968

SUNRISE AND SUNSET
DECEMBER 31 2016......SUNRISE   706 AM CST   SUNSET   441 PM CST
JANUARY  1 2017.......SUNRISE   706 AM CST   SUNSET   442 PM CST

-  INDICATES NEGATIVE NUMBERS.
R  INDICATES RECORD WAS SET OR TIED.
MM INDICATES DATA IS MISSING.
T  INDICATES TRACE AMOUNT.

$$
