000
CDUS43 KPAH 092129
CLIEVV


CLIMATE REPORT
NATIONAL WEATHER SERVICE PADUCAH KY
428 PM CDT MON MAY 9 2016

...................................

...THE EVANSVILLE IN CLIMATE SUMMARY FOR MAY 9 2016...
VALID TODAY AS OF 0400 PM LOCAL TIME.

CLIMATE NORMAL PERIOD 1981 TO 2010
CLIMATE RECORD PERIOD 1896 TO 2016

WEATHER ITEM   OBSERVED TIME   RECORD YEAR NORMAL DEPARTURE LAST
                VALUE   (LST)  VALUE       VALUE  FROM      YEAR
                                                  NORMAL
..................................................................
TEMPERATURE (F)
 TODAY
  MAXIMUM         73    259 PM  90    1963  75     -2       81
                                      1934
  MINIMUM         61    508 AM  34    1980  52      9       66
  AVERAGE         67                        64      3       74

PRECIPITATION (IN)
  TODAY            0.03          1.82 1949   0.18  -0.15     0.53
  MONTH TO DATE    0.66                      1.55  -0.89     0.75
  SINCE MAR 1     12.02                     10.16   1.86    14.22
  SINCE JAN 1     18.36                     16.43   1.93    19.75

SNOWFALL (IN)
  TODAY            0.0                                       0.0
  MONTH TO DATE    0.0                                       0.0
  SINCE JUL 1     14.2                                      18.5
  SNOW DEPTH       0
..................................................................

WIND (MPH)
  HIGHEST WIND SPEED    16   HIGHEST WIND DIRECTION     S (190)
  HIGHEST GUST SPEED    19   HIGHEST GUST DIRECTION     S (180)
..........................................................

THE EVANSVILLE IN CLIMATE NORMALS FOR TOMORROW
                         NORMAL    RECORD    YEAR
 MAXIMUM TEMPERATURE (F)   75        88      1979
                                             1936
                                             1922
 MINIMUM TEMPERATURE (F)   53        31      1966

SUNRISE AND SUNSET
MAY  9 2016...........SUNRISE   545 AM CDT   SUNSET   749 PM CDT
MAY 10 2016...........SUNRISE   544 AM CDT   SUNSET   750 PM CDT

-  INDICATES NEGATIVE NUMBERS.
R  INDICATES RECORD WAS SET OR TIED.
MM INDICATES DATA IS MISSING.
T  INDICATES TRACE AMOUNT.

$$
