000
CDUS43 KPAH 280635
CLIEVV


CLIMATE REPORT
NATIONAL WEATHER SERVICE PADUCAH KY
1234 AM CST SUN JAN 28 2018


...................................

...THE EVANSVILLE IN CLIMATE SUMMARY FOR JANUARY 27 2018...

CLIMATE NORMAL PERIOD 1981 TO 2010
CLIMATE RECORD PERIOD 1896 TO 2018


WEATHER ITEM   OBSERVED TIME   RECORD YEAR NORMAL DEPARTURE LAST
                VALUE   (LST)  VALUE       VALUE  FROM      YEAR
                                                  NORMAL
..................................................................
TEMPERATURE (F)
 YESTERDAY
  MAXIMUM         52    740 AM  68    1944  42     10       41
  MINIMUM         32   1159 PM -15    1963  24      8       24
  AVERAGE         42                        33      9       33

PRECIPITATION (IN)
  YESTERDAY        0.59          1.43 2009   0.11   0.48      T
  MONTH TO DATE    2.96                      2.67   0.29     2.26
  SINCE DEC 1      5.38                      6.43  -1.05     6.18
  SINCE JAN 1      2.96                      2.67   0.29     2.26

SNOWFALL (IN)
  YESTERDAY       MM             4.5  1979   0.1   MM         T
  MONTH TO DATE    7.1                       2.9    4.2      0.4
  SINCE DEC 1      7.1                       6.1    1.0      0.4
  SINCE JUL 1      7.1                       6.4    0.7      0.4
  SNOW DEPTH       0

DEGREE DAYS
 HEATING
  YESTERDAY       23                        32     -9       32
  MONTH TO DATE  973                       882     91      650
  SINCE DEC 1   1854                      1793     61     1550
  SINCE JUL 1   2634                      2654    -20     2080

 COOLING
  YESTERDAY        0                         0      0        0
  MONTH TO DATE    0                         0      0        0
  SINCE DEC 1      0                         0      0        0
  SINCE JAN 1      0                         0      0        0
..................................................................


WIND (MPH)
  HIGHEST WIND SPEED    16   HIGHEST WIND DIRECTION     S (190)
  HIGHEST GUST SPEED    23   HIGHEST GUST DIRECTION     S (180)
  AVERAGE WIND SPEED     6.1


SKY COVER
  AVERAGE SKY COVER 0.8


WEATHER CONDITIONS
 THE FOLLOWING WEATHER WAS RECORDED YESTERDAY.
  HEAVY RAIN
  RAIN
  LIGHT RAIN
  FOG
  FOG W/VISIBILITY <= 1/4 MILE


RELATIVE HUMIDITY (PERCENT)
 HIGHEST   100
 LOWEST     38
 AVERAGE    69

..........................................................


THE EVANSVILLE IN CLIMATE NORMALS FOR TODAY
                         NORMAL    RECORD    YEAR
 MAXIMUM TEMPERATURE (F)   42        69      1970
 MINIMUM TEMPERATURE (F)   24       -18      1963


SUNRISE AND SUNSET
JANUARY 28 2018.......SUNRISE   658 AM CST   SUNSET   509 PM CST
JANUARY 29 2018.......SUNRISE   657 AM CST   SUNSET   510 PM CST


-  INDICATES NEGATIVE NUMBERS.
R  INDICATES RECORD WAS SET OR TIED.
MM INDICATES DATA IS MISSING.
T  INDICATES TRACE AMOUNT.




$$
