000
CDUS43 KPAH 012136
CLIEVV


CLIMATE REPORT
NATIONAL WEATHER SERVICE PADUCAH KY
436 PM CDT TUE APR 1 2014


...................................

...THE EVANSVILLE IN CLIMATE SUMMARY FOR APRIL 1 2014...
VALID TODAY AS OF 0400 PM LOCAL TIME.

CLIMATE NORMAL PERIOD 1981 TO 2010
CLIMATE RECORD PERIOD 1896 TO 2014


WEATHER ITEM   OBSERVED TIME   RECORD YEAR NORMAL DEPARTURE LAST
                VALUE   (LST)  VALUE       VALUE  FROM      YEAR
                                                  NORMAL
..................................................................
TEMPERATURE (F)
 TODAY
  MAXIMUM         72    224 PM  86    2012  63      9       53
  MINIMUM         52    542 AM  24    1923  40     12       31
  AVERAGE         62                        51     11       42

PRECIPITATION (IN)
  TODAY            T             2.54 1917   0.14  -0.14     0.00
  MONTH TO DATE    T                         0.14  -0.14     0.00
  SINCE MAR 1      2.85                      4.38  -1.53     4.08
  SINCE JAN 1      6.80                     10.65  -3.85    13.61

SNOWFALL (IN)
  TODAY            0.0                                       0.0
  MONTH TO DATE    0.0                                       0.0
  SINCE JUL 1     12.6                                      12.3
  SNOW DEPTH       0

..................................................................


WIND (MPH)
  HIGHEST WIND SPEED    20   HIGHEST WIND DIRECTION    SW (220)
  HIGHEST GUST SPEED    27   HIGHEST GUST DIRECTION    SW (230)




..........................................................


THE EVANSVILLE IN CLIMATE NORMALS FOR TOMORROW
                         NORMAL    RECORD    YEAR
 MAXIMUM TEMPERATURE (F)   63        84      2012
 MINIMUM TEMPERATURE (F)   40        27      2013


SUNRISE AND SUNSET
APRIL  1 2014.........SUNRISE   635 AM CDT   SUNSET   713 PM CDT
APRIL  2 2014.........SUNRISE   634 AM CDT   SUNSET   714 PM CDT


-  INDICATES NEGATIVE NUMBERS.
R  INDICATES RECORD WAS SET OR TIED.
MM INDICATES DATA IS MISSING.
T  INDICATES TRACE AMOUNT.




$$
