000
CDUS43 KPAH 200634
CLIEVV


CLIMATE REPORT
NATIONAL WEATHER SERVICE PADUCAH KY
132 AM CDT MON JUL 20 2015


...................................

...THE EVANSVILLE IN CLIMATE SUMMARY FOR JULY 19 2015...

CLIMATE NORMAL PERIOD 1981 TO 2010
CLIMATE RECORD PERIOD 1896 TO 2015


WEATHER ITEM   OBSERVED TIME   RECORD YEAR NORMAL DEPARTURE LAST
                VALUE   (LST)  VALUE       VALUE  FROM      YEAR
                                                  NORMAL
..................................................................
TEMPERATURE (F)
 YESTERDAY
  MAXIMUM         94    208 PM 103    1930  89      5       80
  MINIMUM         73   1102 PM  56    1984  68      5       61
  AVERAGE         84                        78      6       71

PRECIPITATION (IN)
  YESTERDAY        0.08          1.45 1921   0.13  -0.05     0.00
  MONTH TO DATE    3.61                      2.50   1.11     3.66
  SINCE JUN 1     11.00                      6.28   4.72     7.53
  SINCE JAN 1     33.44                     26.52   6.92    29.02

SNOWFALL (IN)
  YESTERDAY        0.0          MM      MM   0.0    0.0      0.0
  MONTH TO DATE    0.0                       0.0    0.0      0.0
  SINCE JUN 1      0.0                       0.0    0.0      0.0
  SINCE JUL 1      0.0                       0.0    0.0      0.0
  SNOW DEPTH       0

DEGREE DAYS
 HEATING
  YESTERDAY        0                         0      0        0
  MONTH TO DATE    0                         0      0        0
  SINCE JUN 1      7                         6      1        0
  SINCE JUL 1      0                         0      0        0

 COOLING
  YESTERDAY       19                        13      6        6
  MONTH TO DATE  264                       247     17      183
  SINCE JUN 1    616                       545     71      545
  SINCE JAN 1    807                       680    127      756
..................................................................


WIND (MPH)
  HIGHEST WIND SPEED    13   HIGHEST WIND DIRECTION     N (350)
  HIGHEST GUST SPEED    18   HIGHEST GUST DIRECTION    NW (300)
  AVERAGE WIND SPEED     6.1


SKY COVER
  AVERAGE SKY COVER 0.2


WEATHER CONDITIONS
 THE FOLLOWING WEATHER WAS RECORDED YESTERDAY.
  RAIN
  LIGHT RAIN
  FOG


RELATIVE HUMIDITY (PERCENT)
 HIGHEST    88
 LOWEST     52
 AVERAGE    70

..........................................................


THE EVANSVILLE IN CLIMATE NORMALS FOR TODAY
                         NORMAL    RECORD    YEAR
 MAXIMUM TEMPERATURE (F)   89       103      1930
 MINIMUM TEMPERATURE (F)   68        53      1947


SUNRISE AND SUNSET
JULY 20 2015..........SUNRISE   543 AM CDT   SUNSET   810 PM CDT
JULY 21 2015..........SUNRISE   544 AM CDT   SUNSET   809 PM CDT


-  INDICATES NEGATIVE NUMBERS.
R  INDICATES RECORD WAS SET OR TIED.
MM INDICATES DATA IS MISSING.
T  INDICATES TRACE AMOUNT.




$$
