000
CDUS43 KPAH 200649
CLIEVV


CLIMATE REPORT
NATIONAL WEATHER SERVICE PADUCAH KY
146 AM CDT SAT JUN 20 2015


...................................

...THE EVANSVILLE IN CLIMATE SUMMARY FOR JUNE 19 2015...

CLIMATE NORMAL PERIOD 1981 TO 2010
CLIMATE RECORD PERIOD 1896 TO 2015


WEATHER ITEM   OBSERVED TIME   RECORD YEAR NORMAL DEPARTURE LAST
                VALUE   (LST)  VALUE       VALUE  FROM      YEAR
                                                  NORMAL
..................................................................
TEMPERATURE (F)
 YESTERDAY
  MAXIMUM         84    130 PM  99    1953  87     -3       94
                                      1913
  MINIMUM         71    214 AM  50    1965  65      6       75
  AVERAGE         78                        76      2       85

PRECIPITATION (IN)
  YESTERDAY        3.65R         3.26 1971   0.12   3.53     0.00
  MONTH TO DATE    6.22                      2.54   3.68     2.56
  SINCE JUN 1      6.22                      2.54   3.68     2.56
  SINCE JAN 1     28.66                     22.78   5.88    24.05

SNOWFALL (IN)
  YESTERDAY        0.0           T    1994   0.0    0.0      0.0
  MONTH TO DATE    0.0                       0.0    0.0      0.0
  SINCE JUN 1      0.0                       0.0    0.0      0.0
  SINCE JUL 1     18.5                      11.8    6.7     12.6
  SNOW DEPTH       0

DEGREE DAYS
 HEATING
  YESTERDAY        0                         0      0        0
  MONTH TO DATE    7                         4      3        0
  SINCE JUN 1      7                         4      3        0
  SINCE JUL 1   4713                      4545    168     4980

 COOLING
  YESTERDAY       13                        11      2       20
  MONTH TO DATE  219                       166     53      194
  SINCE JUN 1    219                       166     53      194
  SINCE JAN 1    410                       301    109      405
..................................................................


WIND (MPH)
  HIGHEST WIND SPEED    20   HIGHEST WIND DIRECTION     E (80)
  HIGHEST GUST SPEED    29   HIGHEST GUST DIRECTION    SE (130)
  AVERAGE WIND SPEED     6.9


SKY COVER
  AVERAGE SKY COVER 0.7


WEATHER CONDITIONS
 THE FOLLOWING WEATHER WAS RECORDED YESTERDAY.
  THUNDERSTORM
  HEAVY RAIN
  RAIN
  LIGHT RAIN
  FOG
  HAZE


RELATIVE HUMIDITY (PERCENT)
 HIGHEST    94
 LOWEST     74
 AVERAGE    84

..........................................................


THE EVANSVILLE IN CLIMATE NORMALS FOR TODAY
                         NORMAL    RECORD    YEAR
 MAXIMUM TEMPERATURE (F)   87       101      1953
 MINIMUM TEMPERATURE (F)   65        48      1980


SUNRISE AND SUNSET
JUNE 20 2015..........SUNRISE   527 AM CDT   SUNSET   816 PM CDT
JUNE 21 2015..........SUNRISE   528 AM CDT   SUNSET   816 PM CDT


-  INDICATES NEGATIVE NUMBERS.
R  INDICATES RECORD WAS SET OR TIED.
MM INDICATES DATA IS MISSING.
T  INDICATES TRACE AMOUNT.




$$
