526
CDUS43 KPAH 120635
CLIEVV


CLIMATE REPORT
NATIONAL WEATHER SERVICE PADUCAH KY
134 AM CDT TUE JUL 12 2016


...................................

...THE EVANSVILLE IN CLIMATE SUMMARY FOR JULY 11 2016...

CLIMATE NORMAL PERIOD 1981 TO 2010
CLIMATE RECORD PERIOD 1896 TO 2016


WEATHER ITEM   OBSERVED TIME   RECORD YEAR NORMAL DEPARTURE LAST
                VALUE   (LST)  VALUE       VALUE  FROM      YEAR
                                                  NORMAL
..................................................................
TEMPERATURE (F)
 YESTERDAY
  MAXIMUM         89    306 PM 104    1901  89      0       88
  MINIMUM         68    509 AM  51    1963  68      0       68
  AVERAGE         79                        78      1       78

PRECIPITATION (IN)
  YESTERDAY        0.00          2.20 1969   0.14  -0.14     0.00
  MONTH TO DATE    4.85                      1.46   3.39     3.53
  SINCE JUN 1      9.22                      5.24   3.98    10.92
  SINCE JAN 1     30.97                     25.48   5.49    33.36

SNOWFALL (IN)
  YESTERDAY        0.0          MM      MM   0.0    0.0      0.0
  MONTH TO DATE    0.0                       0.0    0.0      0.0
  SINCE JUN 1      0.0                       0.0    0.0      0.0
  SINCE JUL 1      0.0                       0.0    0.0      0.0
  SNOW DEPTH       0

DEGREE DAYS
 HEATING
  YESTERDAY        0                         0      0        0
  MONTH TO DATE    0                         0      0        0
  SINCE JUN 1      0                         6     -6        7
  SINCE JUL 1      0                         0      0        0

 COOLING
  YESTERDAY       14                        13      1       13
  MONTH TO DATE  135                       143     -8      120
  SINCE JUN 1    521                       441     80      472
  SINCE JAN 1    626                       576     50      663
..................................................................


WIND (MPH)
  HIGHEST WIND SPEED    12   HIGHEST WIND DIRECTION    SE (130)
  HIGHEST GUST SPEED    16   HIGHEST GUST DIRECTION    SE (140)
  AVERAGE WIND SPEED     4.5


SKY COVER
  AVERAGE SKY COVER 0.1


WEATHER CONDITIONS
 THE FOLLOWING WEATHER WAS RECORDED YESTERDAY.
  NO SIGNIFICANT WEATHER WAS OBSERVED.


RELATIVE HUMIDITY (PERCENT)
 HIGHEST    93
 LOWEST     46
 AVERAGE    70

..........................................................


THE EVANSVILLE IN CLIMATE NORMALS FOR TODAY
                         NORMAL    RECORD    YEAR
 MAXIMUM TEMPERATURE (F)   89       107      1936
 MINIMUM TEMPERATURE (F)   68        55      1963


SUNRISE AND SUNSET
JULY 12 2016..........SUNRISE   538 AM CDT   SUNSET   814 PM CDT
JULY 13 2016..........SUNRISE   538 AM CDT   SUNSET   813 PM CDT


-  INDICATES NEGATIVE NUMBERS.
R  INDICATES RECORD WAS SET OR TIED.
MM INDICATES DATA IS MISSING.
T  INDICATES TRACE AMOUNT.




$$
