000
CDUS43 KPAH 170628
CLIEVV


CLIMATE REPORT
NATIONAL WEATHER SERVICE PADUCAH KY
127 AM CDT WED MAY 17 2017


...................................

...THE EVANSVILLE IN CLIMATE SUMMARY FOR MAY 16 2017...

CLIMATE NORMAL PERIOD 1981 TO 2010
CLIMATE RECORD PERIOD 1896 TO 2017


WEATHER ITEM   OBSERVED TIME   RECORD YEAR NORMAL DEPARTURE LAST
                VALUE   (LST)  VALUE       VALUE  FROM      YEAR
                                                  NORMAL
..................................................................
TEMPERATURE (F)
 YESTERDAY
  MAXIMUM         89    223 PM  92    1962  77     12       57
  MINIMUM         63    534 AM  34    1997  55      8       47
  AVERAGE         76                        66     10       52

PRECIPITATION (IN)
  YESTERDAY        T             2.74 1990   0.18  -0.18     0.06
  MONTH TO DATE    2.62                      2.81  -0.19     3.13
  SINCE MAR 1     16.36                     11.42   4.94    14.49
  SINCE JAN 1     19.63                     17.69   1.94    20.83

SNOWFALL (IN)
  YESTERDAY        0.0           0.0  2002   0.0    0.0      0.0
                                      2001
  MONTH TO DATE    0.0                       0.0    0.0      0.0
  SINCE MAR 1      1.0                       1.1   -0.1       T
  SINCE JUL 1      1.4                      11.8  -10.4     14.2
  SNOW DEPTH       0

DEGREE DAYS
 HEATING
  YESTERDAY        0                         3     -3       13
  MONTH TO DATE   68                        61      7       83
  SINCE MAR 1    688                       942   -254      729
  SINCE JUL 1   3387                      4516  -1129     3547

 COOLING
  YESTERDAY       11                         3      8        0
  MONTH TO DATE   47                        35     12       15
  SINCE MAR 1    108                        62     46       37
  SINCE JAN 1    108                        62     46       37
..................................................................


WIND (MPH)
  HIGHEST WIND SPEED    20   HIGHEST WIND DIRECTION     S (200)
  HIGHEST GUST SPEED    27   HIGHEST GUST DIRECTION     S (180)
  AVERAGE WIND SPEED     9.9


SKY COVER
  AVERAGE SKY COVER 0.0


WEATHER CONDITIONS
 THE FOLLOWING WEATHER WAS RECORDED YESTERDAY.
  LIGHT RAIN


RELATIVE HUMIDITY (PERCENT)
 HIGHEST    84
 LOWEST     37
 AVERAGE    61

..........................................................


THE EVANSVILLE IN CLIMATE NORMALS FOR TODAY
                         NORMAL    RECORD    YEAR
 MAXIMUM TEMPERATURE (F)   77        95      1962
 MINIMUM TEMPERATURE (F)   55        41      1973


SUNRISE AND SUNSET
MAY 17 2017...........SUNRISE   538 AM CDT   SUNSET   756 PM CDT
MAY 18 2017...........SUNRISE   537 AM CDT   SUNSET   757 PM CDT


-  INDICATES NEGATIVE NUMBERS.
R  INDICATES RECORD WAS SET OR TIED.
MM INDICATES DATA IS MISSING.
T  INDICATES TRACE AMOUNT.




$$
