000
CDUS43 KPAH 012140
CLIEVV


CLIMATE REPORT
NATIONAL WEATHER SERVICE PADUCAH KY
439 PM CDT FRI JUL 1 2016


...................................

...THE EVANSVILLE IN CLIMATE SUMMARY FOR JULY 1 2016...
VALID TODAY AS OF 0400 PM LOCAL TIME.

CLIMATE NORMAL PERIOD 1981 TO 2010
CLIMATE RECORD PERIOD 1896 TO 2016


WEATHER ITEM   OBSERVED TIME   RECORD YEAR NORMAL DEPARTURE LAST
                VALUE   (LST)  VALUE       VALUE  FROM      YEAR
                                                  NORMAL
..................................................................
TEMPERATURE (F)
 TODAY
  MAXIMUM         88    259 PM 105    2012  88      0       83
  MINIMUM         70    121 AM  53    1948  67      3       68
  AVERAGE         79                        78      1       76

PRECIPITATION (IN)
  TODAY            0.00          4.75 1897   0.13  -0.13     0.17
  MONTH TO DATE    0.00                      0.13  -0.13     0.17
  SINCE JUN 1      4.37                      3.91   0.46     7.56
  SINCE JAN 1     26.12                     24.15   1.97    30.00

SNOWFALL (IN)
  TODAY            0.0                                       0.0
  MONTH TO DATE    0.0                                       0.0
  SINCE JUL 1      0.0                                       0.0
  SNOW DEPTH       0

..................................................................


WIND (MPH)
  HIGHEST WIND SPEED    15   HIGHEST WIND DIRECTION    NW (330)
  HIGHEST GUST SPEED    22   HIGHEST GUST DIRECTION    NW (330)




..........................................................


THE EVANSVILLE IN CLIMATE NORMALS FOR TOMORROW
                         NORMAL    RECORD    YEAR
 MAXIMUM TEMPERATURE (F)   89       103      2012
 MINIMUM TEMPERATURE (F)   67        52      1948


SUNRISE AND SUNSET
JULY  1 2016..........SUNRISE   531 AM CDT   SUNSET   817 PM CDT
JULY  2 2016..........SUNRISE   532 AM CDT   SUNSET   817 PM CDT


-  INDICATES NEGATIVE NUMBERS.
R  INDICATES RECORD WAS SET OR TIED.
MM INDICATES DATA IS MISSING.
T  INDICATES TRACE AMOUNT.




$$
