000
CDUS43 KPAH 110629
CLIEVV


CLIMATE REPORT
NATIONAL WEATHER SERVICE PADUCAH KY
127 AM CDT FRI JUL 11 2014

...................................

...THE EVANSVILLE IN CLIMATE SUMMARY FOR JULY 10 2014...

CLIMATE NORMAL PERIOD 1981 TO 2010
CLIMATE RECORD PERIOD 1896 TO 2014

WEATHER ITEM   OBSERVED TIME   RECORD YEAR NORMAL DEPARTURE LAST
                VALUE   (LST)  VALUE       VALUE  FROM      YEAR
                                                  NORMAL
..................................................................
TEMPERATURE (F)
 YESTERDAY
  MAXIMUM         86    430 PM 104    1936  89     -3       87
  MINIMUM         66    528 AM  52    1963  68     -2       76
                                      1961
  AVERAGE         76                        78     -2       82

PRECIPITATION (IN)
  YESTERDAY        0.00          3.00 1967   0.13  -0.13     0.03
  MONTH TO DATE    2.28                      1.32   0.96     0.38
  SINCE JUN 1      6.15                      5.10   1.05     7.93
  SINCE JAN 1     27.64                     25.34   2.30    30.48

SNOWFALL (IN)
  YESTERDAY        0.0          MM      MM   0.0    0.0      0.0
  MONTH TO DATE    0.0                       0.0    0.0      0.0
  SINCE JUN 1      0.0                       0.0    0.0      0.0
  SINCE JUL 1      0.0                       0.0    0.0      0.0
  SNOW DEPTH       0

DEGREE DAYS
 HEATING
  YESTERDAY        0                         0      0        0
  MONTH TO DATE    0                         0      0        0
  SINCE JUN 1      0                         6     -6        1
  SINCE JUL 1      0                         0      0        0

 COOLING
  YESTERDAY       11                        13     -2       17
  MONTH TO DATE  102                       130    -28      106
  SINCE JUN 1    464                       428     36      402
  SINCE JAN 1    675                       563    112      573
..................................................................

WIND (MPH)
  HIGHEST WIND SPEED    10   HIGHEST WIND DIRECTION     N (10)
  HIGHEST GUST SPEED    14   HIGHEST GUST DIRECTION     N (350)
  AVERAGE WIND SPEED     4.0

SKY COVER
  AVERAGE SKY COVER 0.2

WEATHER CONDITIONS
 THE FOLLOWING WEATHER WAS RECORDED YESTERDAY.
  NO SIGNIFICANT WEATHER WAS OBSERVED.

RELATIVE HUMIDITY (PERCENT)
 HIGHEST    81
 LOWEST     34
 AVERAGE    58
..........................................................

THE EVANSVILLE IN CLIMATE NORMALS FOR TODAY
                         NORMAL    RECORD    YEAR
 MAXIMUM TEMPERATURE (F)   89       104      1901
 MINIMUM TEMPERATURE (F)   68        51      1963

SUNRISE AND SUNSET
JULY 11 2014..........SUNRISE   537 AM CDT   SUNSET   814 PM CDT
JULY 12 2014..........SUNRISE   537 AM CDT   SUNSET   814 PM CDT

-  INDICATES NEGATIVE NUMBERS.
R  INDICATES RECORD WAS SET OR TIED.
MM INDICATES DATA IS MISSING.
T  INDICATES TRACE AMOUNT.

$$
