000
CDUS43 KPAH 140628
CLIEVV


CLIMATE REPORT
NATIONAL WEATHER SERVICE PADUCAH KY
1227 AM CST WED JAN 14 2015

...................................

...THE EVANSVILLE IN CLIMATE SUMMARY FOR JANUARY 13 2015...

CLIMATE NORMAL PERIOD 1981 TO 2010
CLIMATE RECORD PERIOD 1896 TO 2015

WEATHER ITEM   OBSERVED TIME   RECORD YEAR NORMAL DEPARTURE LAST
                VALUE   (LST)  VALUE       VALUE  FROM      YEAR
                                                  NORMAL
..................................................................
TEMPERATURE (F)
 YESTERDAY
  MAXIMUM         29    418 PM  67    1995  41    -12       52
  MINIMUM         23    735 AM  -8    1977  24     -1       39
  AVERAGE         26                        32     -6       46

PRECIPITATION (IN)
  YESTERDAY        0.00          1.62 2013   0.10  -0.10     0.00
  MONTH TO DATE    2.52                      1.28   1.24     1.55
  SINCE DEC 1      5.95                      5.04   0.91     8.88
  SINCE JAN 1      2.52                      1.28   1.24     1.55

SNOWFALL (IN)
  YESTERDAY        0.0           1.8  1968   0.1   -0.1      0.0
  MONTH TO DATE    0.1                       1.4   -1.3       T
  SINCE DEC 1      0.1                       4.6   -4.5      7.2
  SINCE JUL 1      2.5                       4.9   -2.4      7.2
  SNOW DEPTH       0

DEGREE DAYS
 HEATING
  YESTERDAY       39                        33      6       19
  MONTH TO DATE  476                       424     52      455
  SINCE DEC 1   1257                      1335    -78     1375
  SINCE JUL 1   2260                      2196     64     2289

 COOLING
  YESTERDAY        0                         0      0        0
  MONTH TO DATE    0                         0      0        0
  SINCE DEC 1      0                         0      0        0
  SINCE JAN 1      0                         0      0        0
..................................................................

WIND (MPH)
  HIGHEST WIND SPEED    16   HIGHEST WIND DIRECTION    NE (30)
  HIGHEST GUST SPEED    22   HIGHEST GUST DIRECTION    NE (30)
  AVERAGE WIND SPEED     8.8

SKY COVER
  AVERAGE SKY COVER 1.0

WEATHER CONDITIONS
 THE FOLLOWING WEATHER WAS RECORDED YESTERDAY.
  NO SIGNIFICANT WEATHER WAS OBSERVED.

RELATIVE HUMIDITY (PERCENT)
 HIGHEST    69
 LOWEST     58
 AVERAGE    64
..........................................................

THE EVANSVILLE IN CLIMATE NORMALS FOR TODAY
                         NORMAL    RECORD    YEAR
 MAXIMUM TEMPERATURE (F)   41        68      1932
 MINIMUM TEMPERATURE (F)   24        -6      1964

SUNRISE AND SUNSET
JANUARY 14 2015.......SUNRISE   705 AM CST   SUNSET   453 PM CST
JANUARY 15 2015.......SUNRISE   705 AM CST   SUNSET   454 PM CST

-  INDICATES NEGATIVE NUMBERS.
R  INDICATES RECORD WAS SET OR TIED.
MM INDICATES DATA IS MISSING.
T  INDICATES TRACE AMOUNT.

$$
