000
CDUS43 KPAH 080636
CLIEVV


CLIMATE REPORT
NATIONAL WEATHER SERVICE PADUCAH KY
132 AM CDT FRI APR 8 2016


...................................

...THE EVANSVILLE IN CLIMATE SUMMARY FOR APRIL 7 2016...

CLIMATE NORMAL PERIOD 1981 TO 2010
CLIMATE RECORD PERIOD 1896 TO 2016


WEATHER ITEM   OBSERVED TIME   RECORD YEAR NORMAL DEPARTURE LAST
                VALUE   (LST)  VALUE       VALUE  FROM      YEAR
                                                  NORMAL
..................................................................
TEMPERATURE (F)
 YESTERDAY
  MAXIMUM         54    412 PM  84    2001  65    -11       75
                                      1959
  MINIMUM         41   1143 PM  23    1990  42     -1       60
  AVERAGE         48                        53     -5       68

PRECIPITATION (IN)
  YESTERDAY        0.00          1.02 2000   0.14  -0.14     0.79
  MONTH TO DATE    0.20                      0.93  -0.73     3.18
  SINCE MAR 1      6.07                      5.17   0.90    10.03
  SINCE JAN 1     12.41                     11.44   0.97    15.56

SNOWFALL (IN)
  YESTERDAY        0.0           0.5  1982   0.0    0.0      0.0
  MONTH TO DATE    0.0                       0.0    0.0      0.0
  SINCE MAR 1      T                         1.0   -1.0      8.5
  SINCE JUL 1     14.2                      11.7    2.5     18.5
  SNOW DEPTH       0

DEGREE DAYS
 HEATING
  YESTERDAY       17                        12      5        0
  MONTH TO DATE  108                        91     17       54
  SINCE MAR 1    513                       683   -170      673
  SINCE JUL 1   3331                      4257   -926     4509

 COOLING
  YESTERDAY        0                         0      0        3
  MONTH TO DATE    0                         0      0        4
  SINCE MAR 1      1                         3     -2        4
  SINCE JAN 1      1                         3     -2        4
..................................................................


WIND (MPH)
  HIGHEST WIND SPEED    21   HIGHEST WIND DIRECTION     W (290)
  HIGHEST GUST SPEED    31   HIGHEST GUST DIRECTION     W (280)
  AVERAGE WIND SPEED     9.5


SKY COVER
  AVERAGE SKY COVER 0.7


WEATHER CONDITIONS
 THE FOLLOWING WEATHER WAS RECORDED YESTERDAY.
  NO SIGNIFICANT WEATHER WAS OBSERVED.


RELATIVE HUMIDITY (PERCENT)
 HIGHEST    71
 LOWEST     46
 AVERAGE    59

..........................................................


THE EVANSVILLE IN CLIMATE NORMALS FOR TODAY
                         NORMAL    RECORD    YEAR
 MAXIMUM TEMPERATURE (F)   65        84      2011
                                             1922
 MINIMUM TEMPERATURE (F)   42        24      1972


SUNRISE AND SUNSET
APRIL  8 2016.........SUNRISE   624 AM CDT   SUNSET   720 PM CDT
APRIL  9 2016.........SUNRISE   623 AM CDT   SUNSET   721 PM CDT


-  INDICATES NEGATIVE NUMBERS.
R  INDICATES RECORD WAS SET OR TIED.
MM INDICATES DATA IS MISSING.
T  INDICATES TRACE AMOUNT.




$$
