000
CDUS43 KPAH 280630
CLIEVV


CLIMATE REPORT
NATIONAL WEATHER SERVICE PADUCAH KY
1228 AM CST THU JAN 28 2016


...................................

...THE EVANSVILLE IN CLIMATE SUMMARY FOR JANUARY 27 2016...

CLIMATE NORMAL PERIOD 1981 TO 2010
CLIMATE RECORD PERIOD 1896 TO 2016


WEATHER ITEM   OBSERVED TIME   RECORD YEAR NORMAL DEPARTURE LAST
                VALUE   (LST)  VALUE       VALUE  FROM      YEAR
                                                  NORMAL
..................................................................
TEMPERATURE (F)
 YESTERDAY
  MAXIMUM         42    341 PM  68    1944  42      0       36
  MINIMUM         29   1118 PM -15    1963  24      5       32
  AVERAGE         36                        33      3       34

PRECIPITATION (IN)
  YESTERDAY        0.00          1.43 2009   0.11  -0.11      T
  MONTH TO DATE    2.00                      2.67  -0.67     2.95
  SINCE DEC 1      7.20                      6.43   0.77     6.38
  SINCE JAN 1      2.00                      2.67  -0.67     2.95

SNOWFALL (IN)
  YESTERDAY        0.0           4.5  1979   0.1   -0.1      0.0
  MONTH TO DATE   10.9                       2.9    8.0      0.2
  SINCE DEC 1     10.9                       6.1    4.8      0.2
  SINCE JUL 1     10.9                       6.4    4.5      2.6
  SNOW DEPTH       0

DEGREE DAYS
 HEATING
  YESTERDAY       29                        32     -3       31
  MONTH TO DATE  882                       882      0      872
  SINCE DEC 1   1411                      1793   -382     1653
  SINCE JUL 1   2020                      2654   -634     2656

 COOLING
  YESTERDAY        0                         0      0        0
  MONTH TO DATE    0                         0      0        0
  SINCE DEC 1      3                         0      3        0
  SINCE JAN 1      0                         0      0        0
..................................................................


WIND (MPH)
  HIGHEST WIND SPEED    12   HIGHEST WIND DIRECTION     N (20)
  HIGHEST GUST SPEED    14   HIGHEST GUST DIRECTION    NE (30)
  AVERAGE WIND SPEED     4.2


SKY COVER
  AVERAGE SKY COVER 0.6


WEATHER CONDITIONS
 THE FOLLOWING WEATHER WAS RECORDED YESTERDAY.
  NO SIGNIFICANT WEATHER WAS OBSERVED.


RELATIVE HUMIDITY (PERCENT)
 HIGHEST    75
 LOWEST     43
 AVERAGE    59

..........................................................


THE EVANSVILLE IN CLIMATE NORMALS FOR TODAY
                         NORMAL    RECORD    YEAR
 MAXIMUM TEMPERATURE (F)   42        69      1970
 MINIMUM TEMPERATURE (F)   24       -18      1963


SUNRISE AND SUNSET
JANUARY 28 2016.......SUNRISE   658 AM CST   SUNSET   508 PM CST
JANUARY 29 2016.......SUNRISE   657 AM CST   SUNSET   509 PM CST


-  INDICATES NEGATIVE NUMBERS.
R  INDICATES RECORD WAS SET OR TIED.
MM INDICATES DATA IS MISSING.
T  INDICATES TRACE AMOUNT.




$$
