000
CDUS43 KPAH 150629
CLIEVV


CLIMATE REPORT
NATIONAL WEATHER SERVICE PADUCAH KY
127 AM CDT WED OCT 15 2014


...................................

...THE EVANSVILLE IN CLIMATE SUMMARY FOR OCTOBER 14 2014...

CLIMATE NORMAL PERIOD 1981 TO 2010
CLIMATE RECORD PERIOD 1896 TO 2014


WEATHER ITEM   OBSERVED TIME   RECORD YEAR NORMAL DEPARTURE LAST
                VALUE   (LST)  VALUE       VALUE  FROM      YEAR
                                                  NORMAL
..................................................................
TEMPERATURE (F)
 YESTERDAY
  MAXIMUM         66    125 AM  90    1899  71     -5       72
  MINIMUM         55   1159 PM  29    1979  46      9       48
  AVERAGE         61                        58      3       60

PRECIPITATION (IN)
  YESTERDAY        0.44          1.37 1941   0.10   0.34     0.00
  MONTH TO DATE    3.38                      1.41   1.97     4.27
  SINCE SEP 1      5.93                      4.46   1.47     7.08
  SINCE JAN 1     40.11                     35.38   4.73    42.41

SNOWFALL (IN)
  YESTERDAY        0.0           0.0  2002   0.0    0.0      0.0
                                      2001
  MONTH TO DATE    0.0                       0.0    0.0      0.0
  SINCE SEP 1      0.0                       0.0    0.0      0.0
  SINCE JUL 1      0.0                       0.0    0.0      0.0
  SNOW DEPTH       0

DEGREE DAYS
 HEATING
  YESTERDAY        4                         8     -4        5
  MONTH TO DATE   67                        87    -20       28
  SINCE SEP 1    103                       133    -30       38
  SINCE JUL 1    103                       134    -31       38

 COOLING
  YESTERDAY        0                         1     -1        0
  MONTH TO DATE   28                        21      7       55
  SINCE SEP 1    191                       188      3      270
  SINCE JAN 1   1471                      1387     84     1462
..................................................................


WIND (MPH)
  HIGHEST WIND SPEED    29   HIGHEST WIND DIRECTION    SW (220)
  HIGHEST GUST SPEED    37   HIGHEST GUST DIRECTION    SW (210)
  AVERAGE WIND SPEED    14.2


SKY COVER
  AVERAGE SKY COVER 1.0


WEATHER CONDITIONS
 THE FOLLOWING WEATHER WAS RECORDED YESTERDAY.
  HEAVY RAIN
  RAIN
  LIGHT RAIN
  FOG
  HAZE


RELATIVE HUMIDITY (PERCENT)
 HIGHEST    97
 LOWEST     63
 AVERAGE    80

..........................................................


THE EVANSVILLE IN CLIMATE NORMALS FOR TODAY
                         NORMAL    RECORD    YEAR
 MAXIMUM TEMPERATURE (F)   70        90      1963
 MINIMUM TEMPERATURE (F)   46        29      1961


SUNRISE AND SUNSET
OCTOBER 15 2014.......SUNRISE   659 AM CDT   SUNSET   612 PM CDT
OCTOBER 16 2014.......SUNRISE   700 AM CDT   SUNSET   611 PM CDT


-  INDICATES NEGATIVE NUMBERS.
R  INDICATES RECORD WAS SET OR TIED.
MM INDICATES DATA IS MISSING.
T  INDICATES TRACE AMOUNT.




$$
