000
CDUS43 KPAH 032130
CLIEVV


CLIMATE REPORT
NATIONAL WEATHER SERVICE PADUCAH KY
428 PM CDT MON APR 3 2017

...................................

...THE EVANSVILLE IN CLIMATE SUMMARY FOR APRIL 3 2017...
VALID TODAY AS OF 0400 PM LOCAL TIME.

CLIMATE NORMAL PERIOD 1981 TO 2010
CLIMATE RECORD PERIOD 1896 TO 2017

WEATHER ITEM   OBSERVED TIME   RECORD YEAR NORMAL DEPARTURE LAST
                VALUE   (LST)  VALUE       VALUE  FROM      YEAR
                                                  NORMAL
..................................................................
TEMPERATURE (F)
 TODAY
  MAXIMUM         72   1232 PM  84    1946  63      9       66
  MINIMUM         55    432 AM  23    1987  41     14       30
  AVERAGE         64                        52     12       48

PRECIPITATION (IN)
  TODAY            0.01          4.96 2014   0.13  -0.12     0.00
  MONTH TO DATE    0.01                      0.41  -0.40     0.00
  SINCE MAR 1      3.86                      4.65  -0.79     5.87
  SINCE JAN 1      7.13                     10.92  -3.79    12.21

SNOWFALL (IN)
  TODAY            0.0                                       0.0
  MONTH TO DATE    0.0                                       0.0
  SINCE JUL 1      1.4                                      14.2
  SNOW DEPTH       0
..................................................................

WIND (MPH)
  HIGHEST WIND SPEED    24   HIGHEST WIND DIRECTION    SW (210)
  HIGHEST GUST SPEED    35   HIGHEST GUST DIRECTION     S (200)
..........................................................

THE EVANSVILLE IN CLIMATE NORMALS FOR TOMORROW
                         NORMAL    RECORD    YEAR
 MAXIMUM TEMPERATURE (F)   64        86      1934
 MINIMUM TEMPERATURE (F)   41        26      1987

SUNRISE AND SUNSET
APRIL  3 2017.........SUNRISE   632 AM CDT   SUNSET   715 PM CDT
APRIL  4 2017.........SUNRISE   630 AM CDT   SUNSET   716 PM CDT

-  INDICATES NEGATIVE NUMBERS.
R  INDICATES RECORD WAS SET OR TIED.
MM INDICATES DATA IS MISSING.
T  INDICATES TRACE AMOUNT.

$$
