000
CDUS43 KPAH 050635
CLIEVV


CLIMATE REPORT
NATIONAL WEATHER SERVICE PADUCAH KY
134 AM CDT TUE JUL 5 2016


...................................

...THE EVANSVILLE IN CLIMATE SUMMARY FOR JULY 4 2016...

CLIMATE NORMAL PERIOD 1981 TO 2010
CLIMATE RECORD PERIOD 1896 TO 2016


WEATHER ITEM   OBSERVED TIME   RECORD YEAR NORMAL DEPARTURE LAST
                VALUE   (LST)  VALUE       VALUE  FROM      YEAR
                                                  NORMAL
..................................................................
TEMPERATURE (F)
 YESTERDAY
  MAXIMUM         78    557 PM 103    2012  89    -11       83
  MINIMUM         71    744 AM  50    1968  68      3       66
  AVERAGE         75                        78     -3       75

PRECIPITATION (IN)
  YESTERDAY        2.28R         1.65 1912   0.14   2.14     0.00
  MONTH TO DATE    3.80                      0.52   3.28     1.01
  SINCE JUN 1      8.17                      4.30   3.87     8.40
  SINCE JAN 1     29.92                     24.54   5.38    30.84

SNOWFALL (IN)
  YESTERDAY        0.0          MM      MM   0.0    0.0      0.0
  MONTH TO DATE    0.0                       0.0    0.0      0.0
  SINCE JUN 1      0.0                       0.0    0.0      0.0
  SINCE JUL 1      0.0                       0.0    0.0      0.0
  SNOW DEPTH       0

DEGREE DAYS
 HEATING
  YESTERDAY        0                         0      0        0
  MONTH TO DATE    0                         0      0        0
  SINCE JUN 1      0                         6     -6        7
  SINCE JUL 1      0                         0      0        0

 COOLING
  YESTERDAY       10                        13     -3       10
  MONTH TO DATE   37                        52    -15       43
  SINCE JUN 1    423                       350     73      395
  SINCE JAN 1    528                       485     43      586
..................................................................


WIND (MPH)
  HIGHEST WIND SPEED    22   HIGHEST WIND DIRECTION    NW (330)
  HIGHEST GUST SPEED    29   HIGHEST GUST DIRECTION    NW (330)
  AVERAGE WIND SPEED     4.9


SKY COVER
  AVERAGE SKY COVER 0.9


WEATHER CONDITIONS
 THE FOLLOWING WEATHER WAS RECORDED YESTERDAY.
  THUNDERSTORM
  HEAVY RAIN
  RAIN
  LIGHT RAIN
  FOG


RELATIVE HUMIDITY (PERCENT)
 HIGHEST   100
 LOWEST     79
 AVERAGE    90

..........................................................


THE EVANSVILLE IN CLIMATE NORMALS FOR TODAY
                         NORMAL    RECORD    YEAR
 MAXIMUM TEMPERATURE (F)   89       107      2012
 MINIMUM TEMPERATURE (F)   68        52      1968
                                             1964


SUNRISE AND SUNSET
JULY  5 2016..........SUNRISE   533 AM CDT   SUNSET   816 PM CDT
JULY  6 2016..........SUNRISE   534 AM CDT   SUNSET   816 PM CDT


-  INDICATES NEGATIVE NUMBERS.
R  INDICATES RECORD WAS SET OR TIED.
MM INDICATES DATA IS MISSING.
T  INDICATES TRACE AMOUNT.




$$
