549
CDUS43 KPAH 160633
CLIEVV


CLIMATE REPORT
NATIONAL WEATHER SERVICE PADUCAH KY
130 AM CDT MON MAY 16 2016


...................................

...THE EVANSVILLE IN CLIMATE SUMMARY FOR MAY 15 2016...

CLIMATE NORMAL PERIOD 1981 TO 2010
CLIMATE RECORD PERIOD 1896 TO 2016


WEATHER ITEM   OBSERVED TIME   RECORD YEAR NORMAL DEPARTURE LAST
                VALUE   (LST)  VALUE       VALUE  FROM      YEAR
                                                  NORMAL
..................................................................
TEMPERATURE (F)
 YESTERDAY
  MAXIMUM         63    401 PM  92    1988  77    -14       86
  MINIMUM         39    428 AM  38    1997  54    -15       60
  AVERAGE         51                        65    -14       73

PRECIPITATION (IN)
  YESTERDAY        0.00          1.75 1923   0.17  -0.17     0.43
  MONTH TO DATE    3.07                      2.63   0.44     1.86
  SINCE MAR 1     14.43                     11.24   3.19    15.33
  SINCE JAN 1     20.77                     17.51   3.26    20.86

SNOWFALL (IN)
  YESTERDAY        0.0           0.0  2002   0.0    0.0      0.0
                                      2001
  MONTH TO DATE    0.0                       0.0    0.0      0.0
  SINCE MAR 1      T                         1.1   -1.1      8.5
  SINCE JUL 1     14.2                      11.8    2.4     18.5
  SNOW DEPTH       0

DEGREE DAYS
 HEATING
  YESTERDAY       14                         3     11        0
  MONTH TO DATE   70                        58     12       22
  SINCE MAR 1    716                       939   -223      837
  SINCE JUL 1   3534                      4513   -979     4673

 COOLING
  YESTERDAY        0                         3     -3        8
  MONTH TO DATE   15                        32    -17       77
  SINCE MAR 1     37                        59    -22      105
  SINCE JAN 1     37                        59    -22      105
..................................................................


WIND (MPH)
  HIGHEST WIND SPEED    17   HIGHEST WIND DIRECTION    NW (330)
  HIGHEST GUST SPEED    25   HIGHEST GUST DIRECTION    NW (310)
  AVERAGE WIND SPEED     6.4


SKY COVER
  AVERAGE SKY COVER 0.1


WEATHER CONDITIONS
 THE FOLLOWING WEATHER WAS RECORDED YESTERDAY.
  NO SIGNIFICANT WEATHER WAS OBSERVED.


RELATIVE HUMIDITY (PERCENT)
 HIGHEST    92
 LOWEST     30
 AVERAGE    61

..........................................................


THE EVANSVILLE IN CLIMATE NORMALS FOR TODAY
                         NORMAL    RECORD    YEAR
 MAXIMUM TEMPERATURE (F)   77        92      1962
 MINIMUM TEMPERATURE (F)   55        34      1997


SUNRISE AND SUNSET
MAY 16 2016...........SUNRISE   538 AM CDT   SUNSET   755 PM CDT
MAY 17 2016...........SUNRISE   538 AM CDT   SUNSET   756 PM CDT


-  INDICATES NEGATIVE NUMBERS.
R  INDICATES RECORD WAS SET OR TIED.
MM INDICATES DATA IS MISSING.
T  INDICATES TRACE AMOUNT.




$$
