000
CDUS43 KPAH 100629
CLIEVV


CLIMATE REPORT
NATIONAL WEATHER SERVICE PADUCAH KY
1227 AM CST FRI FEB 10 2017


...................................

...THE EVANSVILLE IN CLIMATE SUMMARY FOR FEBRUARY 9 2017...

CLIMATE NORMAL PERIOD 1981 TO 2010
CLIMATE RECORD PERIOD 1896 TO 2017


WEATHER ITEM   OBSERVED TIME   RECORD YEAR NORMAL DEPARTURE LAST
                VALUE   (LST)  VALUE       VALUE  FROM      YEAR
                                                  NORMAL
..................................................................
TEMPERATURE (F)
 YESTERDAY
  MAXIMUM         32    341 PM  72    1965  44    -12       25
  MINIMUM         20    718 AM -15    1899  26     -6       20
  AVERAGE         26                        35     -9       23

PRECIPITATION (IN)
  YESTERDAY        0.00          2.46 1965   0.12  -0.12     0.01
  MONTH TO DATE    0.48                      1.06  -0.58     1.92
  SINCE DEC 1      6.67                      7.92  -1.25     9.12
  SINCE JAN 1      2.75                      4.16  -1.41     3.92

SNOWFALL (IN)
  YESTERDAY        0.0           1.5  2010   0.1   -0.1      0.6
  MONTH TO DATE    T                         1.3   -1.3      0.9
  SINCE DEC 1      0.4                       7.9   -7.5     11.8
  SINCE JUL 1      0.4                       8.2   -7.8     11.8
  SNOW DEPTH       0

DEGREE DAYS
 HEATING
  YESTERDAY       39                        30      9       42
  MONTH TO DATE  241                       278    -37      218
  SINCE DEC 1   1904                      2196   -292     1699
  SINCE JUL 1   2434                      3057   -623     2308

 COOLING
  YESTERDAY        0                         0      0        0
  MONTH TO DATE    0                         0      0        0
  SINCE DEC 1      0                         0      0        3
  SINCE JAN 1      0                         0      0        0
..................................................................


WIND (MPH)
  HIGHEST WIND SPEED    16   HIGHEST WIND DIRECTION    NW (330)
  HIGHEST GUST SPEED    25   HIGHEST GUST DIRECTION    NW (330)
  AVERAGE WIND SPEED     7.7


SKY COVER
  AVERAGE SKY COVER 0.4


WEATHER CONDITIONS
 THE FOLLOWING WEATHER WAS RECORDED YESTERDAY.
  NO SIGNIFICANT WEATHER WAS OBSERVED.


RELATIVE HUMIDITY (PERCENT)
 HIGHEST    78
 LOWEST     47
 AVERAGE    63

..........................................................


THE EVANSVILLE IN CLIMATE NORMALS FOR TODAY
                         NORMAL    RECORD    YEAR
 MAXIMUM TEMPERATURE (F)   44        70      1898
 MINIMUM TEMPERATURE (F)   26        -7      1899


SUNRISE AND SUNSET
FEBRUARY 10 2017......SUNRISE   646 AM CST   SUNSET   524 PM CST
FEBRUARY 11 2017......SUNRISE   644 AM CST   SUNSET   525 PM CST


-  INDICATES NEGATIVE NUMBERS.
R  INDICATES RECORD WAS SET OR TIED.
MM INDICATES DATA IS MISSING.
T  INDICATES TRACE AMOUNT.




$$
