000
CDUS43 KPAH 050629
CLIEVV


CLIMATE REPORT
NATIONAL WEATHER SERVICE PADUCAH KY
126 AM CDT FRI MAY 5 2017

...................................

...THE EVANSVILLE IN CLIMATE SUMMARY FOR MAY 4 2017...

CLIMATE NORMAL PERIOD 1981 TO 2010
CLIMATE RECORD PERIOD 1896 TO 2017

WEATHER ITEM   OBSERVED TIME   RECORD YEAR NORMAL DEPARTURE LAST
                VALUE   (LST)  VALUE       VALUE  FROM      YEAR
                                                  NORMAL
..................................................................
TEMPERATURE (F)
 YESTERDAY
  MAXIMUM         64   1043 AM  91    1959  74    -10       66
  MINIMUM         49   1159 PM  32    1976  51     -2       47
  AVERAGE         57                        62     -5       57

PRECIPITATION (IN)
  YESTERDAY        0.86          1.12 2003   0.17   0.69     0.15
                                      1990
  MONTH TO DATE    1.07                      0.68   0.39     0.28
  SINCE MAR 1     14.81                      9.29   5.52    11.64
  SINCE JAN 1     18.08                     15.56   2.52    17.98

SNOWFALL (IN)
  YESTERDAY        0.0           T    1951   0.0    0.0      0.0
  MONTH TO DATE    0.0                       0.0    0.0      0.0
  SINCE MAR 1      1.0                       1.1   -0.1       T
  SINCE JUL 1      1.4                      11.8  -10.4     14.2
  SNOW DEPTH       0

DEGREE DAYS
 HEATING
  YESTERDAY        8                         4      4        8
  MONTH TO DATE   31                        19     12       22
  SINCE MAR 1    651                       900   -249      668
  SINCE JUL 1   3350                      4474  -1124     3486

 COOLING
  YESTERDAY        0                         2     -2        0
  MONTH TO DATE    0                         5     -5        2
  SINCE MAR 1     61                        32     29       24
  SINCE JAN 1     61                        32     29       24
..................................................................

WIND (MPH)
  HIGHEST WIND SPEED    31   HIGHEST WIND DIRECTION     N (10)
  HIGHEST GUST SPEED    43   HIGHEST GUST DIRECTION     N (360)
  AVERAGE WIND SPEED    11.5

SKY COVER
  AVERAGE SKY COVER 0.9

WEATHER CONDITIONS
 THE FOLLOWING WEATHER WAS RECORDED YESTERDAY.
  HEAVY RAIN
  RAIN
  LIGHT RAIN
  FOG
  HAZE

RELATIVE HUMIDITY (PERCENT)
 HIGHEST    93
 LOWEST     83
 AVERAGE    88
..........................................................

THE EVANSVILLE IN CLIMATE NORMALS FOR TODAY
                         NORMAL    RECORD    YEAR
 MAXIMUM TEMPERATURE (F)   74        93      1959
                                             1952
 MINIMUM TEMPERATURE (F)   51        36      1957
                                             1944

SUNRISE AND SUNSET
MAY  5 2017...........SUNRISE   549 AM CDT   SUNSET   745 PM CDT
MAY  6 2017...........SUNRISE   548 AM CDT   SUNSET   746 PM CDT

-  INDICATES NEGATIVE NUMBERS.
R  INDICATES RECORD WAS SET OR TIED.
MM INDICATES DATA IS MISSING.
T  INDICATES TRACE AMOUNT.

$$
