000
CDUS43 KPAH 052134
CLIEVV


CLIMATE REPORT
NATIONAL WEATHER SERVICE PADUCAH KY
433 PM CDT FRI SEP 5 2014


...................................

...THE EVANSVILLE IN CLIMATE SUMMARY FOR SEPTEMBER 5 2014...
VALID TODAY AS OF 0400 PM LOCAL TIME.

CLIMATE NORMAL PERIOD 1981 TO 2010
CLIMATE RECORD PERIOD 1896 TO 2014


WEATHER ITEM   OBSERVED TIME   RECORD YEAR NORMAL DEPARTURE LAST
                VALUE   (LST)  VALUE       VALUE  FROM      YEAR
                                                  NORMAL
..................................................................
TEMPERATURE (F)
 TODAY
  MAXIMUM         92    204 PM 103    1954  85      7       87
                                      1925
  MINIMUM         71    553 AM  45    1997  61     10       60
  AVERAGE         82                        73      9       74

PRECIPITATION (IN)
  TODAY            0.00          1.32 2009   0.10  -0.10     0.00
  MONTH TO DATE    1.11                      0.48   0.63     1.17
  SINCE SEP 1      1.11                      0.48   0.63     1.17
  SINCE JAN 1     35.29                     31.40   3.89    36.50

SNOWFALL (IN)
  TODAY            0.0                                       0.0
  MONTH TO DATE    0.0                                       0.0
  SINCE JUL 1      0.0                                       0.0
  SNOW DEPTH       0

..................................................................


WIND (MPH)
  HIGHEST WIND SPEED    12   HIGHEST WIND DIRECTION     S (200)
  HIGHEST GUST SPEED    16   HIGHEST GUST DIRECTION    SW (210)




..........................................................


THE EVANSVILLE IN CLIMATE NORMALS FOR TOMORROW
                         NORMAL    RECORD    YEAR
 MAXIMUM TEMPERATURE (F)   85       104      1925
 MINIMUM TEMPERATURE (F)   61        45      1988


SUNRISE AND SUNSET
SEPTEMBER  5 2014.....SUNRISE   623 AM CDT   SUNSET   714 PM CDT
SEPTEMBER  6 2014.....SUNRISE   624 AM CDT   SUNSET   712 PM CDT


-  INDICATES NEGATIVE NUMBERS.
R  INDICATES RECORD WAS SET OR TIED.
MM INDICATES DATA IS MISSING.
T  INDICATES TRACE AMOUNT.




$$
