000
CDUS43 KPAH 110633
CLIEVV


CLIMATE REPORT
NATIONAL WEATHER SERVICE PADUCAH KY
130 AM CDT SAT OCT 11 2014


...................................

...THE EVANSVILLE IN CLIMATE SUMMARY FOR OCTOBER 10 2014...

CLIMATE NORMAL PERIOD 1981 TO 2010
CLIMATE RECORD PERIOD 1896 TO 2014


WEATHER ITEM   OBSERVED TIME   RECORD YEAR NORMAL DEPARTURE LAST
                VALUE   (LST)  VALUE       VALUE  FROM      YEAR
                                                  NORMAL
..................................................................
TEMPERATURE (F)
 YESTERDAY
  MAXIMUM         60    333 AM  88    2010  72    -12       80
                                      1980
  MINIMUM         51   1159 PM  26    1964  47      4       54
  AVERAGE         56                        60     -4       67

PRECIPITATION (IN)
  YESTERDAY        0.21          0.74 1919   0.10   0.11     0.00
  MONTH TO DATE    0.98                      1.03  -0.05     4.27
  SINCE SEP 1      3.53                      4.08  -0.55     7.08
  SINCE JAN 1     37.71                     35.00   2.71    42.41

SNOWFALL (IN)
  YESTERDAY        0.0           0.0  2002   0.0    0.0      0.0
                                      2001
  MONTH TO DATE    0.0                       0.0    0.0      0.0
  SINCE SEP 1      0.0                       0.0    0.0      0.0
  SINCE JUL 1      0.0                       0.0    0.0      0.0
  SNOW DEPTH       0

DEGREE DAYS
 HEATING
  YESTERDAY        9                         7      2        0
  MONTH TO DATE   49                        58     -9       22
  SINCE SEP 1     85                       104    -19       32
  SINCE JUL 1     85                       105    -20       32

 COOLING
  YESTERDAY        0                         1     -1        2
  MONTH TO DATE   22                        17      5       53
  SINCE SEP 1    185                       184      1      268
  SINCE JAN 1   1465                      1383     82     1460
..................................................................


WIND (MPH)
  HIGHEST WIND SPEED    16   HIGHEST WIND DIRECTION    NE (30)
  HIGHEST GUST SPEED    19   HIGHEST GUST DIRECTION    NE (30)
  AVERAGE WIND SPEED     9.2


SKY COVER
  AVERAGE SKY COVER 0.9


WEATHER CONDITIONS
 THE FOLLOWING WEATHER WAS RECORDED YESTERDAY.
  RAIN
  LIGHT RAIN
  FOG


RELATIVE HUMIDITY (PERCENT)
 HIGHEST   100
 LOWEST     86
 AVERAGE    93

..........................................................


THE EVANSVILLE IN CLIMATE NORMALS FOR TODAY
                         NORMAL    RECORD    YEAR
 MAXIMUM TEMPERATURE (F)   72        93      1963
 MINIMUM TEMPERATURE (F)   47        26      1964


SUNRISE AND SUNSET
OCTOBER 11 2014.......SUNRISE   655 AM CDT   SUNSET   618 PM CDT
OCTOBER 12 2014.......SUNRISE   656 AM CDT   SUNSET   617 PM CDT


-  INDICATES NEGATIVE NUMBERS.
R  INDICATES RECORD WAS SET OR TIED.
MM INDICATES DATA IS MISSING.
T  INDICATES TRACE AMOUNT.




$$
