000
CDUS43 KPAH 030639
CLIEVV


CLIMATE REPORT
NATIONAL WEATHER SERVICE PADUCAH KY
131 AM CDT MON APR 3 2017


...................................

...THE EVANSVILLE IN CLIMATE SUMMARY FOR APRIL 2 2017...

CLIMATE NORMAL PERIOD 1981 TO 2010
CLIMATE RECORD PERIOD 1896 TO 2017


WEATHER ITEM   OBSERVED TIME   RECORD YEAR NORMAL DEPARTURE LAST
                VALUE   (LST)  VALUE       VALUE  FROM      YEAR
                                                  NORMAL
..................................................................
TEMPERATURE (F)
 YESTERDAY
  MAXIMUM         68    440 PM  84    2012  63      5       60
  MINIMUM         41    603 AM  27    2013  40      1       39
  AVERAGE         55                        52      3       50

PRECIPITATION (IN)
  YESTERDAY        T             1.35 1897   0.14  -0.14     0.00
  MONTH TO DATE    T                         0.28  -0.28     0.00
  SINCE MAR 1      3.85                      4.52  -0.67     5.87
  SINCE JAN 1      7.12                     10.79  -3.67    12.21

SNOWFALL (IN)
  YESTERDAY        0.0           T    1993   0.0    0.0      0.0
  MONTH TO DATE    0.0                       0.0    0.0      0.0
  SINCE MAR 1      1.0                       1.0    0.0       T
  SINCE JUL 1      1.4                      11.7  -10.3     14.2
  SNOW DEPTH       0

DEGREE DAYS
 HEATING
  YESTERDAY       10                        14     -4       15
  MONTH TO DATE   27                        28     -1       28
  SINCE MAR 1    525                       620    -95      433
  SINCE JUL 1   3224                      4194   -970     3251

 COOLING
  YESTERDAY        0                         0      0        0
  MONTH TO DATE    0                         0      0        0
  SINCE MAR 1      5                         3      2        1
  SINCE JAN 1      5                         3      2        1
..................................................................


WIND (MPH)
  HIGHEST WIND SPEED    13   HIGHEST WIND DIRECTION     E (90)
  HIGHEST GUST SPEED    18   HIGHEST GUST DIRECTION     E (110)
  AVERAGE WIND SPEED     6.1


SKY COVER
  AVERAGE SKY COVER 0.0


WEATHER CONDITIONS
 THE FOLLOWING WEATHER WAS RECORDED YESTERDAY.
  NO SIGNIFICANT WEATHER WAS OBSERVED.


RELATIVE HUMIDITY (PERCENT)
 HIGHEST    89
 LOWEST     45
 AVERAGE    67

..........................................................


THE EVANSVILLE IN CLIMATE NORMALS FOR TODAY
                         NORMAL    RECORD    YEAR
 MAXIMUM TEMPERATURE (F)   63        84      1946
 MINIMUM TEMPERATURE (F)   41        23      1987


SUNRISE AND SUNSET
APRIL  3 2017.........SUNRISE   632 AM CDT   SUNSET   715 PM CDT
APRIL  4 2017.........SUNRISE   630 AM CDT   SUNSET   716 PM CDT


-  INDICATES NEGATIVE NUMBERS.
R  INDICATES RECORD WAS SET OR TIED.
MM INDICATES DATA IS MISSING.
T  INDICATES TRACE AMOUNT.




$$
