000
CDUS43 KPAH 112133
CLIEVV


CLIMATE REPORT
NATIONAL WEATHER SERVICE PADUCAH KY
432 PM CDT MON MAY 11 2015


...................................

...THE EVANSVILLE IN CLIMATE SUMMARY FOR MAY 11 2015...
VALID TODAY AS OF 0400 PM LOCAL TIME.

CLIMATE NORMAL PERIOD 1981 TO 2010
CLIMATE RECORD PERIOD 1896 TO 2015


WEATHER ITEM   OBSERVED TIME   RECORD YEAR NORMAL DEPARTURE LAST
                VALUE   (LST)  VALUE       VALUE  FROM      YEAR
                                                  NORMAL
..................................................................
TEMPERATURE (F)
 TODAY
  MAXIMUM         78    939 AM  88    2005  75      3       85
                                      2000
  MINIMUM         66    507 AM  36    1945  53     13       65
  AVERAGE         72                        64      8       75

PRECIPITATION (IN)
  TODAY            0.42          3.12 1918   0.18   0.24     0.01
  MONTH TO DATE    1.43                      1.90  -0.47     1.09
  SINCE MAR 1     14.90                     10.51   4.39    14.91
  SINCE JAN 1     20.43                     16.78   3.65    18.86

SNOWFALL (IN)
  TODAY            0.0                                       0.0
  MONTH TO DATE    0.0                                       0.0
  SINCE JUL 1     18.5                                      12.6
  SNOW DEPTH       0

..................................................................


WIND (MPH)
  HIGHEST WIND SPEED    31   HIGHEST WIND DIRECTION    SW (230)
  HIGHEST GUST SPEED    38   HIGHEST GUST DIRECTION    SW (220)




..........................................................


THE EVANSVILLE IN CLIMATE NORMALS FOR TOMORROW
                         NORMAL    RECORD    YEAR
 MAXIMUM TEMPERATURE (F)   76        90      1902
 MINIMUM TEMPERATURE (F)   53        37      1981


SUNRISE AND SUNSET
MAY 11 2015...........SUNRISE   544 AM CDT   SUNSET   750 PM CDT
MAY 12 2015...........SUNRISE   543 AM CDT   SUNSET   751 PM CDT


-  INDICATES NEGATIVE NUMBERS.
R  INDICATES RECORD WAS SET OR TIED.
MM INDICATES DATA IS MISSING.
T  INDICATES TRACE AMOUNT.




$$
