000
CDUS43 KPAH 070632
CLIEVV


CLIMATE REPORT
NATIONAL WEATHER SERVICE PADUCAH KY
1230 AM CST SUN DEC 7 2014


...................................

...THE EVANSVILLE IN CLIMATE SUMMARY FOR DECEMBER 6 2014...

CLIMATE NORMAL PERIOD 1981 TO 2010
CLIMATE RECORD PERIOD 1896 TO 2014


WEATHER ITEM   OBSERVED TIME   RECORD YEAR NORMAL DEPARTURE LAST
                VALUE   (LST)  VALUE       VALUE  FROM      YEAR
                                                  NORMAL
..................................................................
TEMPERATURE (F)
 YESTERDAY
  MAXIMUM         50   1251 AM  73    1998  47      3       28
  MINIMUM         40   1159 PM   6    1984  29     11       22
  AVERAGE         45                        38      7       25

PRECIPITATION (IN)
  YESTERDAY        0.08          1.34 1951   0.13  -0.05     1.16
  MONTH TO DATE    1.95                      0.78   1.17     1.90
  SINCE DEC 1      1.95                      0.78   1.17     1.90
  SINCE JAN 1     45.73                     42.33   3.40    48.15

SNOWFALL (IN)
  YESTERDAY        0.0           9.0  1999   0.1   -0.1      6.7
  MONTH TO DATE    0.0                       0.3   -0.3      6.7
  SINCE DEC 1      0.0                       0.3   -0.3      6.7
  SINCE JUL 1      2.4                       0.6    1.8      6.7
  SNOW DEPTH       0

DEGREE DAYS
 HEATING
  YESTERDAY       20                        27     -7       40
  MONTH TO DATE  138                       157    -19      119
  SINCE DEC 1    138                       157    -19      119
  SINCE JUL 1   1141                      1018    123     1033

 COOLING
  YESTERDAY        0                         0      0        0
  MONTH TO DATE    0                         0      0        0
  SINCE DEC 1      0                         0      0        0
  SINCE JAN 1   1477                      1397     80     1464
..................................................................


WIND (MPH)
  HIGHEST WIND SPEED    22   HIGHEST WIND DIRECTION     N (350)
  HIGHEST GUST SPEED    29   HIGHEST GUST DIRECTION     N (360)
  AVERAGE WIND SPEED    12.3


SKY COVER
  AVERAGE SKY COVER 1.0


WEATHER CONDITIONS
 THE FOLLOWING WEATHER WAS RECORDED YESTERDAY.
  RAIN
  LIGHT RAIN
  FOG
  HAZE


RELATIVE HUMIDITY (PERCENT)
 HIGHEST    93
 LOWEST     65
 AVERAGE    79

..........................................................


THE EVANSVILLE IN CLIMATE NORMALS FOR TODAY
                         NORMAL    RECORD    YEAR
 MAXIMUM TEMPERATURE (F)   46        72      1916
 MINIMUM TEMPERATURE (F)   29         2      1984


SUNRISE AND SUNSET
DECEMBER  7 2014......SUNRISE   653 AM CST   SUNSET   430 PM CST
DECEMBER  8 2014......SUNRISE   654 AM CST   SUNSET   430 PM CST


-  INDICATES NEGATIVE NUMBERS.
R  INDICATES RECORD WAS SET OR TIED.
MM INDICATES DATA IS MISSING.
T  INDICATES TRACE AMOUNT.




$$
