000
CDUS43 KPAH 140645
CLIEVV


CLIMATE REPORT
NATIONAL WEATHER SERVICE PADUCAH KY
145 AM CDT THU SEP 14 2017


...................................

...THE EVANSVILLE IN CLIMATE SUMMARY FOR SEPTEMBER 13 2017...

CLIMATE NORMAL PERIOD 1981 TO 2010
CLIMATE RECORD PERIOD 1896 TO 2017


WEATHER ITEM   OBSERVED TIME   RECORD YEAR NORMAL DEPARTURE LAST
                VALUE   (LST)  VALUE       VALUE  FROM      YEAR
                                                  NORMAL
..................................................................
TEMPERATURE (F)
 YESTERDAY
  MAXIMUM         65   1132 PM  99    1939  83    -18       90
  MINIMUM         61    714 AM  40    1940  58      3       56
  AVERAGE         63                        70     -7       73

PRECIPITATION (IN)
  YESTERDAY        0.29          1.35 1977   0.11   0.18     0.00
  MONTH TO DATE    1.58                      1.31   0.27     0.27
  SINCE SEP 1      1.58                      1.31   0.27     0.27
  SINCE JAN 1     33.99                     32.23   1.76    38.73

SNOWFALL (IN)
  YESTERDAY        0.0           0.0    MM   0.0    0.0      0.0
  MONTH TO DATE    0.0                       0.0    0.0      0.0
  SINCE SEP 1      0.0                       0.0    0.0      0.0
  SINCE JUL 1      0.0                       0.0    0.0      0.0
  SNOW DEPTH       0

DEGREE DAYS
 HEATING
  YESTERDAY        2                         1      1        0
  MONTH TO DATE   12                         3      9        0
  SINCE SEP 1     12                         3      9        0
  SINCE JUL 1     12                         4      8        0

 COOLING
  YESTERDAY        0                         6     -6        8
  MONTH TO DATE   29                       102    -73      138
  SINCE SEP 1     29                       102    -73      138
  SINCE JAN 1   1319                      1301     18     1524
..................................................................


WIND (MPH)
  HIGHEST WIND SPEED     8   HIGHEST WIND DIRECTION     S (160)
  HIGHEST GUST SPEED    11   HIGHEST GUST DIRECTION    SE (140)
  AVERAGE WIND SPEED     2.9


SKY COVER
  AVERAGE SKY COVER 1.0


WEATHER CONDITIONS
 THE FOLLOWING WEATHER WAS RECORDED YESTERDAY.
  RAIN
  LIGHT RAIN
  FOG


RELATIVE HUMIDITY (PERCENT)
 HIGHEST   100
 LOWEST     87
 AVERAGE    94

..........................................................


THE EVANSVILLE IN CLIMATE NORMALS FOR TODAY
                         NORMAL    RECORD    YEAR
 MAXIMUM TEMPERATURE (F)   82       100      1939
 MINIMUM TEMPERATURE (F)   58        37      1964


SUNRISE AND SUNSET
SEPTEMBER 14 2017.....SUNRISE   631 AM CDT   SUNSET   659 PM CDT
SEPTEMBER 15 2017.....SUNRISE   632 AM CDT   SUNSET   658 PM CDT


-  INDICATES NEGATIVE NUMBERS.
R  INDICATES RECORD WAS SET OR TIED.
MM INDICATES DATA IS MISSING.
T  INDICATES TRACE AMOUNT.




$$
