000
CDUS43 KPAH 130630
CLIEVV


CLIMATE REPORT
NATIONAL WEATHER SERVICE PADUCAH KY
129 AM CDT WED APR 13 2016


...................................

...THE EVANSVILLE IN CLIMATE SUMMARY FOR APRIL 12 2016...

CLIMATE NORMAL PERIOD 1981 TO 2010
CLIMATE RECORD PERIOD 1896 TO 2016


WEATHER ITEM   OBSERVED TIME   RECORD YEAR NORMAL DEPARTURE LAST
                VALUE   (LST)  VALUE       VALUE  FROM      YEAR
                                                  NORMAL
..................................................................
TEMPERATURE (F)
 YESTERDAY
  MAXIMUM         59    339 PM  86    1930  67     -8       76
  MINIMUM         34    253 AM  27    1940  43     -9       45
                                      1939
  AVERAGE         47                        55     -8       61

PRECIPITATION (IN)
  YESTERDAY        0.00          2.21 1948   0.13  -0.13     0.00
  MONTH TO DATE    1.38                      1.61  -0.23     3.70
  SINCE MAR 1      7.25                      5.85   1.40    10.55
  SINCE JAN 1     13.59                     12.12   1.47    16.08

SNOWFALL (IN)
  YESTERDAY        0.0           T    1957   0.0    0.0      0.0
  MONTH TO DATE    0.0                       0.1   -0.1      0.0
  SINCE MAR 1      T                         1.1   -1.1      8.5
  SINCE JUL 1     14.2                      11.8    2.4     18.5
  SNOW DEPTH       0

DEGREE DAYS
 HEATING
  YESTERDAY       18                        11      7        4
  MONTH TO DATE  195                       148     47       75
  SINCE MAR 1    600                       740   -140      694
  SINCE JUL 1   3418                      4314   -896     4530

 COOLING
  YESTERDAY        0                         1     -1        0
  MONTH TO DATE    0                         4     -4       17
  SINCE MAR 1      1                         7     -6       17
  SINCE JAN 1      1                         7     -6       17
..................................................................


WIND (MPH)
  HIGHEST WIND SPEED    13   HIGHEST WIND DIRECTION    NE (30)
  HIGHEST GUST SPEED    17   HIGHEST GUST DIRECTION     N (360)
  AVERAGE WIND SPEED     5.9


SKY COVER
  AVERAGE SKY COVER 0.0


WEATHER CONDITIONS
 THE FOLLOWING WEATHER WAS RECORDED YESTERDAY.
  NO SIGNIFICANT WEATHER WAS OBSERVED.


RELATIVE HUMIDITY (PERCENT)
 HIGHEST    92
 LOWEST     40
 AVERAGE    66

..........................................................


THE EVANSVILLE IN CLIMATE NORMALS FOR TODAY
                         NORMAL    RECORD    YEAR
 MAXIMUM TEMPERATURE (F)   67        86      1977
 MINIMUM TEMPERATURE (F)   44        26      1957
                                             1950


SUNRISE AND SUNSET
APRIL 13 2016.........SUNRISE   617 AM CDT   SUNSET   725 PM CDT
APRIL 14 2016.........SUNRISE   615 AM CDT   SUNSET   726 PM CDT


-  INDICATES NEGATIVE NUMBERS.
R  INDICATES RECORD WAS SET OR TIED.
MM INDICATES DATA IS MISSING.
T  INDICATES TRACE AMOUNT.




$$
