087
CDUS43 KPAH 070630
CLIEVV


CLIMATE REPORT
NATIONAL WEATHER SERVICE PADUCAH KY
1229 AM CST SAT JAN 7 2017


...................................

...THE EVANSVILLE IN CLIMATE SUMMARY FOR JANUARY 6 2017...

CLIMATE NORMAL PERIOD 1981 TO 2010
CLIMATE RECORD PERIOD 1896 TO 2017


WEATHER ITEM   OBSERVED TIME   RECORD YEAR NORMAL DEPARTURE LAST
                VALUE   (LST)  VALUE       VALUE  FROM      YEAR
                                                  NORMAL
..................................................................
TEMPERATURE (F)
 YESTERDAY
  MAXIMUM         17   1140 AM  65    2008  41    -24       46
                                      1946
  MINIMUM         12   1159 PM  -9    1942  24    -12       22
  AVERAGE         15                        32    -17       34

PRECIPITATION (IN)
  YESTERDAY        0.00          1.27 1913   0.09  -0.09     0.00
  MONTH TO DATE    0.25                      0.60  -0.35      T
  SINCE DEC 1      4.17                      4.36  -0.19     5.20
  SINCE JAN 1      0.25                      0.60  -0.35      T

SNOWFALL (IN)
  YESTERDAY        0.0           7.7  1951   0.1   -0.1      0.0
  MONTH TO DATE    0.4                       0.7   -0.3       T
  SINCE DEC 1      0.4                       3.9   -3.5       T
  SINCE JUL 1      0.4                       4.2   -3.8       T
  SNOW DEPTH       0

DEGREE DAYS
 HEATING
  YESTERDAY       50                        33     17       31
  MONTH TO DATE  184                       193     -9      185
  SINCE DEC 1   1084                      1104    -20      714
  SINCE JUL 1   1614                      1965   -351     1323

 COOLING
  YESTERDAY        0                         0      0        0
  MONTH TO DATE    0                         0      0        0
  SINCE DEC 1      0                         0      0        3
  SINCE JAN 1      0                         0      0        0
..................................................................


WIND (MPH)
  HIGHEST WIND SPEED    15   HIGHEST WIND DIRECTION     N (350)
  HIGHEST GUST SPEED    18   HIGHEST GUST DIRECTION     N (340)
  AVERAGE WIND SPEED     7.2


SKY COVER
  AVERAGE SKY COVER 0.3


WEATHER CONDITIONS
 THE FOLLOWING WEATHER WAS RECORDED YESTERDAY.
  NO SIGNIFICANT WEATHER WAS OBSERVED.


RELATIVE HUMIDITY (PERCENT)
 HIGHEST    76
 LOWEST     51
 AVERAGE    64

..........................................................


THE EVANSVILLE IN CLIMATE NORMALS FOR TODAY
                         NORMAL    RECORD    YEAR
 MAXIMUM TEMPERATURE (F)   41        68      2008
 MINIMUM TEMPERATURE (F)   24       -12      1912


SUNRISE AND SUNSET
JANUARY  7 2017.......SUNRISE   707 AM CST   SUNSET   447 PM CST
JANUARY  8 2017.......SUNRISE   706 AM CST   SUNSET   448 PM CST


-  INDICATES NEGATIVE NUMBERS.
R  INDICATES RECORD WAS SET OR TIED.
MM INDICATES DATA IS MISSING.
T  INDICATES TRACE AMOUNT.




$$
