565
CDUS43 KPAH 252231
CLIEVV


CLIMATE REPORT
NATIONAL WEATHER SERVICE PADUCAH KY
430 PM CST FRI NOV 25 2016


...................................

...THE EVANSVILLE IN CLIMATE SUMMARY FOR NOVEMBER 25 2016...
VALID TODAY AS OF 0400 PM LOCAL TIME.

CLIMATE NORMAL PERIOD 1981 TO 2010
CLIMATE RECORD PERIOD 1896 TO 2016


WEATHER ITEM   OBSERVED TIME   RECORD YEAR NORMAL DEPARTURE LAST
                VALUE   (LST)  VALUE       VALUE  FROM      YEAR
                                                  NORMAL
..................................................................
TEMPERATURE (F)
 TODAY
  MAXIMUM         46    112 PM  73    1908  52     -6       62
  MINIMUM         42    803 AM  -3    1950  33      9       36
  AVERAGE         44                        42      2       49

PRECIPITATION (IN)
  TODAY            0.00          2.99 2010   0.15  -0.15     0.00
  MONTH TO DATE    1.28                      3.58  -2.30     3.87
  SINCE SEP 1      5.78                      9.88  -4.10     7.93
  SINCE JAN 1     44.24                     40.80   3.44    45.49

SNOWFALL (IN)
  TODAY            0.0                                       0.0
  MONTH TO DATE    0.0                                       0.0
  SINCE JUL 1      0.0                                       0.0
  SNOW DEPTH       0

..................................................................


WIND (MPH)
  HIGHEST WIND SPEED    13   HIGHEST WIND DIRECTION    NW (300)
  HIGHEST GUST SPEED    18   HIGHEST GUST DIRECTION    NW (320)




..........................................................


THE EVANSVILLE IN CLIMATE NORMALS FOR TOMORROW
                         NORMAL    RECORD    YEAR
 MAXIMUM TEMPERATURE (F)   51        78      1965
 MINIMUM TEMPERATURE (F)   33        12      1977


SUNRISE AND SUNSET
NOVEMBER 25 2016......SUNRISE   642 AM CST   SUNSET   432 PM CST
NOVEMBER 26 2016......SUNRISE   643 AM CST   SUNSET   432 PM CST


-  INDICATES NEGATIVE NUMBERS.
R  INDICATES RECORD WAS SET OR TIED.
MM INDICATES DATA IS MISSING.
T  INDICATES TRACE AMOUNT.




$$
