000
CDUS43 KPAH 270635
CLIEVV


CLIMATE REPORT
NATIONAL WEATHER SERVICE PADUCAH KY
1234 AM CST WED JAN 27 2016


...................................

...THE EVANSVILLE IN CLIMATE SUMMARY FOR JANUARY 26 2016...

CLIMATE NORMAL PERIOD 1981 TO 2010
CLIMATE RECORD PERIOD 1896 TO 2016


WEATHER ITEM   OBSERVED TIME   RECORD YEAR NORMAL DEPARTURE LAST
                VALUE   (LST)  VALUE       VALUE  FROM      YEAR
                                                  NORMAL
..................................................................
TEMPERATURE (F)
 YESTERDAY
  MAXIMUM         53   1201 AM  71    1950  41     12       33
  MINIMUM         34   1159 PM  -4    1940  24     10       30
  AVERAGE         44                        33     11       32

PRECIPITATION (IN)
  YESTERDAY        T             1.65 1950   0.10  -0.10     0.01
  MONTH TO DATE    2.00                      2.56  -0.56     2.95
  SINCE DEC 1      7.20                      6.32   0.88     6.38
  SINCE JAN 1      2.00                      2.56  -0.56     2.95

SNOWFALL (IN)
  YESTERDAY        0.0           3.0  1961   0.1   -0.1      0.1
  MONTH TO DATE   10.9                       2.8    8.1      0.2
  SINCE DEC 1     10.9                       6.0    4.9      0.2
  SINCE JUL 1     10.9                       6.3    4.6      2.6
  SNOW DEPTH       0

DEGREE DAYS
 HEATING
  YESTERDAY       21                        32    -11       33
  MONTH TO DATE  853                       850      3      841
  SINCE DEC 1   1382                      1761   -379     1622
  SINCE JUL 1   1991                      2622   -631     2625

 COOLING
  YESTERDAY        0                         0      0        0
  MONTH TO DATE    0                         0      0        0
  SINCE DEC 1      3                         0      3        0
  SINCE JAN 1      0                         0      0        0
..................................................................


WIND (MPH)
  HIGHEST WIND SPEED    21   HIGHEST WIND DIRECTION     W (290)
  HIGHEST GUST SPEED    27   HIGHEST GUST DIRECTION    NW (300)
  AVERAGE WIND SPEED     8.6


SKY COVER
  AVERAGE SKY COVER 1.0


WEATHER CONDITIONS
 THE FOLLOWING WEATHER WAS RECORDED YESTERDAY.
  NO SIGNIFICANT WEATHER WAS OBSERVED.


RELATIVE HUMIDITY (PERCENT)
 HIGHEST    77
 LOWEST     56
 AVERAGE    67

..........................................................


THE EVANSVILLE IN CLIMATE NORMALS FOR TODAY
                         NORMAL    RECORD    YEAR
 MAXIMUM TEMPERATURE (F)   42        68      1944
 MINIMUM TEMPERATURE (F)   24       -15      1963


SUNRISE AND SUNSET
JANUARY 27 2016.......SUNRISE   659 AM CST   SUNSET   507 PM CST
JANUARY 28 2016.......SUNRISE   658 AM CST   SUNSET   508 PM CST


-  INDICATES NEGATIVE NUMBERS.
R  INDICATES RECORD WAS SET OR TIED.
MM INDICATES DATA IS MISSING.
T  INDICATES TRACE AMOUNT.




$$
