000
CDUS43 KPAH 210635
CLIEVV


CLIMATE REPORT
NATIONAL WEATHER SERVICE PADUCAH KY
132 AM CDT THU AUG 21 2014


...................................

...THE EVANSVILLE IN CLIMATE SUMMARY FOR AUGUST 20 2014...

CLIMATE NORMAL PERIOD 1981 TO 2010
CLIMATE RECORD PERIOD 1896 TO 2014


WEATHER ITEM   OBSERVED TIME   RECORD YEAR NORMAL DEPARTURE LAST
                VALUE   (LST)  VALUE       VALUE  FROM      YEAR
                                                  NORMAL
..................................................................
TEMPERATURE (F)
 YESTERDAY
  MAXIMUM         87   1209 PM 102    1983  88     -1       87
  MINIMUM         70    549 AM  50    1967  65      5       66
  AVERAGE         79                        77      2       77

PRECIPITATION (IN)
  YESTERDAY        0.00          3.16 1931   0.10  -0.10     0.52
  MONTH TO DATE    3.92                      1.94   1.98     1.36
  SINCE JUN 1     11.81                      9.64   2.17    12.50
  SINCE JAN 1     33.30                     29.88   3.42    35.05

SNOWFALL (IN)
  YESTERDAY        0.0                       0.0    0.0      0.0
  MONTH TO DATE    0.0                       0.0    0.0      0.0
  SINCE JUN 1      0.0                       0.0    0.0      0.0
  SINCE JUL 1      0.0                       0.0    0.0      0.0
  SNOW DEPTH       0

DEGREE DAYS
 HEATING
  YESTERDAY        0                         0      0        0
  MONTH TO DATE    0                         0      0        0
  SINCE JUN 1      0                         6     -6        1
  SINCE JUL 1      0                         0      0        0

 COOLING
  YESTERDAY       14                        12      2       12
  MONTH TO DATE  223                       243    -20      198
  SINCE JUN 1    880                       944    -64      845
  SINCE JAN 1   1091                      1079     12     1016
..................................................................


WIND (MPH)
  HIGHEST WIND SPEED    18   HIGHEST WIND DIRECTION     N (340)
  HIGHEST GUST SPEED    26   HIGHEST GUST DIRECTION    NW (330)
  AVERAGE WIND SPEED     3.9


SKY COVER
  AVERAGE SKY COVER 0.0


WEATHER CONDITIONS
 THE FOLLOWING WEATHER WAS RECORDED YESTERDAY.
  FOG


RELATIVE HUMIDITY (PERCENT)
 HIGHEST    97
 LOWEST     55
 AVERAGE    76

..........................................................


THE EVANSVILLE IN CLIMATE NORMALS FOR TODAY
                         NORMAL    RECORD    YEAR
 MAXIMUM TEMPERATURE (F)   88       101      1983
 MINIMUM TEMPERATURE (F)   65        49      1950


SUNRISE AND SUNSET
AUGUST 21 2014........SUNRISE   610 AM CDT   SUNSET   735 PM CDT
AUGUST 22 2014........SUNRISE   611 AM CDT   SUNSET   734 PM CDT


-  INDICATES NEGATIVE NUMBERS.
R  INDICATES RECORD WAS SET OR TIED.
MM INDICATES DATA IS MISSING.
T  INDICATES TRACE AMOUNT.




$$
