000
CDUS43 KPAH 110635
CLIEVV


CLIMATE REPORT
NATIONAL WEATHER SERVICE PADUCAH KY
132 AM CDT MON MAY 11 2015


...................................

...THE EVANSVILLE IN CLIMATE SUMMARY FOR MAY 10 2015...

CLIMATE NORMAL PERIOD 1981 TO 2010
CLIMATE RECORD PERIOD 1896 TO 2015


WEATHER ITEM   OBSERVED TIME   RECORD YEAR NORMAL DEPARTURE LAST
                VALUE   (LST)  VALUE       VALUE  FROM      YEAR
                                                  NORMAL
..................................................................
TEMPERATURE (F)
 YESTERDAY
  MAXIMUM         86    300 PM  88    1979  75     11       79
                                      1936
                                      1922
  MINIMUM         66   1155 PM  31    1966  53     13       64
  AVERAGE         76                        64     12       72

PRECIPITATION (IN)
  YESTERDAY        0.26          1.96 1970   0.17   0.09     0.05
  MONTH TO DATE    1.01                      1.72  -0.71     1.08
  SINCE MAR 1     14.48                     10.33   4.15    14.90
  SINCE JAN 1     20.01                     16.60   3.41    18.85

SNOWFALL (IN)
  YESTERDAY        0.0                       0.0    0.0      0.0
  MONTH TO DATE    0.0                       0.0    0.0      0.0
  SINCE MAR 1      8.5                       1.1    7.4      2.6
  SINCE JUL 1     18.5                      11.8    6.7     12.6
  SNOW DEPTH       0

DEGREE DAYS
 HEATING
  YESTERDAY        0                         4     -4        0
  MONTH TO DATE   12                        43    -31       32
  SINCE MAR 1    827                       924    -97      958
  SINCE JUL 1   4663                      4498    165     4920

 COOLING
  YESTERDAY       11                         2      9        7
  MONTH TO DATE   62                        17     45       48
  SINCE MAR 1     90                        44     46       58
  SINCE JAN 1     90                        44     46       58
..................................................................


WIND (MPH)
  HIGHEST WIND SPEED    29   HIGHEST WIND DIRECTION     W (270)
  HIGHEST GUST SPEED    40   HIGHEST GUST DIRECTION     W (260)
  AVERAGE WIND SPEED     6.8


SKY COVER
  AVERAGE SKY COVER 0.5


WEATHER CONDITIONS
 THE FOLLOWING WEATHER WAS RECORDED YESTERDAY.
  THUNDERSTORM
  HEAVY RAIN
  RAIN
  LIGHT RAIN
  FOG
  HAZE


RELATIVE HUMIDITY (PERCENT)
 HIGHEST    93
 LOWEST     48
 AVERAGE    71

..........................................................


THE EVANSVILLE IN CLIMATE NORMALS FOR TODAY
                         NORMAL    RECORD    YEAR
 MAXIMUM TEMPERATURE (F)   75        88      2005
                                             2000
 MINIMUM TEMPERATURE (F)   53        36      1945


SUNRISE AND SUNSET
MAY 11 2015...........SUNRISE   544 AM CDT   SUNSET   750 PM CDT
MAY 12 2015...........SUNRISE   543 AM CDT   SUNSET   751 PM CDT


-  INDICATES NEGATIVE NUMBERS.
R  INDICATES RECORD WAS SET OR TIED.
MM INDICATES DATA IS MISSING.
T  INDICATES TRACE AMOUNT.




$$
