000
CDUS43 KPAH 082232
CLIEVV


CLIMATE REPORT
NATIONAL WEATHER SERVICE PADUCAH KY
430 PM CST MON DEC 8 2014


...................................

...THE EVANSVILLE IN CLIMATE SUMMARY FOR DECEMBER 8 2014...
VALID TODAY AS OF 0400 PM LOCAL TIME.

CLIMATE NORMAL PERIOD 1981 TO 2010
CLIMATE RECORD PERIOD 1896 TO 2014


WEATHER ITEM   OBSERVED TIME   RECORD YEAR NORMAL DEPARTURE LAST
                VALUE   (LST)  VALUE       VALUE  FROM      YEAR
                                                  NORMAL
..................................................................
TEMPERATURE (F)
 TODAY
  MAXIMUM         50    226 PM  69    1966  46      4       33
  MINIMUM         33    648 AM   1    1917  29      4       22
  AVERAGE         42                        37      5       28

PRECIPITATION (IN)
  TODAY            T             1.67 1972   0.14  -0.14     0.02
  MONTH TO DATE    1.95                      1.06   0.89     1.92
  SINCE DEC 1      1.95                      1.06   0.89     1.92
  SINCE JAN 1     45.73                     42.61   3.12    48.17

SNOWFALL (IN)
  TODAY            0.0                                       0.0
  MONTH TO DATE    0.0                                       6.7
  SINCE JUL 1      2.4                                       6.7
  SNOW DEPTH       0

..................................................................


WIND (MPH)
  HIGHEST WIND SPEED    14   HIGHEST WIND DIRECTION    SW (210)
  HIGHEST GUST SPEED    19   HIGHEST GUST DIRECTION    SW (210)




..........................................................


THE EVANSVILLE IN CLIMATE NORMALS FOR TOMORROW
                         NORMAL    RECORD    YEAR
 MAXIMUM TEMPERATURE (F)   46        68      1897
 MINIMUM TEMPERATURE (F)   28        -5      1917


SUNRISE AND SUNSET
DECEMBER  8 2014......SUNRISE   654 AM CST   SUNSET   430 PM CST
DECEMBER  9 2014......SUNRISE   655 AM CST   SUNSET   430 PM CST


-  INDICATES NEGATIVE NUMBERS.
R  INDICATES RECORD WAS SET OR TIED.
MM INDICATES DATA IS MISSING.
T  INDICATES TRACE AMOUNT.




$$
