000
CDUS43 KPAH 080638
CLIEVV


CLIMATE REPORT
NATIONAL WEATHER SERVICE PADUCAH KY
134 AM CDT SUN OCT 8 2017


...................................

...THE EVANSVILLE IN CLIMATE SUMMARY FOR OCTOBER 7 2017...

CLIMATE NORMAL PERIOD 1981 TO 2010
CLIMATE RECORD PERIOD 1896 TO 2017


WEATHER ITEM   OBSERVED TIME   RECORD YEAR NORMAL DEPARTURE LAST
                VALUE   (LST)  VALUE       VALUE  FROM      YEAR
                                                  NORMAL
..................................................................
TEMPERATURE (F)
 YESTERDAY
  MAXIMUM         84   1157 AM  93    2007  73     11       88
  MINIMUM         66   1159 PM  29    1952  48     18       56
  AVERAGE         75                        60     15       72

PRECIPITATION (IN)
  YESTERDAY        0.13          2.15 1900   0.10   0.03     0.00
  MONTH TO DATE    0.13                      0.74  -0.61     0.34
  SINCE SEP 1      3.37                      3.79  -0.42     4.35
  SINCE JAN 1     35.78                     34.71   1.07    42.81

SNOWFALL (IN)
  YESTERDAY        0.0           0.0  2002   0.0    0.0      0.0
                                      2001
  MONTH TO DATE    0.0                       0.0    0.0      0.0
  SINCE SEP 1      0.0                       0.0    0.0      0.0
  SINCE JUL 1      0.0                       0.0    0.0      0.0
  SNOW DEPTH       0

DEGREE DAYS
 HEATING
  YESTERDAY        0                         6     -6        0
  MONTH TO DATE    2                        38    -36        0
  SINCE SEP 1     17                        84    -67        9
  SINCE JUL 1     17                        85    -68        9

 COOLING
  YESTERDAY       10                         2      8        7
  MONTH TO DATE   52                        14     38       35
  SINCE SEP 1    250                       181     69      316
  SINCE JAN 1   1540                      1380    160     1702
..................................................................


WIND (MPH)
  HIGHEST WIND SPEED    23   HIGHEST WIND DIRECTION     S (200)
  HIGHEST GUST SPEED    30   HIGHEST GUST DIRECTION     S (200)
  AVERAGE WIND SPEED     9.9


SKY COVER
  AVERAGE SKY COVER 0.6


WEATHER CONDITIONS
 THE FOLLOWING WEATHER WAS RECORDED YESTERDAY.
  RAIN
  LIGHT RAIN
  FOG


RELATIVE HUMIDITY (PERCENT)
 HIGHEST    93
 LOWEST     55
 AVERAGE    74

..........................................................


THE EVANSVILLE IN CLIMATE NORMALS FOR TODAY
                         NORMAL    RECORD    YEAR
 MAXIMUM TEMPERATURE (F)   73        92      2007
 MINIMUM TEMPERATURE (F)   48        28      1987


SUNRISE AND SUNSET
OCTOBER  8 2017.......SUNRISE   652 AM CDT   SUNSET   622 PM CDT
OCTOBER  9 2017.......SUNRISE   653 AM CDT   SUNSET   621 PM CDT


-  INDICATES NEGATIVE NUMBERS.
R  INDICATES RECORD WAS SET OR TIED.
MM INDICATES DATA IS MISSING.
T  INDICATES TRACE AMOUNT.




$$
