000
CDUS43 KPAH 210629
CLIEVV


CLIMATE REPORT
NATIONAL WEATHER SERVICE PADUCAH KY
127 AM CDT SUN JUN 21 2015


...................................

...THE EVANSVILLE IN CLIMATE SUMMARY FOR JUNE 20 2015...

CLIMATE NORMAL PERIOD 1981 TO 2010
CLIMATE RECORD PERIOD 1896 TO 2015


WEATHER ITEM   OBSERVED TIME   RECORD YEAR NORMAL DEPARTURE LAST
                VALUE   (LST)  VALUE       VALUE  FROM      YEAR
                                                  NORMAL
..................................................................
TEMPERATURE (F)
 YESTERDAY
  MAXIMUM         83    405 PM 101    1953  87     -4       92
  MINIMUM         72    942 PM  48    1980  65      7       74
  AVERAGE         78                        76      2       83

PRECIPITATION (IN)
  YESTERDAY        0.59          1.58 1950   0.12   0.47     0.00
  MONTH TO DATE    6.81                      2.66   4.15     2.56
  SINCE JUN 1      6.81                      2.66   4.15     2.56
  SINCE JAN 1     29.25                     22.90   6.35    24.05

SNOWFALL (IN)
  YESTERDAY        0.0          MM      MM   0.0    0.0      0.0
  MONTH TO DATE    0.0                       0.0    0.0      0.0
  SINCE JUN 1      0.0                       0.0    0.0      0.0
  SINCE JUL 1     18.5                      11.8    6.7     12.6
  SNOW DEPTH       0

DEGREE DAYS
 HEATING
  YESTERDAY        0                         0      0        0
  MONTH TO DATE    7                         4      3        0
  SINCE JUN 1      7                         4      3        0
  SINCE JUL 1   4713                      4545    168     4980

 COOLING
  YESTERDAY       13                        11      2       18
  MONTH TO DATE  232                       177     55      212
  SINCE JUN 1    232                       177     55      212
  SINCE JAN 1    423                       312    111      423
..................................................................


WIND (MPH)
  HIGHEST WIND SPEED    17   HIGHEST WIND DIRECTION    SW (240)
  HIGHEST GUST SPEED    22   HIGHEST GUST DIRECTION     W (260)
  AVERAGE WIND SPEED     8.3


SKY COVER
  AVERAGE SKY COVER 0.8


WEATHER CONDITIONS
 THE FOLLOWING WEATHER WAS RECORDED YESTERDAY.
  HEAVY RAIN
  RAIN
  LIGHT RAIN
  FOG
  HAZE


RELATIVE HUMIDITY (PERCENT)
 HIGHEST   100
 LOWEST     65
 AVERAGE    83

..........................................................


THE EVANSVILLE IN CLIMATE NORMALS FOR TODAY
                         NORMAL    RECORD    YEAR
 MAXIMUM TEMPERATURE (F)   87        99      1988
                                             1933
 MINIMUM TEMPERATURE (F)   66        46      1992


SUNRISE AND SUNSET
JUNE 21 2015..........SUNRISE   528 AM CDT   SUNSET   816 PM CDT
JUNE 22 2015..........SUNRISE   528 AM CDT   SUNSET   816 PM CDT


-  INDICATES NEGATIVE NUMBERS.
R  INDICATES RECORD WAS SET OR TIED.
MM INDICATES DATA IS MISSING.
T  INDICATES TRACE AMOUNT.




$$
