000
CDUS43 KPAH 162130
CLIEVV


CLIMATE REPORT
NATIONAL WEATHER SERVICE PADUCAH KY
428 PM CDT TUE AUG 16 2016


...................................

...THE EVANSVILLE IN CLIMATE SUMMARY FOR AUGUST 16 2016...
VALID TODAY AS OF 0400 PM LOCAL TIME.

CLIMATE NORMAL PERIOD 1981 TO 2010
CLIMATE RECORD PERIOD 1896 TO 2016


WEATHER ITEM   OBSERVED TIME   RECORD YEAR NORMAL DEPARTURE LAST
                VALUE   (LST)  VALUE       VALUE  FROM      YEAR
                                                  NORMAL
..................................................................
TEMPERATURE (F)
 TODAY
  MAXIMUM         76    234 PM 100    1988  88    -12       91
  MINIMUM         73   1011 AM  49    1963  66      7       67
  AVERAGE         75                        77     -2       79

PRECIPITATION (IN)
  TODAY            0.23          1.06 1986   0.09   0.14     0.00
  MONTH TO DATE    2.67                      1.53   1.14     1.38
  SINCE JUN 1     16.24                      9.23   7.01    13.44
  SINCE JAN 1     37.99                     29.47   8.52    35.88

SNOWFALL (IN)
  TODAY            0.0                                       0.0
  MONTH TO DATE    0.0                                       0.0
  SINCE JUL 1      0.0                                       0.0
  SNOW DEPTH       0

..................................................................


WIND (MPH)
  HIGHEST WIND SPEED    15   HIGHEST WIND DIRECTION    SW (220)
  HIGHEST GUST SPEED    19   HIGHEST GUST DIRECTION    SW (210)




..........................................................


THE EVANSVILLE IN CLIMATE NORMALS FOR TOMORROW
                         NORMAL    RECORD    YEAR
 MAXIMUM TEMPERATURE (F)   88       102      1936
 MINIMUM TEMPERATURE (F)   66        52      1979


SUNRISE AND SUNSET
AUGUST 16 2016........SUNRISE   606 AM CDT   SUNSET   741 PM CDT
AUGUST 17 2016........SUNRISE   607 AM CDT   SUNSET   740 PM CDT


-  INDICATES NEGATIVE NUMBERS.
R  INDICATES RECORD WAS SET OR TIED.
MM INDICATES DATA IS MISSING.
T  INDICATES TRACE AMOUNT.




$$
