000
CDUS43 KPAH 180632
CLIEVV


CLIMATE REPORT
NATIONAL WEATHER SERVICE PADUCAH KY
131 AM CDT TUE APR 18 2017


...................................

...THE EVANSVILLE IN CLIMATE SUMMARY FOR APRIL 17 2017...

CLIMATE NORMAL PERIOD 1981 TO 2010
CLIMATE RECORD PERIOD 1896 TO 2017


WEATHER ITEM   OBSERVED TIME   RECORD YEAR NORMAL DEPARTURE LAST
                VALUE   (LST)  VALUE       VALUE  FROM      YEAR
                                                  NORMAL
..................................................................
TEMPERATURE (F)
 YESTERDAY
  MAXIMUM         71   1109 AM  88    1977  68      3       82
  MINIMUM         59    744 PM  28    1951  45     14       49
  AVERAGE         65                        57      8       66

PRECIPITATION (IN)
  YESTERDAY        0.01          1.67 1940   0.15  -0.14     0.00
  MONTH TO DATE    1.87                      2.32  -0.45     1.38
  SINCE MAR 1      5.72                      6.56  -0.84     7.25
  SINCE JAN 1      8.99                     12.83  -3.84    13.59

SNOWFALL (IN)
  YESTERDAY        0.0           0.4  1983   0.0    0.0      0.0
  MONTH TO DATE    0.0                       0.1   -0.1      0.0
  SINCE MAR 1      1.0                       1.1   -0.1       T
  SINCE JUL 1      1.4                      11.8  -10.4     14.2
  SNOW DEPTH       0

DEGREE DAYS
 HEATING
  YESTERDAY        0                         9     -9        0
  MONTH TO DATE   85                       196   -111      216
  SINCE MAR 1    583                       788   -205      621
  SINCE JUL 1   3282                      4362  -1080     3439

 COOLING
  YESTERDAY        0                         1     -1        1
  MONTH TO DATE   28                         9     19        1
  SINCE MAR 1     33                        12     21        2
  SINCE JAN 1     33                        12     21        2
..................................................................


WIND (MPH)
  HIGHEST WIND SPEED    12   HIGHEST WIND DIRECTION     E (80)
  HIGHEST GUST SPEED    15   HIGHEST GUST DIRECTION     E (100)
  AVERAGE WIND SPEED     5.1


SKY COVER
  AVERAGE SKY COVER 0.8


WEATHER CONDITIONS
 THE FOLLOWING WEATHER WAS RECORDED YESTERDAY.
  LIGHT RAIN
  FOG


RELATIVE HUMIDITY (PERCENT)
 HIGHEST    93
 LOWEST     60
 AVERAGE    77

..........................................................


THE EVANSVILLE IN CLIMATE NORMALS FOR TODAY
                         NORMAL    RECORD    YEAR
 MAXIMUM TEMPERATURE (F)   69        87      1971
 MINIMUM TEMPERATURE (F)   45        26      2001


SUNRISE AND SUNSET
APRIL 18 2017.........SUNRISE   610 AM CDT   SUNSET   729 PM CDT
APRIL 19 2017.........SUNRISE   609 AM CDT   SUNSET   730 PM CDT


-  INDICATES NEGATIVE NUMBERS.
R  INDICATES RECORD WAS SET OR TIED.
MM INDICATES DATA IS MISSING.
T  INDICATES TRACE AMOUNT.




$$
