000
CDUS43 KPAH 050632
CLIEVV


CLIMATE REPORT
NATIONAL WEATHER SERVICE PADUCAH KY
1229 AM CST WED NOV 5 2014


...................................

...THE EVANSVILLE IN CLIMATE SUMMARY FOR NOVEMBER 4 2014...

CLIMATE NORMAL PERIOD 1981 TO 2010
CLIMATE RECORD PERIOD 1896 TO 2014


WEATHER ITEM   OBSERVED TIME   RECORD YEAR NORMAL DEPARTURE LAST
                VALUE   (LST)  VALUE       VALUE  FROM      YEAR
                                                  NORMAL
..................................................................
TEMPERATURE (F)
 YESTERDAY
  MAXIMUM         59   1107 AM  82    1987  62     -3       61
  MINIMUM         50    647 AM  17    1991  40     10       38
  AVERAGE         55                        51      4       50

PRECIPITATION (IN)
  YESTERDAY        0.50          3.48 1988   0.13   0.37     0.01
  MONTH TO DATE    0.50                      0.52  -0.02     0.03
  SINCE SEP 1      7.25                      6.82   0.43     8.91
  SINCE JAN 1     41.43                     37.74   3.69    44.24

SNOWFALL (IN)
  YESTERDAY        0.0           T    1991   0.0    0.0      0.0
  MONTH TO DATE    0.0                       0.0    0.0       T
  SINCE SEP 1      0.0                       0.2   -0.2       T
  SINCE JUL 1      0.0                       0.2   -0.2       T
  SNOW DEPTH       0

DEGREE DAYS
 HEATING
  YESTERDAY       10                        14     -4       15
  MONTH TO DATE   73                        53     20       63
  SINCE SEP 1    327                       355    -28      322
  SINCE JUL 1    327                       356    -29      322

 COOLING
  YESTERDAY        0                         0      0        0
  MONTH TO DATE    0                         0      0        0
  SINCE SEP 1    197                       196      1      272
  SINCE JAN 1   1477                      1395     82     1464
..................................................................


WIND (MPH)
  HIGHEST WIND SPEED    22   HIGHEST WIND DIRECTION    SW (220)
  HIGHEST GUST SPEED    27   HIGHEST GUST DIRECTION    SW (230)
  AVERAGE WIND SPEED     8.2


SKY COVER
  AVERAGE SKY COVER 0.7


WEATHER CONDITIONS
 THE FOLLOWING WEATHER WAS RECORDED YESTERDAY.
  RAIN
  LIGHT RAIN
  FOG
  HAZE


RELATIVE HUMIDITY (PERCENT)
 HIGHEST   100
 LOWEST     41
 AVERAGE    71

..........................................................


THE EVANSVILLE IN CLIMATE NORMALS FOR TODAY
                         NORMAL    RECORD    YEAR
 MAXIMUM TEMPERATURE (F)   62        78      1975
                                             1916
 MINIMUM TEMPERATURE (F)   40        16      1991


SUNRISE AND SUNSET
NOVEMBER  5 2014......SUNRISE   620 AM CST   SUNSET   447 PM CST
NOVEMBER  6 2014......SUNRISE   621 AM CST   SUNSET   446 PM CST


-  INDICATES NEGATIVE NUMBERS.
R  INDICATES RECORD WAS SET OR TIED.
MM INDICATES DATA IS MISSING.
T  INDICATES TRACE AMOUNT.




$$
