000
CDUS43 KPAH 292227
CLIEVV


CLIMATE REPORT
NATIONAL WEATHER SERVICE PADUCAH KY
426 PM CST FRI JAN 29 2016


...................................

...THE EVANSVILLE IN CLIMATE SUMMARY FOR JANUARY 29 2016...
VALID TODAY AS OF 0400 PM LOCAL TIME.

CLIMATE NORMAL PERIOD 1981 TO 2010
CLIMATE RECORD PERIOD 1896 TO 2016


WEATHER ITEM   OBSERVED TIME   RECORD YEAR NORMAL DEPARTURE LAST
                VALUE   (LST)  VALUE       VALUE  FROM      YEAR
                                                  NORMAL
..................................................................
TEMPERATURE (F)
 TODAY
  MAXIMUM         47    254 PM  70    1975  42      5       54
  MINIMUM         28    711 AM  -8    1966  24      4       36
  AVERAGE         38                        33      5       45

PRECIPITATION (IN)
  TODAY            0.00          2.06 1939   0.11  -0.11     0.02
  MONTH TO DATE    2.00                      2.88  -0.88     2.97
  SINCE DEC 1      7.20                      6.64   0.56     6.40
  SINCE JAN 1      2.00                      2.88  -0.88     2.97

SNOWFALL (IN)
  TODAY            0.0                                       0.0
  MONTH TO DATE   10.9                                       0.2
  SINCE JUL 1     10.9                                       2.6
  SNOW DEPTH       0

..................................................................


WIND (MPH)
  HIGHEST WIND SPEED    10   HIGHEST WIND DIRECTION    SW (210)
  HIGHEST GUST SPEED    15   HIGHEST GUST DIRECTION    NW (320)




..........................................................


THE EVANSVILLE IN CLIMATE NORMALS FOR TOMORROW
                         NORMAL    RECORD    YEAR
 MAXIMUM TEMPERATURE (F)   42        69      1947
 MINIMUM TEMPERATURE (F)   24       -10      1978


SUNRISE AND SUNSET
JANUARY 29 2016.......SUNRISE   657 AM CST   SUNSET   509 PM CST
JANUARY 30 2016.......SUNRISE   657 AM CST   SUNSET   510 PM CST


-  INDICATES NEGATIVE NUMBERS.
R  INDICATES RECORD WAS SET OR TIED.
MM INDICATES DATA IS MISSING.
T  INDICATES TRACE AMOUNT.




$$
