000
CDUS43 KPAH 170631
CLIEVV


CLIMATE REPORT
NATIONAL WEATHER SERVICE PADUCAH KY
131 AM CDT WED SEP 17 2014


...................................

...THE EVANSVILLE IN CLIMATE SUMMARY FOR SEPTEMBER 16 2014...

CLIMATE NORMAL PERIOD 1981 TO 2010
CLIMATE RECORD PERIOD 1896 TO 2014


WEATHER ITEM   OBSERVED TIME   RECORD YEAR NORMAL DEPARTURE LAST
                VALUE   (LST)  VALUE       VALUE  FROM      YEAR
                                                  NORMAL
..................................................................
TEMPERATURE (F)
 YESTERDAY
  MAXIMUM         68    142 PM  97    1954  81    -13       80
                                      1897
  MINIMUM         50   1159 PM  42    1966  57     -7       60
  AVERAGE         59                        69    -10       70

PRECIPITATION (IN)
  YESTERDAY        T             1.72 1996   0.11  -0.11     0.10
  MONTH TO DATE    1.64                      1.63   0.01     1.30
  SINCE SEP 1      1.64                      1.63   0.01     1.30
  SINCE JAN 1     35.82                     32.55   3.27    36.63

SNOWFALL (IN)
  YESTERDAY        0.0           0.0    MM   0.0    0.0      0.0
  MONTH TO DATE    0.0                       0.0    0.0      0.0
  SINCE SEP 1      0.0                       0.0    0.0      0.0
  SINCE JUL 1      0.0                       0.0    0.0      0.0
  SNOW DEPTH       0

DEGREE DAYS
 HEATING
  YESTERDAY        6                         1      5        0
  MONTH TO DATE   21                         6     15        4
  SINCE SEP 1     21                         6     15        4
  SINCE JUL 1     21                         7     14        4

 COOLING
  YESTERDAY        0                         5     -5        5
  MONTH TO DATE  108                       118    -10      154
  SINCE SEP 1    108                       118    -10      154
  SINCE JAN 1   1388                      1317     71     1346
..................................................................


WIND (MPH)
  HIGHEST WIND SPEED    14   HIGHEST WIND DIRECTION    NW (330)
  HIGHEST GUST SPEED    19   HIGHEST GUST DIRECTION    NW (330)
  AVERAGE WIND SPEED     6.4


SKY COVER
  AVERAGE SKY COVER 0.8


WEATHER CONDITIONS
 THE FOLLOWING WEATHER WAS RECORDED YESTERDAY.
  LIGHT RAIN
  FOG


RELATIVE HUMIDITY (PERCENT)
 HIGHEST    93
 LOWEST     58
 AVERAGE    76

..........................................................


THE EVANSVILLE IN CLIMATE NORMALS FOR TODAY
                         NORMAL    RECORD    YEAR
 MAXIMUM TEMPERATURE (F)   81        96      1931
                                             1927
 MINIMUM TEMPERATURE (F)   56        44      1999
                                             1984
                                             1961


SUNRISE AND SUNSET
SEPTEMBER 17 2014.....SUNRISE   634 AM CDT   SUNSET   655 PM CDT
SEPTEMBER 18 2014.....SUNRISE   634 AM CDT   SUNSET   653 PM CDT


-  INDICATES NEGATIVE NUMBERS.
R  INDICATES RECORD WAS SET OR TIED.
MM INDICATES DATA IS MISSING.
T  INDICATES TRACE AMOUNT.




$$
