000
CDUS43 KPAH 250635
CLIEVV


CLIMATE REPORT
NATIONAL WEATHER SERVICE PADUCAH KY
1234 AM CST THU DEC 25 2014


...................................

...THE EVANSVILLE IN CLIMATE SUMMARY FOR DECEMBER 24 2014...

CLIMATE NORMAL PERIOD 1981 TO 2010
CLIMATE RECORD PERIOD 1896 TO 2014


WEATHER ITEM   OBSERVED TIME   RECORD YEAR NORMAL DEPARTURE LAST
                VALUE   (LST)  VALUE       VALUE  FROM      YEAR
                                                  NORMAL
..................................................................
TEMPERATURE (F)
 YESTERDAY
  MAXIMUM         47   1253 AM  69    1964  42      5       25
  MINIMUM         39   1103 PM -10    2004  25     14       14
  AVERAGE         43                        34      9       20

PRECIPITATION (IN)
  YESTERDAY        0.23          1.23 1903   0.12   0.11     0.00
  MONTH TO DATE    2.98                      2.99  -0.01     7.20
  SINCE DEC 1      2.98                      2.99  -0.01     7.20
  SINCE JAN 1     46.76                     44.54   2.22    53.45

SNOWFALL (IN)
  YESTERDAY        0.0           3.0  2010   0.1   -0.1      0.0
  MONTH TO DATE    T                         2.3   -2.3      7.2
  SINCE DEC 1      T                         2.3   -2.3      7.2
  SINCE JUL 1      2.4                       2.6   -0.2      7.2
  SNOW DEPTH       0

DEGREE DAYS
 HEATING
  YESTERDAY       22                        31     -9       45
  MONTH TO DATE  590                       689    -99      700
  SINCE DEC 1    590                       689    -99      700
  SINCE JUL 1   1593                      1550     43     1614

 COOLING
  YESTERDAY        0                         0      0        0
  MONTH TO DATE    0                         0      0        0
  SINCE DEC 1      0                         0      0        0
  SINCE JAN 1   1477                      1397     80     1464
..................................................................


WIND (MPH)
  HIGHEST WIND SPEED    18   HIGHEST WIND DIRECTION     W (260)
  HIGHEST GUST SPEED    24   HIGHEST GUST DIRECTION     W (250)
  AVERAGE WIND SPEED    10.8


SKY COVER
  AVERAGE SKY COVER 1.0


WEATHER CONDITIONS
 THE FOLLOWING WEATHER WAS RECORDED YESTERDAY.
  HEAVY RAIN
  RAIN
  LIGHT RAIN
  FOG


RELATIVE HUMIDITY (PERCENT)
 HIGHEST    93
 LOWEST     76
 AVERAGE    85

..........................................................


THE EVANSVILLE IN CLIMATE NORMALS FOR TODAY
                         NORMAL    RECORD    YEAR
 MAXIMUM TEMPERATURE (F)   42        68      1982
 MINIMUM TEMPERATURE (F)   25       -11      2004


SUNRISE AND SUNSET
DECEMBER 25 2014......SUNRISE   704 AM CST   SUNSET   436 PM CST
DECEMBER 26 2014......SUNRISE   705 AM CST   SUNSET   437 PM CST


-  INDICATES NEGATIVE NUMBERS.
R  INDICATES RECORD WAS SET OR TIED.
MM INDICATES DATA IS MISSING.
T  INDICATES TRACE AMOUNT.




$$
