000
CDUS43 KPAH 260636
CLIEVV


CLIMATE REPORT
NATIONAL WEATHER SERVICE PADUCAH KY
1234 AM CST MON JAN 26 2015


...................................

...THE EVANSVILLE IN CLIMATE SUMMARY FOR JANUARY 25 2015...

CLIMATE NORMAL PERIOD 1981 TO 2010
CLIMATE RECORD PERIOD 1896 TO 2015


WEATHER ITEM   OBSERVED TIME   RECORD YEAR NORMAL DEPARTURE LAST
                VALUE   (LST)  VALUE       VALUE  FROM      YEAR
                                                  NORMAL
..................................................................
TEMPERATURE (F)
 YESTERDAY
  MAXIMUM         44    624 AM  74    1950  41      3       46
  MINIMUM         33   1159 PM  -7    1963  24      9       24
  AVERAGE         39                        33      6       35

PRECIPITATION (IN)
  YESTERDAY        0.38          1.14 1976   0.10   0.28     0.01
  MONTH TO DATE    2.94                      2.46   0.48     1.67
  SINCE DEC 1      6.37                      6.22   0.15     9.00
  SINCE JAN 1      2.94                      2.46   0.48     1.67

SNOWFALL (IN)
  YESTERDAY        T             4.2  1978   0.1   -0.1       T
  MONTH TO DATE    0.1                       2.7   -2.6      0.6
  SINCE DEC 1      0.1                       5.9   -5.8      7.8
  SINCE JUL 1      2.5                       6.2   -3.7      7.8
  SNOW DEPTH       0

DEGREE DAYS
 HEATING
  YESTERDAY       26                        32     -6       30
  MONTH TO DATE  808                       818    -10      901
  SINCE DEC 1   1589                      1729   -140     1821
  SINCE JUL 1   2592                      2590      2     2735

 COOLING
  YESTERDAY        0                         0      0        0
  MONTH TO DATE    0                         0      0        0
  SINCE DEC 1      0                         0      0        0
  SINCE JAN 1      0                         0      0        0
..................................................................


WIND (MPH)
  HIGHEST WIND SPEED    22   HIGHEST WIND DIRECTION     N (350)
  HIGHEST GUST SPEED    30   HIGHEST GUST DIRECTION     N (360)
  AVERAGE WIND SPEED     8.2


SKY COVER
  AVERAGE SKY COVER 0.7


WEATHER CONDITIONS
 THE FOLLOWING WEATHER WAS RECORDED YESTERDAY.
  LIGHT RAIN
  LIGHT SNOW
  FOG


RELATIVE HUMIDITY (PERCENT)
 HIGHEST    92
 LOWEST     58
 AVERAGE    75

..........................................................


THE EVANSVILLE IN CLIMATE NORMALS FOR TODAY
                         NORMAL    RECORD    YEAR
 MAXIMUM TEMPERATURE (F)   41        71      1950
 MINIMUM TEMPERATURE (F)   24        -4      1940


SUNRISE AND SUNSET
JANUARY 26 2015.......SUNRISE   659 AM CST   SUNSET   506 PM CST
JANUARY 27 2015.......SUNRISE   659 AM CST   SUNSET   507 PM CST


-  INDICATES NEGATIVE NUMBERS.
R  INDICATES RECORD WAS SET OR TIED.
MM INDICATES DATA IS MISSING.
T  INDICATES TRACE AMOUNT.




$$
