000
CDUS43 KPAH 280633
CLIEVV


CLIMATE REPORT
NATIONAL WEATHER SERVICE PADUCAH KY
132 AM CDT FRI APR 28 2017


...................................

...THE EVANSVILLE IN CLIMATE SUMMARY FOR APRIL 27 2017...

CLIMATE NORMAL PERIOD 1981 TO 2010
CLIMATE RECORD PERIOD 1896 TO 2017


WEATHER ITEM   OBSERVED TIME   RECORD YEAR NORMAL DEPARTURE LAST
                VALUE   (LST)  VALUE       VALUE  FROM      YEAR
                                                  NORMAL
..................................................................
TEMPERATURE (F)
 YESTERDAY
  MAXIMUM         63    321 AM  91    1989  71     -8       71
  MINIMUM         48   1008 PM  32    1946  48      0       57
  AVERAGE         56                        60     -4       64

PRECIPITATION (IN)
  YESTERDAY        0.12          1.66 2016   0.16  -0.04     1.66
  MONTH TO DATE    3.52                      3.88  -0.36     5.09
  SINCE MAR 1      7.37                      8.12  -0.75    10.96
  SINCE JAN 1     10.64                     14.39  -3.75    17.30

SNOWFALL (IN)
  YESTERDAY        0.0           0.0  2002   0.0    0.0      0.0
                                      2001
  MONTH TO DATE    0.0                       0.1   -0.1      0.0
  SINCE MAR 1      1.0                       1.1   -0.1       T
  SINCE JUL 1      1.4                      11.8  -10.4     14.2
  SNOW DEPTH       0

DEGREE DAYS
 HEATING
  YESTERDAY        9                         6      3        1
  MONTH TO DATE  119                       271   -152      234
  SINCE MAR 1    617                       863   -246      639
  SINCE JUL 1   3316                      4437  -1121     3457

 COOLING
  YESTERDAY        0                         1     -1        0
  MONTH TO DATE   56                        19     37       19
  SINCE MAR 1     61                        22     39       20
  SINCE JAN 1     61                        22     39       20
..................................................................


WIND (MPH)
  HIGHEST WIND SPEED    17   HIGHEST WIND DIRECTION     W (260)
  HIGHEST GUST SPEED    24   HIGHEST GUST DIRECTION     W (280)
  AVERAGE WIND SPEED     9.1


SKY COVER
  AVERAGE SKY COVER 0.7


WEATHER CONDITIONS
 THE FOLLOWING WEATHER WAS RECORDED YESTERDAY.
  LIGHT RAIN
  FOG


RELATIVE HUMIDITY (PERCENT)
 HIGHEST    93
 LOWEST     60
 AVERAGE    77

..........................................................


THE EVANSVILLE IN CLIMATE NORMALS FOR TODAY
                         NORMAL    RECORD    YEAR
 MAXIMUM TEMPERATURE (F)   72        87      1981
                                             1951
 MINIMUM TEMPERATURE (F)   49        35      1928


SUNRISE AND SUNSET
APRIL 28 2017.........SUNRISE   557 AM CDT   SUNSET   739 PM CDT
APRIL 29 2017.........SUNRISE   556 AM CDT   SUNSET   739 PM CDT


-  INDICATES NEGATIVE NUMBERS.
R  INDICATES RECORD WAS SET OR TIED.
MM INDICATES DATA IS MISSING.
T  INDICATES TRACE AMOUNT.




$$
