000
CDUS43 KPAH 010639
CLIEVV


CLIMATE REPORT
NATIONAL WEATHER SERVICE PADUCAH KY
136 AM CDT SUN MAY 1 2016


...................................

...THE EVANSVILLE IN CLIMATE SUMMARY FOR APRIL 30 2016...

CLIMATE NORMAL PERIOD 1981 TO 2010
CLIMATE RECORD PERIOD 1896 TO 2016


WEATHER ITEM   OBSERVED TIME   RECORD YEAR NORMAL DEPARTURE LAST
                VALUE   (LST)  VALUE       VALUE  FROM      YEAR
                                                  NORMAL
..................................................................
TEMPERATURE (F)
 YESTERDAY
  MAXIMUM         69    603 PM  89    1942  72     -3       68
  MINIMUM         58    734 AM  33    1988  49      9       47
                                      1969
  AVERAGE         64                        61      3       58

PRECIPITATION (IN)
  YESTERDAY        0.38          2.26 1983   0.17   0.21      T
  MONTH TO DATE    5.49                      4.37   1.12     6.62
  SINCE MAR 1     11.36                      8.61   2.75    13.47
  SINCE JAN 1     17.70                     14.88   2.82    19.00

SNOWFALL (IN)
  YESTERDAY        0.0                       0.0    0.0      0.0
  MONTH TO DATE    0.0                       0.1   -0.1      0.0
  SINCE MAR 1      T                         1.1   -1.1      8.5
  SINCE JUL 1     14.2                      11.8    2.4     18.5
  SNOW DEPTH       0

DEGREE DAYS
 HEATING
  YESTERDAY        1                         5     -4        7
  MONTH TO DATE  241                       288    -47      196
  SINCE MAR 1    646                       881   -235      815
  SINCE JUL 1   3464                      4455   -991     4651

 COOLING
  YESTERDAY        0                         1     -1        0
  MONTH TO DATE   21                        24     -3       28
  SINCE MAR 1     22                        27     -5       28
  SINCE JAN 1     22                        27     -5       28
..................................................................


WIND (MPH)
  HIGHEST WIND SPEED    14   HIGHEST WIND DIRECTION     E (80)
  HIGHEST GUST SPEED    17   HIGHEST GUST DIRECTION    SE (130)
  AVERAGE WIND SPEED     5.5


SKY COVER
  AVERAGE SKY COVER 0.7


WEATHER CONDITIONS
 THE FOLLOWING WEATHER WAS RECORDED YESTERDAY.
  THUNDERSTORM
  HEAVY RAIN
  RAIN
  LIGHT RAIN
  FOG


RELATIVE HUMIDITY (PERCENT)
 HIGHEST    93
 LOWEST     72
 AVERAGE    83

..........................................................


THE EVANSVILLE IN CLIMATE NORMALS FOR TODAY
                         NORMAL    RECORD    YEAR
 MAXIMUM TEMPERATURE (F)   73        90      1951
 MINIMUM TEMPERATURE (F)   50        28      1963


SUNRISE AND SUNSET
MAY  1 2016...........SUNRISE   553 AM CDT   SUNSET   742 PM CDT
MAY  2 2016...........SUNRISE   552 AM CDT   SUNSET   742 PM CDT


-  INDICATES NEGATIVE NUMBERS.
R  INDICATES RECORD WAS SET OR TIED.
MM INDICATES DATA IS MISSING.
T  INDICATES TRACE AMOUNT.




$$
