000
CDUS43 KPAH 290631
CLIEVV


CLIMATE REPORT
NATIONAL WEATHER SERVICE PADUCAH KY
127 AM CDT MON SEP 29 2014


...................................

...THE EVANSVILLE IN CLIMATE SUMMARY FOR SEPTEMBER 28 2014...

CLIMATE NORMAL PERIOD 1981 TO 2010
CLIMATE RECORD PERIOD 1896 TO 2014


WEATHER ITEM   OBSERVED TIME   RECORD YEAR NORMAL DEPARTURE LAST
                VALUE   (LST)  VALUE       VALUE  FROM      YEAR
                                                  NORMAL
..................................................................
TEMPERATURE (F)
 YESTERDAY
  MAXIMUM         86    401 PM  94    1939  76     10       84
  MINIMUM         63    643 AM  31    1942  51     12       57
  AVERAGE         75                        64     11       71

PRECIPITATION (IN)
  YESTERDAY        0.00          1.88 1974   0.11  -0.11     0.00
  MONTH TO DATE    2.55                      2.84  -0.29     2.25
  SINCE SEP 1      2.55                      2.84  -0.29     2.25
  SINCE JAN 1     36.73                     33.76   2.97    37.58

SNOWFALL (IN)
  YESTERDAY        0.0                       0.0    0.0      0.0
  MONTH TO DATE    0.0                       0.0    0.0      0.0
  SINCE SEP 1      0.0                       0.0    0.0      0.0
  SINCE JUL 1      0.0                       0.0    0.0      0.0
  SNOW DEPTH       0

DEGREE DAYS
 HEATING
  YESTERDAY        0                         4     -4        0
  MONTH TO DATE   36                        37     -1       10
  SINCE SEP 1     36                        37     -1       10
  SINCE JUL 1     36                        38     -2       10

 COOLING
  YESTERDAY       10                         3      7        6
  MONTH TO DATE  147                       162    -15      209
  SINCE SEP 1    147                       162    -15      209
  SINCE JAN 1   1427                      1361     66     1401
..................................................................


WIND (MPH)
  HIGHEST WIND SPEED     7   HIGHEST WIND DIRECTION    SE (150)
  HIGHEST GUST SPEED     9   HIGHEST GUST DIRECTION    SE (130)
  AVERAGE WIND SPEED     1.8


SKY COVER
  AVERAGE SKY COVER 0.3


WEATHER CONDITIONS
 THE FOLLOWING WEATHER WAS RECORDED YESTERDAY.
  NO SIGNIFICANT WEATHER WAS OBSERVED.


RELATIVE HUMIDITY (PERCENT)
 HIGHEST    93
 LOWEST     40
 AVERAGE    67

..........................................................


THE EVANSVILLE IN CLIMATE NORMALS FOR TODAY
                         NORMAL    RECORD    YEAR
 MAXIMUM TEMPERATURE (F)   76        99      1953
 MINIMUM TEMPERATURE (F)   51        31      1942


SUNRISE AND SUNSET
SEPTEMBER 29 2014.....SUNRISE   644 AM CDT   SUNSET   636 PM CDT
SEPTEMBER 30 2014.....SUNRISE   645 AM CDT   SUNSET   635 PM CDT


-  INDICATES NEGATIVE NUMBERS.
R  INDICATES RECORD WAS SET OR TIED.
MM INDICATES DATA IS MISSING.
T  INDICATES TRACE AMOUNT.




$$
