000
CDUS43 KPAH 120643
CLIEVV


CLIMATE REPORT
NATIONAL WEATHER SERVICE PADUCAH KY
1240 AM CST FRI FEB 12 2016


...................................

...THE EVANSVILLE IN CLIMATE SUMMARY FOR FEBRUARY 11 2016...

CLIMATE NORMAL PERIOD 1981 TO 2010
CLIMATE RECORD PERIOD 1896 TO 2016


WEATHER ITEM   OBSERVED TIME   RECORD YEAR NORMAL DEPARTURE LAST
                VALUE   (LST)  VALUE       VALUE  FROM      YEAR
                                                  NORMAL
..................................................................
TEMPERATURE (F)
 YESTERDAY
  MAXIMUM         34    342 PM  75    1999  45    -11       51
  MINIMUM         24    823 AM   1    1955  26     -2       26
                                      1899
  AVERAGE         29                        35     -6       39

PRECIPITATION (IN)
  YESTERDAY        0.00          1.02 2009   0.12  -0.12     0.00
  MONTH TO DATE    1.92                      1.29   0.63     0.67
  SINCE DEC 1      9.12                      8.15   0.97     7.07
  SINCE JAN 1      3.92                      4.39  -0.47     3.64

SNOWFALL (IN)
  YESTERDAY        0.0           6.2  1985   0.1   -0.1      0.0
  MONTH TO DATE    0.9                       1.6   -0.7      0.2
  SINCE DEC 1     11.8                       8.2    3.6      0.4
  SINCE JUL 1     11.8                       8.5    3.3      2.8
  SNOW DEPTH       T

DEGREE DAYS
 HEATING
  YESTERDAY       36                        30      6       26
  MONTH TO DATE  299                       338    -39      311
  SINCE DEC 1   1780                      2256   -476     2075
  SINCE JUL 1   2389                      3117   -728     3078

 COOLING
  YESTERDAY        0                         0      0        0
  MONTH TO DATE    0                         0      0        0
  SINCE DEC 1      3                         0      3        0
  SINCE JAN 1      0                         0      0        0
..................................................................


WIND (MPH)
  HIGHEST WIND SPEED    10   HIGHEST WIND DIRECTION     N (360)
  HIGHEST GUST SPEED    14   HIGHEST GUST DIRECTION     N (360)
  AVERAGE WIND SPEED     5.7


SKY COVER
  AVERAGE SKY COVER 0.7


WEATHER CONDITIONS
 THE FOLLOWING WEATHER WAS RECORDED YESTERDAY.
  NO SIGNIFICANT WEATHER WAS OBSERVED.


RELATIVE HUMIDITY (PERCENT)
 HIGHEST    74
 LOWEST     38
 AVERAGE    56

..........................................................


THE EVANSVILLE IN CLIMATE NORMALS FOR TODAY
                         NORMAL    RECORD    YEAR
 MAXIMUM TEMPERATURE (F)   45        72      1938
 MINIMUM TEMPERATURE (F)   26       -11      1899


SUNRISE AND SUNSET
FEBRUARY 12 2016......SUNRISE   644 AM CST   SUNSET   525 PM CST
FEBRUARY 13 2016......SUNRISE   643 AM CST   SUNSET   526 PM CST


-  INDICATES NEGATIVE NUMBERS.
R  INDICATES RECORD WAS SET OR TIED.
MM INDICATES DATA IS MISSING.
T  INDICATES TRACE AMOUNT.




$$
