000
CDUS43 KPAH 292142
CLIEVV


CLIMATE REPORT
NATIONAL WEATHER SERVICE PADUCAH KY
441 PM CDT TUE JUL 29 2014


...................................

...THE EVANSVILLE IN CLIMATE SUMMARY FOR JULY 29 2014...
VALID TODAY AS OF 0400 PM LOCAL TIME.

CLIMATE NORMAL PERIOD 1981 TO 2010
CLIMATE RECORD PERIOD 1896 TO 2014


WEATHER ITEM   OBSERVED TIME   RECORD YEAR NORMAL DEPARTURE LAST
                VALUE   (LST)  VALUE       VALUE  FROM      YEAR
                                                  NORMAL
..................................................................
TEMPERATURE (F)
 TODAY
  MAXIMUM         79    259 PM  99    1940  88     -9       81
  MINIMUM         58    600 AM  55    1965  67     -9       58
  AVERAGE         69                        78     -9       70

PRECIPITATION (IN)
  TODAY            0.00          1.98 1977   0.11  -0.11     0.00
  MONTH TO DATE    4.02                      3.70   0.32     2.89
  SINCE JUN 1      7.89                      7.48   0.41    10.44
  SINCE JAN 1     29.38                     27.72   1.66    32.99

SNOWFALL (IN)
  TODAY            0.0                                       0.0
  MONTH TO DATE    0.0                                       0.0
  SINCE JUL 1      0.0                                       0.0
  SNOW DEPTH       0

..................................................................


WIND (MPH)
  HIGHEST WIND SPEED    14   HIGHEST WIND DIRECTION     W (280)
  HIGHEST GUST SPEED    19   HIGHEST GUST DIRECTION     W (290)




..........................................................


THE EVANSVILLE IN CLIMATE NORMALS FOR TOMORROW
                         NORMAL    RECORD    YEAR
 MAXIMUM TEMPERATURE (F)   88       101      1913
 MINIMUM TEMPERATURE (F)   67        51      1965


SUNRISE AND SUNSET
JULY 29 2014..........SUNRISE   550 AM CDT   SUNSET   802 PM CDT
JULY 30 2014..........SUNRISE   551 AM CDT   SUNSET   801 PM CDT


-  INDICATES NEGATIVE NUMBERS.
R  INDICATES RECORD WAS SET OR TIED.
MM INDICATES DATA IS MISSING.
T  INDICATES TRACE AMOUNT.




$$
