000
CDUS43 KPAH 210637
CLIEVV


CLIMATE REPORT
NATIONAL WEATHER SERVICE PADUCAH KY
136 AM CDT FRI AUG 21 2015


...................................

...THE EVANSVILLE IN CLIMATE SUMMARY FOR AUGUST 20 2015...

CLIMATE NORMAL PERIOD 1981 TO 2010
CLIMATE RECORD PERIOD 1896 TO 2015


WEATHER ITEM   OBSERVED TIME   RECORD YEAR NORMAL DEPARTURE LAST
                VALUE   (LST)  VALUE       VALUE  FROM      YEAR
                                                  NORMAL
..................................................................
TEMPERATURE (F)
 YESTERDAY
  MAXIMUM         80    224 PM 102    1983  88     -8       87
  MINIMUM         59    525 AM  50    1967  65     -6       70
  AVERAGE         70                        77     -7       79

PRECIPITATION (IN)
  YESTERDAY        T             3.16 1931   0.10  -0.10     0.00
  MONTH TO DATE    3.06                      1.94   1.12     3.92
  SINCE JUN 1     15.12                      9.64   5.48    11.81
  SINCE JAN 1     37.56                     29.88   7.68    33.30

SNOWFALL (IN)
  YESTERDAY        0.0           0.0  2002   0.0    0.0      0.0
                                      2001
  MONTH TO DATE    0.0                       0.0    0.0      0.0
  SINCE JUN 1      0.0                       0.0    0.0      0.0
  SINCE JUL 1      0.0                       0.0    0.0      0.0
  SNOW DEPTH       0

DEGREE DAYS
 HEATING
  YESTERDAY        0                         0      0        0
  MONTH TO DATE    0                         0      0        0
  SINCE JUN 1      7                         6      1        0
  SINCE JUL 1      0                         0      0        0

 COOLING
  YESTERDAY        5                        12     -7       14
  MONTH TO DATE  234                       243     -9      223
  SINCE JUN 1   1030                       944     86      880
  SINCE JAN 1   1221                      1079    142     1091
..................................................................


WIND (MPH)
  HIGHEST WIND SPEED    16   HIGHEST WIND DIRECTION     W (250)
  HIGHEST GUST SPEED    25   HIGHEST GUST DIRECTION     W (250)
  AVERAGE WIND SPEED     4.6


SKY COVER
  AVERAGE SKY COVER 0.2


WEATHER CONDITIONS
 THE FOLLOWING WEATHER WAS RECORDED YESTERDAY.
  LIGHT RAIN


RELATIVE HUMIDITY (PERCENT)
 HIGHEST    97
 LOWEST     42
 AVERAGE    70

..........................................................


THE EVANSVILLE IN CLIMATE NORMALS FOR TODAY
                         NORMAL    RECORD    YEAR
 MAXIMUM TEMPERATURE (F)   88       101      1983
 MINIMUM TEMPERATURE (F)   65        49      1950


SUNRISE AND SUNSET
AUGUST 21 2015........SUNRISE   610 AM CDT   SUNSET   736 PM CDT
AUGUST 22 2015........SUNRISE   611 AM CDT   SUNSET   734 PM CDT


-  INDICATES NEGATIVE NUMBERS.
R  INDICATES RECORD WAS SET OR TIED.
MM INDICATES DATA IS MISSING.
T  INDICATES TRACE AMOUNT.




$$
