000
CDUS43 KPAH 100631
CLIEVV


CLIMATE REPORT
NATIONAL WEATHER SERVICE PADUCAH KY
128 AM CDT SUN MAY 10 2015


...................................

...THE EVANSVILLE IN CLIMATE SUMMARY FOR MAY 9 2015...

CLIMATE NORMAL PERIOD 1981 TO 2010
CLIMATE RECORD PERIOD 1896 TO 2015


WEATHER ITEM   OBSERVED TIME   RECORD YEAR NORMAL DEPARTURE LAST
                VALUE   (LST)  VALUE       VALUE  FROM      YEAR
                                                  NORMAL
..................................................................
TEMPERATURE (F)
 YESTERDAY
  MAXIMUM         81    428 PM  90    1963  75      6       78
                                      1934
  MINIMUM         66    459 AM  34    1980  52     14       62
  AVERAGE         74                        64     10       70

PRECIPITATION (IN)
  YESTERDAY        0.53          1.82 1949   0.18   0.35     1.03
  MONTH TO DATE    0.75                      1.55  -0.80     1.03
  SINCE MAR 1     14.22                     10.16   4.06    14.85
  SINCE JAN 1     19.75                     16.43   3.32    18.80

SNOWFALL (IN)
  YESTERDAY        0.0           T    1993   0.0    0.0      0.0
  MONTH TO DATE    0.0                       0.0    0.0      0.0
  SINCE MAR 1      8.5                       1.1    7.4      2.6
  SINCE JUL 1     18.5                      11.8    6.7     12.6
  SNOW DEPTH       0

DEGREE DAYS
 HEATING
  YESTERDAY        0                         4     -4        0
  MONTH TO DATE   12                        39    -27       32
  SINCE MAR 1    827                       920    -93      958
  SINCE JUL 1   4663                      4494    169     4920

 COOLING
  YESTERDAY        9                         2      7        5
  MONTH TO DATE   51                        15     36       41
  SINCE MAR 1     79                        42     37       51
  SINCE JAN 1     79                        42     37       51
..................................................................


WIND (MPH)
  HIGHEST WIND SPEED    18   HIGHEST WIND DIRECTION    SW (210)
  HIGHEST GUST SPEED    25   HIGHEST GUST DIRECTION    SW (210)
  AVERAGE WIND SPEED     4.3


SKY COVER
  AVERAGE SKY COVER 0.6


WEATHER CONDITIONS
 THE FOLLOWING WEATHER WAS RECORDED YESTERDAY.
  THUNDERSTORM
  HEAVY RAIN
  LIGHT RAIN
  FOG
  HAZE


RELATIVE HUMIDITY (PERCENT)
 HIGHEST    93
 LOWEST     54
 AVERAGE    74

..........................................................


THE EVANSVILLE IN CLIMATE NORMALS FOR TODAY
                         NORMAL    RECORD    YEAR
 MAXIMUM TEMPERATURE (F)   75        88      1979
                                             1936
                                             1922
 MINIMUM TEMPERATURE (F)   53        31      1966


SUNRISE AND SUNSET
MAY 10 2015...........SUNRISE   544 AM CDT   SUNSET   749 PM CDT
MAY 11 2015...........SUNRISE   544 AM CDT   SUNSET   750 PM CDT


-  INDICATES NEGATIVE NUMBERS.
R  INDICATES RECORD WAS SET OR TIED.
MM INDICATES DATA IS MISSING.
T  INDICATES TRACE AMOUNT.




$$
