000
CDUS43 KPAH 122128
CLIEVV


CLIMATE REPORT
NATIONAL WEATHER SERVICE PADUCAH KY
425 PM CDT WED APR 12 2017

...................................

...THE EVANSVILLE IN CLIMATE SUMMARY FOR APRIL 12 2017...
VALID TODAY AS OF 0400 PM LOCAL TIME.

CLIMATE NORMAL PERIOD 1981 TO 2010
CLIMATE RECORD PERIOD 1896 TO 2017

WEATHER ITEM   OBSERVED TIME   RECORD YEAR NORMAL DEPARTURE LAST
                VALUE   (LST)  VALUE       VALUE  FROM      YEAR
                                                  NORMAL
..................................................................
TEMPERATURE (F)
 TODAY
  MAXIMUM         77    250 PM  86    1930  67     10       59
  MINIMUM         45    534 AM  27    1940  43      2       34
                                      1939
  AVERAGE         61                        55      6       47

PRECIPITATION (IN)
  TODAY            0.00          2.21 1948   0.13  -0.13     0.00
  MONTH TO DATE    0.30                      1.61  -1.31     1.38
  SINCE MAR 1      4.15                      5.85  -1.70     7.25
  SINCE JAN 1      7.42                     12.12  -4.70    13.59

SNOWFALL (IN)
  TODAY            0.0                                       0.0
  MONTH TO DATE    0.0                                       0.0
  SINCE JUL 1      1.4                                      14.2
  SNOW DEPTH       0
..................................................................

WIND (MPH)
  HIGHEST WIND SPEED    12   HIGHEST WIND DIRECTION     E (80)
  HIGHEST GUST SPEED    15   HIGHEST GUST DIRECTION     E (70)
..........................................................

THE EVANSVILLE IN CLIMATE NORMALS FOR TOMORROW
                         NORMAL    RECORD    YEAR
 MAXIMUM TEMPERATURE (F)   67        86      1977
 MINIMUM TEMPERATURE (F)   44        26      1957
                                             1950

SUNRISE AND SUNSET
APRIL 12 2017.........SUNRISE   619 AM CDT   SUNSET   724 PM CDT
APRIL 13 2017.........SUNRISE   617 AM CDT   SUNSET   725 PM CDT

-  INDICATES NEGATIVE NUMBERS.
R  INDICATES RECORD WAS SET OR TIED.
MM INDICATES DATA IS MISSING.
T  INDICATES TRACE AMOUNT.

$$
