000
CDUS43 KPAH 150645
CLIEVV


CLIMATE REPORT
NATIONAL WEATHER SERVICE PADUCAH KY
1245 AM CST THU JAN 15 2015


...................................

...THE EVANSVILLE IN CLIMATE SUMMARY FOR JANUARY 14 2015...

CLIMATE NORMAL PERIOD 1981 TO 2010
CLIMATE RECORD PERIOD 1896 TO 2015


WEATHER ITEM   OBSERVED TIME   RECORD YEAR NORMAL DEPARTURE LAST
                VALUE   (LST)  VALUE       VALUE  FROM      YEAR
                                                  NORMAL
..................................................................
TEMPERATURE (F)
 YESTERDAY
  MAXIMUM         31    214 PM  68    1932  41    -10       55
  MINIMUM         21    520 AM  -6    1964  24     -3       26
  AVERAGE         26                        32     -6       41

PRECIPITATION (IN)
  YESTERDAY        0.00          2.79 1937   0.09  -0.09      T
  MONTH TO DATE    2.52                      1.37   1.15     1.55
  SINCE DEC 1      5.95                      5.13   0.82     8.88
  SINCE JAN 1      2.52                      1.37   1.15     1.55

SNOWFALL (IN)
  YESTERDAY        0.0           2.7  1968   0.1   -0.1      0.0
  MONTH TO DATE    0.1                       1.5   -1.4       T
  SINCE DEC 1      0.1                       4.7   -4.6      7.2
  SINCE JUL 1      2.5                       5.0   -2.5      7.2
  SNOW DEPTH       0

DEGREE DAYS
 HEATING
  YESTERDAY       39                        33      6       24
  MONTH TO DATE  515                       457     58      479
  SINCE DEC 1   1296                      1368    -72     1399
  SINCE JUL 1   2299                      2229     70     2313

 COOLING
  YESTERDAY        0                         0      0        0
  MONTH TO DATE    0                         0      0        0
  SINCE DEC 1      0                         0      0        0
  SINCE JAN 1      0                         0      0        0
..................................................................


WIND (MPH)
  HIGHEST WIND SPEED     8   HIGHEST WIND DIRECTION    SW (230)
  HIGHEST GUST SPEED    11   HIGHEST GUST DIRECTION     W (250)
  AVERAGE WIND SPEED     2.9


SKY COVER
  AVERAGE SKY COVER 1.0


WEATHER CONDITIONS
 THE FOLLOWING WEATHER WAS RECORDED YESTERDAY.
  NO SIGNIFICANT WEATHER WAS OBSERVED.


RELATIVE HUMIDITY (PERCENT)
 HIGHEST    84
 LOWEST     58
 AVERAGE    71

..........................................................


THE EVANSVILLE IN CLIMATE NORMALS FOR TODAY
                         NORMAL    RECORD    YEAR
 MAXIMUM TEMPERATURE (F)   41        70      1949
 MINIMUM TEMPERATURE (F)   24        -7      1979


SUNRISE AND SUNSET
JANUARY 15 2015.......SUNRISE   705 AM CST   SUNSET   454 PM CST
JANUARY 16 2015.......SUNRISE   705 AM CST   SUNSET   455 PM CST


-  INDICATES NEGATIVE NUMBERS.
R  INDICATES RECORD WAS SET OR TIED.
MM INDICATES DATA IS MISSING.
T  INDICATES TRACE AMOUNT.




$$
