000
CDUS43 KPAH 050628
CLIEVV


CLIMATE REPORT
NATIONAL WEATHER SERVICE PADUCAH KY
127 AM CDT TUE APR 5 2016

...................................

...THE EVANSVILLE IN CLIMATE SUMMARY FOR APRIL 4 2016...

CLIMATE NORMAL PERIOD 1981 TO 2010
CLIMATE RECORD PERIOD 1896 TO 2016

WEATHER ITEM   OBSERVED TIME   RECORD YEAR NORMAL DEPARTURE LAST
                VALUE   (LST)  VALUE       VALUE  FROM      YEAR
                                                  NORMAL
..................................................................
TEMPERATURE (F)
 YESTERDAY
  MAXIMUM         66   1102 AM  86    1934  64      2       57
  MINIMUM         35   1159 PM  26    1987  41     -6       38
  AVERAGE         51                        52     -1       48

PRECIPITATION (IN)
  YESTERDAY        T             1.13 1952   0.12  -0.12     0.00
  MONTH TO DATE    T                         0.53  -0.53     2.31
  SINCE MAR 1      5.87                      4.77   1.10     9.16
  SINCE JAN 1     12.21                     11.04   1.17    14.69

SNOWFALL (IN)
  YESTERDAY        0.0           0.0  2002   0.0    0.0      0.0
                                      2001
  MONTH TO DATE    0.0                       0.0    0.0      0.0
  SINCE MAR 1      T                         1.0   -1.0      8.5
  SINCE JUL 1     14.2                      11.7    2.5     18.5
  SNOW DEPTH       0

DEGREE DAYS
 HEATING
  YESTERDAY       14                        13      1       17
  MONTH TO DATE   59                        54      5       33
  SINCE MAR 1    464                       646   -182      652
  SINCE JUL 1   3282                      4220   -938     4488

 COOLING
  YESTERDAY        0                         0      0        0
  MONTH TO DATE    0                         0      0        1
  SINCE MAR 1      1                         3     -2        1
  SINCE JAN 1      1                         3     -2        1
..................................................................

WIND (MPH)
  HIGHEST WIND SPEED    20   HIGHEST WIND DIRECTION     N (340)
  HIGHEST GUST SPEED    27   HIGHEST GUST DIRECTION     N (340)
  AVERAGE WIND SPEED    13.0

SKY COVER
  AVERAGE SKY COVER 0.2

WEATHER CONDITIONS
 THE FOLLOWING WEATHER WAS RECORDED YESTERDAY.
  LIGHT RAIN

RELATIVE HUMIDITY (PERCENT)
 HIGHEST    70
 LOWEST     43
 AVERAGE    57
..........................................................

THE EVANSVILLE IN CLIMATE NORMALS FOR TODAY
                         NORMAL    RECORD    YEAR
 MAXIMUM TEMPERATURE (F)   64        87      1988
 MINIMUM TEMPERATURE (F)   41        24      1944

SUNRISE AND SUNSET
APRIL  5 2016.........SUNRISE   629 AM CDT   SUNSET   717 PM CDT
APRIL  6 2016.........SUNRISE   627 AM CDT   SUNSET   718 PM CDT

-  INDICATES NEGATIVE NUMBERS.
R  INDICATES RECORD WAS SET OR TIED.
MM INDICATES DATA IS MISSING.
T  INDICATES TRACE AMOUNT.

$$
