000
CDUS43 KPAH 250634
CLIEVV


CLIMATE REPORT
NATIONAL WEATHER SERVICE PADUCAH KY
130 AM CDT TUE MAR 25 2014


...................................

...THE EVANSVILLE IN CLIMATE SUMMARY FOR MARCH 24 2014...

CLIMATE NORMAL PERIOD 1981 TO 2010
CLIMATE RECORD PERIOD 1896 TO 2014


WEATHER ITEM   OBSERVED TIME   RECORD YEAR NORMAL DEPARTURE LAST
                VALUE   (LST)  VALUE       VALUE  FROM      YEAR
                                                  NORMAL
..................................................................
TEMPERATURE (F)
 YESTERDAY
  MAXIMUM         44    258 PM  87    1929  60    -16       47
  MINIMUM         25    548 AM   7    1974  38    -13       33
  AVERAGE         35                        49    -14       40

PRECIPITATION (IN)
  YESTERDAY        T             1.48 1978   0.15  -0.15     0.51
  MONTH TO DATE    1.35                      3.21  -1.86     3.79
  SINCE MAR 1      1.35                      3.21  -1.86     3.79
  SINCE JAN 1      5.30                      9.48  -4.18    13.32

SNOWFALL (IN)
  YESTERDAY        0.0           3.6  1990   0.0    0.0       T
  MONTH TO DATE    2.4                       0.9    1.5       T
  SINCE MAR 1      2.4                       0.9    1.5       T
  SINCE JUL 1     12.4                      11.6    0.8     12.3
  SNOW DEPTH       0

DEGREE DAYS
 HEATING
  YESTERDAY       30                        16     14       25
  MONTH TO DATE  571                       484     87      622
  SINCE MAR 1    571                       484     87      622
  SINCE JUL 1   4533                      4058    475     3985

 COOLING
  YESTERDAY        0                         0      0        0
  MONTH TO DATE    0                         0      0        0
  SINCE MAR 1      0                         0      0        0
  SINCE JAN 1      0                         0      0        0
..................................................................


WIND (MPH)
  HIGHEST WIND SPEED    20   HIGHEST WIND DIRECTION     N (360)
  HIGHEST GUST SPEED    25   HIGHEST GUST DIRECTION     N (360)
  AVERAGE WIND SPEED     6.4


SKY COVER
  AVERAGE SKY COVER 0.3


WEATHER CONDITIONS
 THE FOLLOWING WEATHER WAS RECORDED YESTERDAY.
  LIGHT SNOW
  FOG
  HAZE


RELATIVE HUMIDITY (PERCENT)
 HIGHEST    75
 LOWEST     28
 AVERAGE    52

..........................................................


THE EVANSVILLE IN CLIMATE NORMALS FOR TODAY
                         NORMAL    RECORD    YEAR
 MAXIMUM TEMPERATURE (F)   60        82      2007
                                             1929
                                             1907
 MINIMUM TEMPERATURE (F)   38        18      1974
                                             1955


SUNRISE AND SUNSET
MARCH 25 2014.........SUNRISE   646 AM CDT   SUNSET   707 PM CDT
MARCH 26 2014.........SUNRISE   644 AM CDT   SUNSET   708 PM CDT


-  INDICATES NEGATIVE NUMBERS.
R  INDICATES RECORD WAS SET OR TIED.
MM INDICATES DATA IS MISSING.
T  INDICATES TRACE AMOUNT.




$$
