624
CDUS43 KPAH 100636
CLIEVV


CLIMATE REPORT
NATIONAL WEATHER SERVICE PADUCAH KY
1235 AM CST TUE JAN 10 2017


...................................

...THE EVANSVILLE IN CLIMATE SUMMARY FOR JANUARY 9 2017...

CLIMATE NORMAL PERIOD 1981 TO 2010
CLIMATE RECORD PERIOD 1896 TO 2017


WEATHER ITEM   OBSERVED TIME   RECORD YEAR NORMAL DEPARTURE LAST
                VALUE   (LST)  VALUE       VALUE  FROM      YEAR
                                                  NORMAL
..................................................................
TEMPERATURE (F)
 YESTERDAY
  MAXIMUM         42   1159 PM  65    1963  41      1       53
  MINIMUM         23    638 AM  -4    1962  24     -1       32
  AVERAGE         33                        32      1       43

PRECIPITATION (IN)
  YESTERDAY        0.00          1.34 2016   0.09  -0.09     1.34
  MONTH TO DATE    0.25                      0.89  -0.64     1.37
  SINCE DEC 1      4.17                      4.65  -0.48     6.57
  SINCE JAN 1      0.25                      0.89  -0.64     1.37

SNOWFALL (IN)
  YESTERDAY        0.0           5.3  1977   0.1   -0.1      0.7
  MONTH TO DATE    0.4                       1.0   -0.6      0.7
  SINCE DEC 1      0.4                       4.2   -3.8      0.7
  SINCE JUL 1      0.4                       4.5   -4.1      0.7
  SNOW DEPTH       0

DEGREE DAYS
 HEATING
  YESTERDAY       32                        33     -1       22
  MONTH TO DATE  317                       292     25      244
  SINCE DEC 1   1217                      1203     14      773
  SINCE JUL 1   1747                      2064   -317     1382

 COOLING
  YESTERDAY        0                         0      0        0
  MONTH TO DATE    0                         0      0        0
  SINCE DEC 1      0                         0      0        3
  SINCE JAN 1      0                         0      0        0
..................................................................


WIND (MPH)
  HIGHEST WIND SPEED    20   HIGHEST WIND DIRECTION    SW (220)
  HIGHEST GUST SPEED    26   HIGHEST GUST DIRECTION    SW (210)
  AVERAGE WIND SPEED    11.5


SKY COVER
  AVERAGE SKY COVER 0.4


WEATHER CONDITIONS
 THE FOLLOWING WEATHER WAS RECORDED YESTERDAY.
  NO SIGNIFICANT WEATHER WAS OBSERVED.


RELATIVE HUMIDITY (PERCENT)
 HIGHEST    65
 LOWEST     39
 AVERAGE    52

..........................................................


THE EVANSVILLE IN CLIMATE NORMALS FOR TODAY
                         NORMAL    RECORD    YEAR
 MAXIMUM TEMPERATURE (F)   41        62      2013
                                             1975
                                             1950
 MINIMUM TEMPERATURE (F)   24       -11      1962


SUNRISE AND SUNSET
JANUARY 10 2017.......SUNRISE   706 AM CST   SUNSET   450 PM CST
JANUARY 11 2017.......SUNRISE   706 AM CST   SUNSET   451 PM CST


-  INDICATES NEGATIVE NUMBERS.
R  INDICATES RECORD WAS SET OR TIED.
MM INDICATES DATA IS MISSING.
T  INDICATES TRACE AMOUNT.




$$
