000
CDUS43 KPAH 160631
CLIEVV


CLIMATE REPORT
NATIONAL WEATHER SERVICE PADUCAH KY
128 AM CDT MON MAR 16 2015


...................................

...THE EVANSVILLE IN CLIMATE SUMMARY FOR MARCH 15 2015...

CLIMATE NORMAL PERIOD 1981 TO 2010
CLIMATE RECORD PERIOD 1896 TO 2015


WEATHER ITEM   OBSERVED TIME   RECORD YEAR NORMAL DEPARTURE LAST
                VALUE   (LST)  VALUE       VALUE  FROM      YEAR
                                                  NORMAL
..................................................................
TEMPERATURE (F)
 YESTERDAY
  MAXIMUM         65    428 PM  81    1995  56      9       66
  MINIMUM         37    626 AM  19    1969  35      2       33
  AVERAGE         51                        46      5       50

PRECIPITATION (IN)
  YESTERDAY        0.00          1.93 1984   0.13  -0.13     0.00
  MONTH TO DATE    5.64                      1.89   3.75     1.02
  SINCE MAR 1      5.64                      1.89   3.75     1.02
  SINCE JAN 1     11.17                      8.16   3.01     4.97

SNOWFALL (IN)
  YESTERDAY        0.0           0.7  1949   0.0    0.0      0.0
  MONTH TO DATE    8.5                       0.7    7.8      2.2
  SINCE MAR 1      8.5                       0.7    7.8      2.2
  SINCE JUL 1     18.5                      11.4    7.1     12.2
  SNOW DEPTH       0

DEGREE DAYS
 HEATING
  YESTERDAY       14                        19     -5       15
  MONTH TO DATE  365                       325     40      373
  SINCE MAR 1    365                       325     40      373
  SINCE JUL 1   4201                      3899    302     4335

 COOLING
  YESTERDAY        0                         0      0        0
  MONTH TO DATE    0                         0      0        0
  SINCE MAR 1      0                         0      0        0
  SINCE JAN 1      0                         0      0        0
..................................................................


WIND (MPH)
  HIGHEST WIND SPEED    12   HIGHEST WIND DIRECTION    SW (210)
  HIGHEST GUST SPEED    15   HIGHEST GUST DIRECTION     S (200)
  AVERAGE WIND SPEED     3.9


SKY COVER
  AVERAGE SKY COVER 0.0


WEATHER CONDITIONS
 THE FOLLOWING WEATHER WAS RECORDED YESTERDAY.
  NO SIGNIFICANT WEATHER WAS OBSERVED.


RELATIVE HUMIDITY (PERCENT)
 HIGHEST    92
 LOWEST     40
 AVERAGE    66

..........................................................


THE EVANSVILLE IN CLIMATE NORMALS FOR TODAY
                         NORMAL    RECORD    YEAR
 MAXIMUM TEMPERATURE (F)   57        83      1945
 MINIMUM TEMPERATURE (F)   35        14      1900


SUNRISE AND SUNSET
MARCH 16 2015.........SUNRISE   700 AM CDT   SUNSET   658 PM CDT
MARCH 17 2015.........SUNRISE   659 AM CDT   SUNSET   659 PM CDT


-  INDICATES NEGATIVE NUMBERS.
R  INDICATES RECORD WAS SET OR TIED.
MM INDICATES DATA IS MISSING.
T  INDICATES TRACE AMOUNT.




$$
