000
CDUS43 KPAH 170633
CLIEVV


CLIMATE REPORT
NATIONAL WEATHER SERVICE PADUCAH KY
1229 AM CST WED DEC 17 2014


...................................

...THE EVANSVILLE IN CLIMATE SUMMARY FOR DECEMBER 16 2014...

CLIMATE NORMAL PERIOD 1981 TO 2010
CLIMATE RECORD PERIOD 1896 TO 2014


WEATHER ITEM   OBSERVED TIME   RECORD YEAR NORMAL DEPARTURE LAST
                VALUE   (LST)  VALUE       VALUE  FROM      YEAR
                                                  NORMAL
..................................................................
TEMPERATURE (F)
 YESTERDAY
  MAXIMUM         54   1214 AM  69    1984  44     10       47
  MINIMUM         35   1159 PM  -6    1989  27      8       33
  AVERAGE         45                        35     10       40

PRECIPITATION (IN)
  YESTERDAY        0.03          2.65 1915   0.12  -0.09     0.00
  MONTH TO DATE    2.45                      2.05   0.40     2.69
  SINCE DEC 1      2.45                      2.05   0.40     2.69
  SINCE JAN 1     46.23                     43.60   2.63    48.94

SNOWFALL (IN)
  YESTERDAY        0.0           0.8  1996   0.1   -0.1      0.0
  MONTH TO DATE    0.0                       1.3   -1.3      7.2
  SINCE DEC 1      0.0                       1.3   -1.3      7.2
  SINCE JUL 1      2.4                       1.6    0.8      7.2
  SNOW DEPTH       0

DEGREE DAYS
 HEATING
  YESTERDAY       20                        30    -10       25
  MONTH TO DATE  378                       444    -66      498
  SINCE DEC 1    378                       444    -66      498
  SINCE JUL 1   1381                      1305     76     1412

 COOLING
  YESTERDAY        0                         0      0        0
  MONTH TO DATE    0                         0      0        0
  SINCE DEC 1      0                         0      0        0
  SINCE JAN 1   1477                      1397     80     1464
..................................................................


WIND (MPH)
  HIGHEST WIND SPEED    22   HIGHEST WIND DIRECTION    SW (240)
  HIGHEST GUST SPEED    28   HIGHEST GUST DIRECTION     W (270)
  AVERAGE WIND SPEED    12.4


SKY COVER
  AVERAGE SKY COVER 0.9


WEATHER CONDITIONS
 THE FOLLOWING WEATHER WAS RECORDED YESTERDAY.
  LIGHT RAIN
  FOG


RELATIVE HUMIDITY (PERCENT)
 HIGHEST    82
 LOWEST     70
 AVERAGE    76

..........................................................


THE EVANSVILLE IN CLIMATE NORMALS FOR TODAY
                         NORMAL    RECORD    YEAR
 MAXIMUM TEMPERATURE (F)   43        68      1984
 MINIMUM TEMPERATURE (F)   27        -3      1989


SUNRISE AND SUNSET
DECEMBER 17 2014......SUNRISE   700 AM CST   SUNSET   432 PM CST
DECEMBER 18 2014......SUNRISE   701 AM CST   SUNSET   433 PM CST


-  INDICATES NEGATIVE NUMBERS.
R  INDICATES RECORD WAS SET OR TIED.
MM INDICATES DATA IS MISSING.
T  INDICATES TRACE AMOUNT.




$$
