000
CDUS43 KPAH 010628
CLIEVV


CLIMATE REPORT
NATIONAL WEATHER SERVICE PADUCAH KY
127 AM CDT MON SEP 1 2014

...................................

...THE EVANSVILLE IN CLIMATE SUMMARY FOR AUGUST 31 2014...

CLIMATE NORMAL PERIOD 1981 TO 2010
CLIMATE RECORD PERIOD 1896 TO 2014

WEATHER ITEM   OBSERVED TIME   RECORD YEAR NORMAL DEPARTURE LAST
                VALUE   (LST)  VALUE       VALUE  FROM      YEAR
                                                  NORMAL
..................................................................
TEMPERATURE (F)
 YESTERDAY
  MAXIMUM         83    507 PM 100    1953  87     -4       97
                                      1951
  MINIMUM         72    159 AM  46    1946  63      9       69
  AVERAGE         78                        75      3       83

PRECIPITATION (IN)
  YESTERDAY        0.09          2.61 1950   0.10  -0.01     0.28
  MONTH TO DATE    4.80                      2.98   1.82     1.64
  SINCE JUN 1     12.69                     10.68   2.01    12.78
  SINCE JAN 1     34.18                     30.92   3.26    35.33

SNOWFALL (IN)
  YESTERDAY        0.0           0.0  2002   0.0    0.0      0.0
                                      2001
  MONTH TO DATE    0.0                       0.0    0.0      0.0
  SINCE JUN 1      0.0                       0.0    0.0      0.0
  SINCE JUL 1      0.0                       0.0    0.0      0.0
  SNOW DEPTH       0

DEGREE DAYS
 HEATING
  YESTERDAY        0                         0      0        0
  MONTH TO DATE    0                         0      0        0
  SINCE JUN 1      0                         7     -7        1
  SINCE JUL 1      0                         1     -1        0

 COOLING
  YESTERDAY       13                        10      3       18
  MONTH TO DATE  412                       363     49      374
  SINCE JUN 1   1069                      1064      5     1021
  SINCE JAN 1   1280                      1199     81     1192
..................................................................

WIND (MPH)
  HIGHEST WIND SPEED     8   HIGHEST WIND DIRECTION     S (190)
  HIGHEST GUST SPEED    11   HIGHEST GUST DIRECTION    SW (210)
  AVERAGE WIND SPEED     4.7

SKY COVER
  AVERAGE SKY COVER 0.7

WEATHER CONDITIONS
 THE FOLLOWING WEATHER WAS RECORDED YESTERDAY.
  RAIN
  LIGHT RAIN
  FOG
  HAZE

RELATIVE HUMIDITY (PERCENT)
 HIGHEST    93
 LOWEST     69
 AVERAGE    81
..........................................................

THE EVANSVILLE IN CLIMATE NORMALS FOR TODAY
                         NORMAL    RECORD    YEAR
 MAXIMUM TEMPERATURE (F)   86       101      1953
 MINIMUM TEMPERATURE (F)   63        46      1987

SUNRISE AND SUNSET
SEPTEMBER  1 2014.....SUNRISE   620 AM CDT   SUNSET   720 PM CDT
SEPTEMBER  2 2014.....SUNRISE   621 AM CDT   SUNSET   718 PM CDT

-  INDICATES NEGATIVE NUMBERS.
R  INDICATES RECORD WAS SET OR TIED.
MM INDICATES DATA IS MISSING.
T  INDICATES TRACE AMOUNT.

$$
