000
CDUS43 KPAH 200634
CLIEVV


CLIMATE REPORT
NATIONAL WEATHER SERVICE PADUCAH KY
130 AM CDT SAT SEP 20 2014


...................................

...THE EVANSVILLE IN CLIMATE SUMMARY FOR SEPTEMBER 19 2014...

CLIMATE NORMAL PERIOD 1981 TO 2010
CLIMATE RECORD PERIOD 1896 TO 2014


WEATHER ITEM   OBSERVED TIME   RECORD YEAR NORMAL DEPARTURE LAST
                VALUE   (LST)  VALUE       VALUE  FROM      YEAR
                                                  NORMAL
..................................................................
TEMPERATURE (F)
 YESTERDAY
  MAXIMUM         79    438 PM  97    1954  80     -1       88
                                      1925
  MINIMUM         54    439 AM  42    1901  55     -1       69
  AVERAGE         67                        68     -1       79

PRECIPITATION (IN)
  YESTERDAY        0.00          1.60 1970   0.10  -0.10     0.00
  MONTH TO DATE    1.64                      1.92  -0.28     1.50
  SINCE SEP 1      1.64                      1.92  -0.28     1.50
  SINCE JAN 1     35.82                     32.84   2.98    36.83

SNOWFALL (IN)
  YESTERDAY        0.0                       0.0    0.0      0.0
  MONTH TO DATE    0.0                       0.0    0.0      0.0
  SINCE SEP 1      0.0                       0.0    0.0      0.0
  SINCE JUL 1      0.0                       0.0    0.0      0.0
  SNOW DEPTH       0

DEGREE DAYS
 HEATING
  YESTERDAY        0                         2     -2        0
  MONTH TO DATE   27                        11     16        4
  SINCE SEP 1     27                        11     16        4
  SINCE JUL 1     27                        12     15        4

 COOLING
  YESTERDAY        2                         4     -2       14
  MONTH TO DATE  111                       132    -21      176
  SINCE SEP 1    111                       132    -21      176
  SINCE JAN 1   1391                      1331     60     1368
..................................................................


WIND (MPH)
  HIGHEST WIND SPEED    12   HIGHEST WIND DIRECTION     E (70)
  HIGHEST GUST SPEED    16   HIGHEST GUST DIRECTION     E (100)
  AVERAGE WIND SPEED     5.1


SKY COVER
  AVERAGE SKY COVER 0.0


WEATHER CONDITIONS
 THE FOLLOWING WEATHER WAS RECORDED YESTERDAY.
  NO SIGNIFICANT WEATHER WAS OBSERVED.


RELATIVE HUMIDITY (PERCENT)
 HIGHEST    90
 LOWEST     39
 AVERAGE    65

..........................................................


THE EVANSVILLE IN CLIMATE NORMALS FOR TODAY
                         NORMAL    RECORD    YEAR
 MAXIMUM TEMPERATURE (F)   80        95      1940
 MINIMUM TEMPERATURE (F)   55        38      1897


SUNRISE AND SUNSET
SEPTEMBER 20 2014.....SUNRISE   636 AM CDT   SUNSET   650 PM CDT
SEPTEMBER 21 2014.....SUNRISE   637 AM CDT   SUNSET   649 PM CDT


-  INDICATES NEGATIVE NUMBERS.
R  INDICATES RECORD WAS SET OR TIED.
MM INDICATES DATA IS MISSING.
T  INDICATES TRACE AMOUNT.




$$
